CREATE TABLE IF NOT EXISTS `inventory_movements` (
  `id` bigint(20) UNSIGNED NOT NULL AUTO_INCREMENT,
  `producto_id` bigint(20) UNSIGNED NOT NULL,
  `type` enum('ingreso','salida','devolucion','ajuste','venta','compra') NOT NULL,
  `quantity` int(11) NOT NULL,
  `quantity_before` int(11) NOT NULL,
  `quantity_after` int(11) NOT NULL,
  `unit_cost` decimal(10,2) DEFAULT NULL,
  `total_cost` decimal(10,2) DEFAULT NULL,
  `reference` varchar(255) DEFAULT NULL,
  `notes` text DEFAULT NULL,
  `user_id` bigint(20) UNSIGNED NOT NULL,
  `empresa_id` bigint(20) UNSIGNED NOT NULL,
  `sucursal_id` bigint(20) UNSIGNED DEFAULT NULL,
  `created_at` timestamp NULL DEFAULT NULL,
  `updated_at` timestamp NULL DEFAULT NULL,
  PRIMARY KEY (`id`),
  KEY `inventory_movements_user_id_foreign` (`user_id`),
  KEY `inventory_movements_empresa_id_foreign` (`empresa_id`),
  KEY `inventory_movements_sucursal_id_foreign` (`sucursal_id`),
  KEY `inventory_movements_producto_id_created_at_index` (`producto_id`,`created_at`),
  KEY `inventory_movements_type_created_at_index` (`type`,`created_at`)
) ENGINE=InnoDB AUTO_INCREMENT=146 DEFAULT CHARSET=utf8mb4 COLLATE=utf8mb4_unicode_ci;

--
-- Truncar tablas antes de insertar `inventory_movements`
--

TRUNCATE TABLE `inventory_movements`;
--
-- Volcado de datos para la tabla `inventory_movements`
--

INSERT INTO `inventory_movements` (`id`, `producto_id`, `type`, `quantity`, `quantity_before`, `quantity_after`, `unit_cost`, `total_cost`, `reference`, `notes`, `user_id`, `empresa_id`, `sucursal_id`, `created_at`, `updated_at`) VALUES
(1, 283, 'ingreso', 5000, 0, 5000, NULL, NULL, 'Creación producto: PROD-000283', 'Stock inicial del producto', 2, 1, 1, '2025-11-28 19:45:20', '2025-11-28 19:45:20'),
(2, 284, 'ingreso', 5000, 0, 5000, NULL, NULL, 'Creación producto: PROD-000284', 'Stock inicial del producto', 2, 1, 1, '2025-11-28 19:48:40', '2025-11-28 19:48:40'),
(3, 285, 'ingreso', 5000, 0, 5000, NULL, NULL, 'Creación producto: PROD-000285', 'Stock inicial del producto', 2, 1, 1, '2025-11-28 19:50:29', '2025-11-28 19:50:29'),
(4, 286, 'ingreso', 5000, 0, 5000, NULL, NULL, 'Creación producto: PROD-000286', 'Stock inicial del producto', 2, 1, 1, '2025-11-28 19:53:05', '2025-11-28 19:53:05'),
(5, 287, 'ingreso', 5000, 0, 5000, NULL, NULL, 'Creación producto: PROD-000287', 'Stock inicial del producto', 2, 1, 1, '2025-11-28 20:04:21', '2025-11-28 20:04:21'),
(6, 288, 'ingreso', 5000, 0, 5000, NULL, NULL, 'Actualización producto: PROD-000288', 'Incremento de stock', 2, 1, 1, '2025-12-02 12:52:55', '2025-12-02 12:52:55'),
(7, 131, 'ingreso', 4880, 120, 5000, NULL, NULL, 'Actualización producto: COC-34272', 'Incremento de stock', 2, 1, 1, '2025-12-06 00:02:24', '2025-12-06 00:02:24'),
(8, 191, 'ingreso', 4690, 310, 5000, NULL, NULL, 'Actualización producto: GLU-48302', 'Incremento de stock', 2, 1, 1, '2025-12-06 00:16:11', '2025-12-06 00:16:11'),
(9, 193, 'ingreso', 2710, 290, 3000, NULL, NULL, 'Actualización producto: GLU-12974', 'Incremento de stock', 2, 1, 1, '2025-12-06 00:21:46', '2025-12-06 00:21:46'),
(10, 194, 'ingreso', 4710, 290, 5000, NULL, NULL, 'Actualización producto: GLU-83887', 'Incremento de stock', 2, 1, 1, '2025-12-06 00:26:20', '2025-12-06 00:26:20'),
(11, 198, 'ingreso', 4750, 250, 5000, NULL, NULL, 'Actualización producto: GLU-61456', 'Incremento de stock', 2, 1, 1, '2025-12-06 00:32:16', '2025-12-06 00:32:16'),
(12, 199, 'ingreso', 4750, 250, 5000, NULL, NULL, 'Actualización producto: GLU-99931', 'Incremento de stock', 2, 1, 1, '2025-12-06 00:33:47', '2025-12-06 00:33:47'),
(13, 197, 'ingreso', 4750, 250, 5000, NULL, NULL, 'Actualización producto: GLU-99572', 'Incremento de stock', 2, 1, 1, '2025-12-06 00:48:30', '2025-12-06 00:48:30'),
(14, 296, 'ingreso', 4750, 250, 5000, NULL, NULL, 'Actualización producto: GLU-1764980583', 'Incremento de stock', 2, 1, 1, '2025-12-06 00:49:25', '2025-12-06 00:49:25'),
(15, 211, 'ingreso', 4590, 410, 5000, NULL, NULL, 'Actualización producto: REF-99399', 'Incremento de stock', 2, 1, 1, '2025-12-06 01:05:22', '2025-12-06 01:05:22'),
(16, 212, 'ingreso', 4590, 410, 5000, NULL, NULL, 'Actualización producto: REF-79830', 'Incremento de stock', 2, 1, 1, '2025-12-06 01:09:34', '2025-12-06 01:09:34'),
(17, 298, 'ingreso', 4940, 60, 5000, NULL, NULL, 'Actualización producto: MAL-38613-COPY-1764983520', 'Incremento de stock', 2, 1, 1, '2025-12-06 01:13:17', '2025-12-06 01:13:17'),
(18, 143, 'ingreso', 4970, 30, 5000, NULL, NULL, 'Actualización producto: MAL-17060', 'Incremento de stock', 2, 1, 1, '2025-12-06 01:13:43', '2025-12-06 01:13:43'),
(19, 145, 'ingreso', 2940, 60, 3000, NULL, NULL, 'Actualización producto: MAL-38613', 'Incremento de stock', 2, 1, 1, '2025-12-06 01:15:10', '2025-12-06 01:15:10'),
(20, 144, 'ingreso', 4975, 25, 5000, NULL, NULL, 'Actualización producto: MAL-35399', 'Incremento de stock', 2, 1, 1, '2025-12-06 01:19:27', '2025-12-06 01:19:27'),
(21, 208, 'ingreso', 4590, 410, 5000, NULL, NULL, 'Actualización producto: REF-76921', 'Incremento de stock', 2, 1, 1, '2025-12-06 01:23:35', '2025-12-06 01:23:35'),
(22, 205, 'ingreso', 4590, 410, 5000, NULL, NULL, 'Actualización producto: REF-55208', 'Incremento de stock', 2, 1, 1, '2025-12-06 01:24:25', '2025-12-06 01:24:25'),
(23, 206, 'ingreso', 4590, 410, 5000, NULL, NULL, 'Actualización producto: REF-45290', 'Incremento de stock', 2, 1, 1, '2025-12-06 01:24:47', '2025-12-06 01:24:47'),
(24, 204, 'ingreso', 4350, 650, 5000, NULL, NULL, 'Actualización producto: AGU-70819', 'Incremento de stock', 2, 1, 1, '2025-12-06 01:42:46', '2025-12-06 01:42:46'),
(25, 203, 'ingreso', 4350, 650, 5000, NULL, NULL, 'Actualización producto: AGU-80772', 'Incremento de stock', 2, 1, 1, '2025-12-06 01:45:03', '2025-12-06 01:45:03'),
(26, 151, 'ingreso', 4880, 120, 5000, NULL, NULL, 'Actualización producto: AGU-86352', 'Incremento de stock', 2, 1, 1, '2025-12-06 01:50:11', '2025-12-06 01:50:11'),
(27, 152, 'ingreso', 4900, 100, 5000, NULL, NULL, 'Actualización producto: AGU-29154', 'Incremento de stock', 2, 1, 1, '2025-12-06 01:53:09', '2025-12-06 01:53:09'),
(28, 137, 'ingreso', 4590, 410, 5000, NULL, NULL, 'Actualización producto: REF-58765', 'Incremento de stock', 2, 1, 1, '2025-12-06 02:01:24', '2025-12-06 02:01:24'),
(29, 147, 'ingreso', 4920, 80, 5000, NULL, NULL, 'Actualización producto: LEC-91426', 'Incremento de stock', 2, 1, 1, '2025-12-06 02:03:04', '2025-12-06 02:03:04'),
(30, 161, 'ingreso', 4985, 15, 5000, NULL, NULL, 'Actualización producto: FRU-88885', 'Incremento de stock', 2, 1, 1, '2025-12-06 02:04:37', '2025-12-06 02:04:37'),
(31, 162, 'ingreso', 4985, 15, 5000, NULL, NULL, 'Actualización producto: FRU-34704', 'Incremento de stock', 2, 1, 1, '2025-12-06 02:05:00', '2025-12-06 02:05:00'),
(32, 163, 'ingreso', 4940, 60, 5000, NULL, NULL, 'Actualización producto: FRU-33300', 'Incremento de stock', 2, 1, 1, '2025-12-06 02:07:44', '2025-12-06 02:07:44'),
(33, 164, 'ingreso', 4940, 60, 5000, NULL, NULL, 'Actualización producto: FRU-92534', 'Incremento de stock', 2, 1, 1, '2025-12-06 02:08:25', '2025-12-06 02:08:25'),
(34, 167, 'ingreso', 4920, 80, 5000, NULL, NULL, 'Actualización producto: FRU-69733', 'Incremento de stock', 2, 1, 1, '2025-12-06 02:15:04', '2025-12-06 02:15:04'),
(35, 171, 'ingreso', 4950, 50, 5000, NULL, NULL, 'Actualización producto: FRU-70191', 'Incremento de stock', 2, 1, 1, '2025-12-06 02:40:07', '2025-12-06 02:40:07'),
(36, 170, 'ingreso', 4950, 50, 5000, NULL, NULL, 'Actualización producto: FRU-51996', 'Incremento de stock', 2, 1, 1, '2025-12-06 02:40:49', '2025-12-06 02:40:49'),
(37, 172, 'ingreso', 4955, 45, 5000, NULL, NULL, 'Actualización producto: JUG-69863', 'Incremento de stock', 2, 1, 1, '2025-12-06 02:42:35', '2025-12-06 02:42:35'),
(38, 175, 'ingreso', 4940, 60, 5000, NULL, NULL, 'Actualización producto: JUC-59421', 'Incremento de stock', 2, 1, 1, '2025-12-06 02:47:52', '2025-12-06 02:47:52'),
(39, 176, 'ingreso', 4940, 60, 5000, NULL, NULL, 'Actualización producto: JUC-91999', 'Incremento de stock', 2, 1, 1, '2025-12-06 02:48:40', '2025-12-06 02:48:40'),
(40, 177, 'ingreso', 4935, 65, 5000, NULL, NULL, 'Actualización producto: NAT-54114', 'Incremento de stock', 2, 1, 1, '2025-12-06 02:49:33', '2025-12-06 02:49:33'),
(41, 178, 'ingreso', 4940, 60, 5000, NULL, NULL, 'Actualización producto: JUG-37861', 'Incremento de stock', 2, 1, 1, '2025-12-06 02:49:50', '2025-12-06 02:49:50'),
(42, 179, 'ingreso', 4940, 60, 5000, NULL, NULL, 'Actualización producto: JUG-16849', 'Incremento de stock', 2, 1, 1, '2025-12-06 02:50:14', '2025-12-06 02:50:14'),
(43, 180, 'ingreso', 4950, 50, 5000, NULL, NULL, 'Actualización producto: JUG-51918', 'Incremento de stock', 2, 1, 1, '2025-12-06 02:50:30', '2025-12-06 02:50:30'),
(44, 183, 'ingreso', 4950, 50, 5000, NULL, NULL, 'Actualización producto: JUG-25697', 'Incremento de stock', 2, 1, 1, '2025-12-06 02:51:29', '2025-12-06 02:51:29'),
(45, 304, 'ingreso', 4950, 50, 5000, NULL, NULL, 'Actualización producto: JUG-1764989533', 'Incremento de stock', 2, 1, 1, '2025-12-06 02:53:02', '2025-12-06 02:53:02'),
(46, 184, 'ingreso', 4935, 65, 5000, NULL, NULL, 'Actualización producto: JUG-91393', 'Incremento de stock', 2, 1, 1, '2025-12-06 02:55:47', '2025-12-06 02:55:47'),
(47, 305, 'ingreso', 4935, 65, 5000, NULL, NULL, 'Actualización producto: JUG-1764989708', 'Incremento de stock', 2, 1, 1, '2025-12-06 02:56:10', '2025-12-06 02:56:10'),
(48, 185, 'ingreso', 4930, 70, 5000, NULL, NULL, 'Actualización producto: JUG-78217', 'Incremento de stock', 2, 1, 1, '2025-12-06 03:05:01', '2025-12-06 03:05:01'),
(49, 186, 'ingreso', 4920, 80, 5000, NULL, NULL, 'Actualización producto: JUG-97813', 'Incremento de stock', 2, 1, 1, '2025-12-06 03:05:22', '2025-12-06 03:05:22'),
(50, 189, 'ingreso', 4975, 25, 5000, NULL, NULL, 'Actualización producto: JUG-72087', 'Incremento de stock', 2, 1, 1, '2025-12-06 03:06:50', '2025-12-06 03:06:50'),
(51, 190, 'ingreso', 4975, 25, 5000, NULL, NULL, 'Actualización producto: JUG-59168', 'Incremento de stock', 2, 1, 1, '2025-12-06 03:07:08', '2025-12-06 03:07:08'),
(52, 200, 'ingreso', 4900, 100, 5000, NULL, NULL, 'Actualización producto: GAT-95827', 'Incremento de stock', 2, 1, 1, '2025-12-06 03:07:38', '2025-12-06 03:07:38'),
(53, 201, 'ingreso', 4900, 100, 5000, NULL, NULL, 'Actualización producto: GAT-15871', 'Incremento de stock', 2, 1, 1, '2025-12-06 03:07:59', '2025-12-06 03:07:59'),
(54, 202, 'ingreso', 4900, 100, 5000, NULL, NULL, 'Actualización producto: GAT-78935', 'Incremento de stock', 2, 1, 1, '2025-12-06 03:08:16', '2025-12-06 03:08:16'),
(55, 290, 'ingreso', 4850, 150, 5000, NULL, NULL, 'Actualización producto: ARR-1764696933', 'Incremento de stock', 2, 1, 1, '2025-12-06 03:10:21', '2025-12-06 03:10:21'),
(56, 289, 'ingreso', 4850, 150, 5000, NULL, NULL, 'Actualización producto: ARR-1764696886', 'Incremento de stock', 2, 1, 1, '2025-12-06 03:10:44', '2025-12-06 03:10:44'),
(57, 16, 'ingreso', 4850, 150, 5000, NULL, NULL, 'Actualización producto: ARR-84693', 'Incremento de stock', 2, 1, 1, '2025-12-06 03:11:06', '2025-12-06 03:11:06'),
(58, 233, 'ingreso', 4950, 50, 5000, NULL, NULL, 'Actualización producto: SPE-33333', 'Incremento de stock', 2, 1, 1, '2025-12-06 03:11:34', '2025-12-06 03:11:34'),
(59, 20, 'ingreso', 4850, 150, 5000, NULL, NULL, 'Actualización producto: ARR-42242', 'Incremento de stock', 2, 1, 1, '2025-12-06 03:11:57', '2025-12-06 03:11:57'),
(60, 2, 'ingreso', 4800, 200, 5000, NULL, NULL, 'Actualización producto: HAR-59845', 'Incremento de stock', 2, 1, 1, '2025-12-06 03:12:36', '2025-12-06 03:12:36'),
(61, 41, 'ingreso', 4850, 150, 5000, NULL, NULL, 'Actualización producto: HAR-27341', 'Incremento de stock', 2, 1, 1, '2025-12-06 03:13:05', '2025-12-06 03:13:05'),
(62, 46, 'ingreso', 4900, 100, 5000, NULL, NULL, 'Actualización producto: CIG-88703', 'Incremento de stock', 2, 1, 1, '2025-12-06 23:46:22', '2025-12-06 23:46:22'),
(63, 44, 'ingreso', 4900, 100, 5000, NULL, NULL, 'Actualización producto: CIG-75268', 'Incremento de stock', 2, 1, 1, '2025-12-06 23:46:37', '2025-12-06 23:46:37'),
(64, 48, 'ingreso', 4900, 100, 5000, NULL, NULL, 'Actualización producto: CIG-53136', 'Incremento de stock', 2, 1, 1, '2025-12-06 23:47:50', '2025-12-06 23:47:50'),
(65, 51, 'ingreso', 4900, 100, 5000, NULL, NULL, 'Actualización producto: CIG-63125', 'Incremento de stock', 2, 1, 1, '2025-12-06 23:49:10', '2025-12-06 23:49:10'),
(66, 52, 'ingreso', 4900, 100, 5000, NULL, NULL, 'Actualización producto: CIG-91272', 'Incremento de stock', 2, 1, 1, '2025-12-06 23:49:35', '2025-12-06 23:49:35'),
(67, 68, 'ingreso', 4970, 30, 5000, NULL, NULL, 'Actualización producto: PIN-47805', 'Incremento de stock', 2, 1, 1, '2025-12-06 23:54:45', '2025-12-06 23:54:45'),
(68, 69, 'ingreso', 4985, 15, 5000, NULL, NULL, 'Actualización producto: PIN-25911', 'Incremento de stock', 2, 1, 1, '2025-12-06 23:55:18', '2025-12-06 23:55:18'),
(69, 71, 'ingreso', 4975, 25, 5000, NULL, NULL, 'Actualización producto: PIN-25106', 'Incremento de stock', 2, 1, 1, '2025-12-07 00:04:17', '2025-12-07 00:04:17'),
(70, 72, 'ingreso', 4940, 60, 5000, NULL, NULL, 'Actualización producto: TAM-93842', 'Incremento de stock', 2, 1, 1, '2025-12-07 00:04:42', '2025-12-07 00:04:42'),
(71, 215, 'ingreso', 4930, 70, 5000, NULL, NULL, 'Actualización producto: DOR-29446', 'Incremento de stock', 2, 1, 1, '2025-12-07 00:08:20', '2025-12-07 00:08:20'),
(72, 216, 'ingreso', 4900, 100, 5000, NULL, NULL, 'Actualización producto: CHE-78983', 'Incremento de stock', 2, 1, 1, '2025-12-07 00:09:11', '2025-12-07 00:09:11'),
(73, 217, 'ingreso', 4910, 90, 5000, NULL, NULL, 'Actualización producto: PUF-70934', 'Incremento de stock', 2, 1, 1, '2025-12-07 00:09:53', '2025-12-07 00:09:53'),
(74, 218, 'ingreso', 4910, 90, 5000, NULL, NULL, 'Actualización producto: PUF-62852', 'Incremento de stock', 2, 1, 1, '2025-12-07 00:10:58', '2025-12-07 00:10:58'),
(75, 219, 'ingreso', 4915, 85, 5000, NULL, NULL, 'Actualización producto: PUF-10480', 'Incremento de stock', 2, 1, 1, '2025-12-07 00:11:16', '2025-12-07 00:11:16'),
(76, 220, 'ingreso', 4920, 80, 5000, NULL, NULL, 'Actualización producto: SAL-75366', 'Incremento de stock', 2, 1, 1, '2025-12-07 00:13:02', '2025-12-07 00:13:02'),
(77, 244, 'ingreso', 4960, 40, 5000, NULL, NULL, 'Actualización producto: PAN-35096', 'Incremento de stock', 2, 1, 1, '2025-12-07 00:16:31', '2025-12-07 00:16:31'),
(78, 245, 'ingreso', 4960, 40, 5000, NULL, NULL, 'Actualización producto: PAN-72775', 'Incremento de stock', 2, 1, 1, '2025-12-07 00:17:33', '2025-12-07 00:17:33'),
(79, 246, 'ingreso', 4960, 40, 5000, NULL, NULL, 'Actualización producto: PAN-37501', 'Incremento de stock', 2, 1, 1, '2025-12-07 00:18:11', '2025-12-07 00:18:11'),
(80, 247, 'ingreso', 3960, 40, 4000, NULL, NULL, 'Actualización producto: PAN-18611', 'Incremento de stock', 2, 1, 1, '2025-12-07 00:18:38', '2025-12-07 00:18:38'),
(81, 248, 'ingreso', 4960, 40, 5000, NULL, NULL, 'Actualización producto: PAN-56938', 'Incremento de stock', 2, 1, 1, '2025-12-07 00:19:06', '2025-12-07 00:19:06'),
(82, 249, 'ingreso', 4920, 80, 5000, NULL, NULL, 'Actualización producto: PAN-90801', 'Incremento de stock', 2, 1, 1, '2025-12-07 00:21:01', '2025-12-07 00:21:01'),
(83, 250, 'ingreso', 4920, 80, 5000, NULL, NULL, 'Actualización producto: PAN-95074', 'Incremento de stock', 2, 1, 1, '2025-12-07 00:23:51', '2025-12-07 00:23:51'),
(84, 251, 'ingreso', 4920, 80, 5000, NULL, NULL, 'Actualización producto: PAN-34946', 'Incremento de stock', 2, 1, 1, '2025-12-07 00:24:50', '2025-12-07 00:24:50'),
(85, 252, 'ingreso', 4920, 80, 5000, NULL, NULL, 'Actualización producto: PAN-20299', 'Incremento de stock', 2, 1, 1, '2025-12-07 00:25:23', '2025-12-07 00:25:23'),
(86, 253, 'ingreso', 4935, 65, 5000, NULL, NULL, 'Actualización producto: PAN-63057', 'Incremento de stock', 2, 1, 1, '2025-12-07 00:25:58', '2025-12-07 00:25:58'),
(87, 254, 'ingreso', 4900, 100, 5000, NULL, NULL, 'Actualización producto: TOA-22220', 'Incremento de stock', 2, 1, 1, '2025-12-07 00:27:47', '2025-12-07 00:27:47'),
(88, 243, 'ingreso', 4960, 40, 5000, NULL, NULL, 'Actualización producto: JAB-33181', 'Incremento de stock', 2, 1, 1, '2025-12-07 00:32:09', '2025-12-07 00:32:09'),
(89, 107, 'ingreso', 4850, 150, 5000, NULL, NULL, 'Actualización producto: NUT-39766', 'Incremento de stock', 2, 1, 1, '2025-12-07 00:33:05', '2025-12-07 00:33:05'),
(90, 108, 'ingreso', 4850, 150, 5000, NULL, NULL, 'Actualización producto: NUT-65050', 'Incremento de stock', 2, 1, 1, '2025-12-07 00:33:18', '2025-12-07 00:33:18'),
(91, 109, 'ingreso', 4920, 80, 5000, NULL, NULL, 'Actualización producto: NUT-96273', 'Incremento de stock', 2, 1, 1, '2025-12-07 00:33:33', '2025-12-07 00:33:33'),
(92, 110, 'ingreso', 4915, 85, 5000, NULL, NULL, 'Actualización producto: NUT-25175', 'Incremento de stock', 2, 1, 1, '2025-12-07 00:33:58', '2025-12-07 00:33:58'),
(93, 111, 'ingreso', 4940, 60, 5000, NULL, NULL, 'Actualización producto: NUT-42570', 'Incremento de stock', 2, 1, 1, '2025-12-07 00:34:20', '2025-12-07 00:34:20'),
(94, 112, 'ingreso', 4920, 80, 5000, NULL, NULL, 'Actualización producto: NUT-49899', 'Incremento de stock', 2, 1, 1, '2025-12-07 00:34:37', '2025-12-07 00:34:37'),
(95, 113, 'ingreso', 4920, 80, 5000, NULL, NULL, 'Actualización producto: NUT-50163', 'Incremento de stock', 2, 1, 1, '2025-12-07 00:35:12', '2025-12-07 00:35:12'),
(96, 114, 'ingreso', 4920, 80, 5000, NULL, NULL, 'Actualización producto: NUT-59860', 'Incremento de stock', 2, 1, 1, '2025-12-07 00:35:33', '2025-12-07 00:35:33'),
(97, 115, 'ingreso', 4925, 75, 5000, NULL, NULL, 'Actualización producto: NUT-52390', 'Incremento de stock', 2, 1, 1, '2025-12-07 00:35:49', '2025-12-07 00:35:49'),
(98, 118, 'ingreso', 4920, 80, 5000, NULL, NULL, 'Actualización producto: NUT-55745', 'Incremento de stock', 2, 1, 1, '2025-12-07 00:36:08', '2025-12-07 00:36:08'),
(99, 121, 'ingreso', 4945, 55, 5000, NULL, NULL, 'Actualización producto: NUT-41832', 'Incremento de stock', 2, 1, 1, '2025-12-07 00:36:33', '2025-12-07 00:36:33'),
(100, 101, 'ingreso', 4850, 150, 5000, NULL, NULL, 'Actualización producto: NUT-14578', 'Incremento de stock', 2, 1, 1, '2025-12-07 00:41:40', '2025-12-07 00:41:40'),
(101, 102, 'ingreso', 4850, 150, 5000, NULL, NULL, 'Actualización producto: NUT-47040', 'Incremento de stock', 2, 1, 1, '2025-12-07 00:42:27', '2025-12-07 00:42:27'),
(102, 103, 'ingreso', 4850, 150, 5000, NULL, NULL, 'Actualización producto: NUT-26680', 'Incremento de stock', 2, 1, 1, '2025-12-07 00:42:51', '2025-12-07 00:42:51'),
(103, 104, 'ingreso', 4850, 150, 5000, NULL, NULL, 'Actualización producto: NUT-77170', 'Incremento de stock', 2, 1, 1, '2025-12-07 00:43:19', '2025-12-07 00:43:19'),
(104, 85, 'ingreso', 4900, 100, 5000, NULL, NULL, 'Actualización producto: PAP-45892', 'Incremento de stock', 2, 1, 1, '2025-12-07 00:54:24', '2025-12-07 00:54:24'),
(105, 122, 'ingreso', 4920, 80, 5000, NULL, NULL, 'Actualización producto: ALI-69648', 'Incremento de stock', 2, 1, 1, '2025-12-07 00:56:01', '2025-12-07 00:56:01'),
(106, 123, 'ingreso', 4915, 85, 5000, NULL, NULL, 'Actualización producto: ALI-12778', 'Incremento de stock', 2, 1, 1, '2025-12-07 00:56:27', '2025-12-07 00:56:27'),
(107, 124, 'ingreso', 4915, 85, 5000, NULL, NULL, 'Actualización producto: ALI-12940', 'Incremento de stock', 2, 1, 1, '2025-12-07 00:56:44', '2025-12-07 00:56:44'),
(108, 125, 'ingreso', 4980, 20, 5000, NULL, NULL, 'Actualización producto: COL-49908', 'Incremento de stock', 2, 1, 1, '2025-12-07 00:57:23', '2025-12-07 00:57:23'),
(109, 126, 'ingreso', 4940, 60, 5000, NULL, NULL, 'Actualización producto: LAD-29465', 'Incremento de stock', 2, 1, 1, '2025-12-07 00:57:45', '2025-12-07 00:57:45'),
(110, 127, 'ingreso', 4935, 65, 5000, NULL, NULL, 'Actualización producto: SPE-49574', 'Incremento de stock', 2, 1, 1, '2025-12-07 00:58:04', '2025-12-07 00:58:04'),
(111, 74, 'ingreso', 4820, 180, 5000, NULL, NULL, 'Actualización producto: ALI-15607', 'Incremento de stock', 2, 1, 1, '2025-12-07 00:59:17', '2025-12-07 00:59:17'),
(112, 75, 'ingreso', 4820, 180, 5000, NULL, NULL, 'Actualización producto: ALI-65206', 'Incremento de stock', 2, 1, 1, '2025-12-07 00:59:32', '2025-12-07 00:59:32'),
(113, 76, 'ingreso', 4820, 180, 5000, NULL, NULL, 'Actualización producto: ALI-49429', 'Incremento de stock', 2, 1, 1, '2025-12-07 00:59:48', '2025-12-07 00:59:48'),
(114, 79, 'ingreso', 4900, 100, 5000, NULL, NULL, 'Actualización producto: ALI-77756', 'Incremento de stock', 2, 1, 1, '2025-12-07 01:00:10', '2025-12-07 01:00:10'),
(115, 80, 'ingreso', 4900, 100, 5000, NULL, NULL, 'Actualización producto: ALI-48412', 'Incremento de stock', 2, 1, 1, '2025-12-07 01:00:27', '2025-12-07 01:00:27'),
(116, 81, 'ingreso', 4920, 80, 5000, NULL, NULL, 'Actualización producto: ALI-48079', 'Incremento de stock', 2, 1, 1, '2025-12-07 01:05:18', '2025-12-07 01:05:18'),
(117, 82, 'ingreso', 4930, 70, 5000, NULL, NULL, 'Actualización producto: TOA-77598', 'Incremento de stock', 2, 1, 1, '2025-12-07 01:06:07', '2025-12-07 01:06:07'),
(118, 84, 'ingreso', 4820, 180, 5000, NULL, NULL, 'Actualización producto: OSO-17907', 'Incremento de stock', 2, 1, 1, '2025-12-07 01:07:10', '2025-12-07 01:07:10'),
(119, 90, 'ingreso', 4900, 100, 5000, NULL, NULL, 'Actualización producto: OSO-50189', 'Incremento de stock', 2, 1, 1, '2025-12-07 01:07:51', '2025-12-07 01:07:51'),
(120, 91, 'ingreso', 4900, 100, 5000, NULL, NULL, 'Actualización producto: OSO-18892', 'Incremento de stock', 2, 1, 1, '2025-12-07 01:08:07', '2025-12-07 01:08:07'),
(121, 93, 'ingreso', 4900, 100, 5000, NULL, NULL, 'Actualización producto: OSO-98956', 'Incremento de stock', 2, 1, 1, '2025-12-07 01:08:30', '2025-12-07 01:08:30'),
(122, 92, 'ingreso', 4900, 100, 5000, NULL, NULL, 'Actualización producto: OSO-56125', 'Incremento de stock', 2, 1, 1, '2025-12-07 01:08:51', '2025-12-07 01:08:51'),
(123, 94, 'ingreso', 4905, 95, 5000, NULL, NULL, 'Actualización producto: DES-18427', 'Incremento de stock', 2, 1, 1, '2025-12-07 01:09:16', '2025-12-07 01:09:16'),
(124, 96, 'ingreso', 4910, 90, 5000, NULL, NULL, 'Actualización producto: LIM-92667', 'Incremento de stock', 2, 1, 1, '2025-12-07 01:12:22', '2025-12-07 01:12:22'),
(125, 97, 'ingreso', 4930, 70, 5000, NULL, NULL, 'Actualización producto: SUA-50865', 'Incremento de stock', 2, 1, 1, '2025-12-07 01:13:33', '2025-12-07 01:13:33'),
(126, 98, 'ingreso', 4930, 70, 5000, NULL, NULL, 'Actualización producto: SUA-17999', 'Incremento de stock', 2, 1, 1, '2025-12-07 01:13:49', '2025-12-07 01:13:49'),
(127, 99, 'ingreso', 4935, 65, 5000, NULL, NULL, 'Actualización producto: SUA-97752', 'Incremento de stock', 2, 1, 1, '2025-12-07 01:14:03', '2025-12-07 01:14:03'),
(128, 100, 'ingreso', 4880, 120, 5000, NULL, NULL, 'Actualización producto: SER-66357', 'Incremento de stock', 2, 1, 1, '2025-12-07 01:15:17', '2025-12-07 01:15:17'),
(129, 295, 'ingreso', 4850, 150, 5000, NULL, NULL, 'Actualización producto: HAR-1764697494', 'Incremento de stock', 2, 1, 1, '2025-12-07 01:16:47', '2025-12-07 01:16:47'),
(130, 268, 'ingreso', 4920, 80, 5000, NULL, NULL, 'Actualización producto: MAY-1763695160', 'Incremento de stock', 2, 1, 1, '2025-12-07 01:24:30', '2025-12-07 01:24:30'),
(131, 12, 'ingreso', 4920, 80, 5000, NULL, NULL, 'Actualización producto: MAY-85946', 'Incremento de stock', 2, 1, 1, '2025-12-07 01:25:29', '2025-12-07 01:25:29'),
(132, 6, 'ingreso', 4910, 90, 5000, NULL, NULL, 'Actualización producto: AZU-38775', 'Incremento de stock', 2, 1, 1, '2025-12-07 01:35:18', '2025-12-07 01:35:18'),
(133, 11, 'ingreso', 4910, 90, 5000, NULL, NULL, 'Actualización producto: SAL-71890', 'Incremento de stock', 2, 1, 1, '2025-12-07 01:36:45', '2025-12-07 01:36:45'),
(134, 31, 'ingreso', 4850, 150, 5000, NULL, NULL, 'Actualización producto: HAR-41141', 'Incremento de stock', 2, 1, 1, '2025-12-07 01:37:41', '2025-12-07 01:37:41'),
(135, 309, 'ingreso', 3000, 0, 3000, NULL, NULL, 'Creación producto: PROD-000309', 'Stock inicial del producto', 2, 1, 1, '2025-12-17 18:36:56', '2025-12-17 18:36:56'),
(136, 310, 'ingreso', 5000, 0, 5000, NULL, NULL, 'Creación producto: PROD-000310', 'Stock inicial del producto', 2, 1, 1, '2025-12-17 18:40:50', '2025-12-17 18:40:50'),
(137, 311, 'ingreso', 5000, 0, 5000, NULL, NULL, 'Creación producto: PROD-000311', 'Stock inicial del producto', 2, 1, 1, '2025-12-17 18:42:45', '2025-12-17 18:42:45'),
(138, 313, 'ingreso', 5000, 0, 5000, NULL, NULL, 'Creación producto: PROD-000313', 'Stock inicial del producto', 2, 1, 1, '2025-12-17 18:45:14', '2025-12-17 18:45:14'),
(139, 314, 'ingreso', 5000, 0, 5000, NULL, NULL, 'Creación producto: PROD-000314', 'Stock inicial del producto', 2, 1, 1, '2025-12-17 18:47:55', '2025-12-17 18:47:55'),
(140, 316, 'ingreso', 5000, 0, 5000, NULL, NULL, 'Creación producto: PROD-000316', 'Stock inicial del producto', 2, 1, 1, '2025-12-17 18:52:42', '2025-12-17 18:52:42'),
(141, 318, 'ingreso', 5000, 0, 5000, NULL, NULL, 'Creación producto: PROD-000318', 'Stock inicial del producto', 2, 1, 1, '2025-12-17 19:01:01', '2025-12-17 19:01:01'),
(142, 319, 'ingreso', 5000, 0, 5000, NULL, NULL, 'Creación producto: PROD-000OAXY', 'Stock inicial del producto', 2, 1, 1, '2025-12-28 12:27:38', '2025-12-28 12:27:38'),
(143, 7, 'ingreso', 4930, 70, 5000, NULL, NULL, 'Actualización producto: SAL-61388', 'Incremento de stock', 2, 1, 1, '2025-12-28 12:32:45', '2025-12-28 12:32:45'),
(144, 14, 'ingreso', 4915, 85, 5000, NULL, NULL, 'Actualización producto: ATU-20155', 'Incremento de stock', 2, 1, 1, '2025-12-30 01:06:17', '2025-12-30 01:06:17'),
(145, 207, 'ingreso', 4590, 410, 5000, NULL, NULL, 'Actualización producto: REF-31242', 'Incremento de stock', 2, 1, 1, '2025-12-30 01:16:31', '2025-12-30 01:16:31');

-- --------------------------------------------------------

--
-- Estructura de tabla para la tabla `jobs`
--

CREATE TABLE IF NOT EXISTS `jobs` (
  `id` bigint(20) UNSIGNED NOT NULL AUTO_INCREMENT,
  `queue` varchar(255) NOT NULL,
  `payload` longtext NOT NULL,
  `attempts` tinyint(3) UNSIGNED NOT NULL,
  `reserved_at` int(10) UNSIGNED DEFAULT NULL,
  `available_at` int(10) UNSIGNED NOT NULL,
  `created_at` int(10) UNSIGNED NOT NULL,
  PRIMARY KEY (`id`),
  KEY `jobs_queue_index` (`queue`)
) ENGINE=InnoDB AUTO_INCREMENT=240 DEFAULT CHARSET=utf8mb4 COLLATE=utf8mb4_unicode_ci;

--
-- Truncar tablas antes de insertar `jobs`
--

TRUNCATE TABLE `jobs`;
-- --------------------------------------------------------

--
-- Estructura de tabla para la tabla `job_batches`
--

CREATE TABLE IF NOT EXISTS `job_batches` (
  `id` varchar(255) NOT NULL,
  `name` varchar(255) NOT NULL,
  `total_jobs` int(11) NOT NULL,
  `pending_jobs` int(11) NOT NULL,
  `failed_jobs` int(11) NOT NULL,
  `failed_job_ids` longtext NOT NULL,
  `options` mediumtext DEFAULT NULL,
  `cancelled_at` int(11) DEFAULT NULL,
  `created_at` int(11) NOT NULL,
  `finished_at` int(11) DEFAULT NULL,
  PRIMARY KEY (`id`)
) ENGINE=InnoDB DEFAULT CHARSET=utf8mb4 COLLATE=utf8mb4_unicode_ci;

--
-- Truncar tablas antes de insertar `job_batches`
--

TRUNCATE TABLE `job_batches`;
-- --------------------------------------------------------

--
-- Estructura de tabla para la tabla `marcas`
--

CREATE TABLE IF NOT EXISTS `marcas` (
  `id` bigint(20) UNSIGNED NOT NULL AUTO_INCREMENT,
  `nombre` varchar(255) NOT NULL,
  `slug` varchar(255) NOT NULL,
  `descripcion` text DEFAULT NULL,
  `activo` tinyint(1) NOT NULL DEFAULT 1,
  `empresa_id` bigint(20) UNSIGNED NOT NULL,
  `sucursal_id` bigint(20) UNSIGNED DEFAULT NULL,
  `created_at` timestamp NULL DEFAULT NULL,
  `updated_at` timestamp NULL DEFAULT NULL,
  PRIMARY KEY (`id`),
  UNIQUE KEY `marcas_slug_unique` (`slug`),
  KEY `marcas_empresa_id_foreign` (`empresa_id`),
  KEY `marcas_sucursal_id_foreign` (`sucursal_id`)
) ENGINE=InnoDB AUTO_INCREMENT=112 DEFAULT CHARSET=utf8mb4 COLLATE=utf8mb4_unicode_ci;

--
-- Truncar tablas antes de insertar `marcas`
--

TRUNCATE TABLE `marcas`;
--
-- Volcado de datos para la tabla `marcas`
--

INSERT INTO `marcas` (`id`, `nombre`, `slug`, `descripcion`, `activo`, `empresa_id`, `sucursal_id`, `created_at`, `updated_at`) VALUES
(1, 'Polar', 'polar', 'Productos Polar', 1, 1, 1, '2025-11-26 14:20:03', '2025-11-26 14:20:03'),
(2, 'Mary', 'mary', 'Productos Mary', 1, 1, 1, '2025-11-26 14:20:03', '2025-11-26 14:20:03'),
(3, 'Santoni', 'santoni', 'Productos Santoni', 1, 1, 1, '2025-11-26 14:20:03', '2025-11-26 14:20:03'),
(4, 'Santa Monica', 'santa-monica', 'Productos Santa Monica', 1, 1, 1, '2025-11-26 14:20:03', '2025-11-26 14:20:03'),
(5, 'Amanecer', 'amanecer', 'Productos Amanecer', 1, 1, 1, '2025-11-26 14:20:03', '2025-11-26 14:20:03'),
(6, 'Capri', 'capri', 'Productos Capri', 1, 1, 1, '2025-11-26 14:20:03', '2025-11-26 14:20:03'),
(7, 'Allegri', 'allegri', 'Productos Allegri', 1, 1, 1, '2025-11-26 14:20:03', '2025-11-26 14:20:03'),
(8, 'Dobón', 'dobon', 'Productos Dobón', 1, 1, 1, '2025-11-26 14:20:03', '2025-11-26 14:20:03'),
(9, 'Pampero', 'pampero', 'Productos Pampero', 1, 1, 1, '2025-11-26 14:20:03', '2025-11-26 14:20:03'),
(10, 'Iberia', 'iberia', 'Productos Iberia', 1, 1, 1, '2025-11-26 14:20:03', '2025-11-26 14:20:03'),
(11, 'Boka', 'boka', 'Productos Boka', 1, 1, 1, '2025-11-26 14:20:03', '2025-11-26 14:20:03'),
(12, 'Coamo', 'coamo', 'Productos Coamo', 1, 1, 1, '2025-11-26 14:20:03', '2025-11-26 14:20:03'),
(13, 'Pringles', 'pringles', 'Productos Pringles', 1, 1, 1, '2025-11-26 14:20:03', '2025-11-26 14:20:03'),
(14, 'Tom', 'tom', 'Productos Tom', 1, 1, 1, '2025-11-26 14:20:03', '2025-11-26 14:20:03'),
(15, 'Lucky Strike', 'lucky-strike', 'Productos Lucky Strike', 1, 1, 1, '2025-11-26 14:20:03', '2025-11-26 14:20:03'),
(16, 'Belmont', 'belmont', 'Productos Belmont', 1, 1, 1, '2025-11-26 14:20:03', '2025-11-26 14:20:03'),
(17, 'Chimo', 'chimo', 'Productos Chimo', 1, 1, 1, '2025-11-26 14:20:03', '2025-11-26 14:20:03'),
(18, 'Pall Mall', 'pall-mall', 'Productos Pall Mall', 1, 1, 1, '2025-11-26 14:20:03', '2025-11-26 14:20:03'),
(19, 'Viceroy', 'viceroy', 'Productos Viceroy', 1, 1, 1, '2025-11-26 14:20:03', '2025-11-26 14:20:03'),
(20, 'Nova', 'nova', 'Productos Nova', 1, 1, 1, '2025-11-26 14:20:03', '2025-11-26 14:20:03'),
(21, 'Eclipse', 'eclipse', 'Productos Eclipse', 1, 1, 1, '2025-11-26 14:20:03', '2025-11-26 14:20:03'),
(22, 'Universal', 'universal', 'Productos Universal', 1, 1, 1, '2025-11-26 14:20:03', '2025-11-26 14:20:03'),
(23, 'Alive', 'alive', 'Productos Alive', 1, 1, 1, '2025-11-26 14:20:03', '2025-11-26 14:20:03'),
(24, 'Oso Blanco', 'oso-blanco', 'Productos Oso Blanco', 1, 1, 1, '2025-11-26 14:20:03', '2025-11-26 14:20:03'),
(25, 'Nutribela', 'nutribela', 'Productos Nutribela', 1, 1, 1, '2025-11-26 14:20:03', '2025-11-26 14:20:03'),
(26, 'Marlboro', 'marlboro', 'Productos Marlboro', 1, 1, 1, '2025-11-26 14:20:03', '2025-11-26 14:20:03'),
(27, 'Camel', 'camel', 'Productos Camel', 1, 1, 1, '2025-11-26 14:20:03', '2025-11-26 14:20:03'),
(28, 'Doritos', 'doritos', 'Productos Doritos', 1, 1, 1, '2025-11-26 14:20:03', '2025-11-26 14:20:03'),
(29, 'Lays', 'lays', 'Productos Lays', 1, 1, 1, '2025-11-26 14:20:03', '2025-11-26 14:20:03'),
(30, 'Ruffles', 'ruffles', 'Productos Ruffles', 1, 1, 1, '2025-11-26 14:20:03', '2025-11-26 14:20:03'),
(31, 'Cheetos', 'cheetos', 'Productos Cheetos', 1, 1, 1, '2025-11-26 14:20:03', '2025-11-26 14:20:03'),
(32, 'Oreo', 'oreo', 'Productos Oreo', 1, 1, 1, '2025-11-26 14:20:03', '2025-11-26 14:20:03'),
(33, 'Ritz', 'ritz', 'Productos Ritz', 1, 1, 1, '2025-11-26 14:20:03', '2025-11-26 14:20:03'),
(34, 'Coca Cola', 'coca-cola', 'Productos Coca Cola', 1, 1, 1, '2025-11-26 14:20:03', '2025-11-26 14:20:03'),
(35, 'Pepsi', 'pepsi', 'Productos Pepsi', 1, 1, 1, '2025-11-26 14:20:03', '2025-11-26 14:20:03'),
(36, 'Sprite', 'sprite', 'Productos Sprite', 1, 1, 1, '2025-11-26 14:20:03', '2025-11-26 14:20:03'),
(37, 'Fanta', 'fanta', 'Productos Fanta', 1, 1, 1, '2025-11-26 14:20:03', '2025-11-26 14:20:03'),
(38, 'Nestlé', 'nestle', 'Productos Nestlé', 1, 1, 1, '2025-11-26 14:20:03', '2025-11-26 14:20:03'),
(39, 'Maggi', 'maggi', 'Productos Maggi', 1, 1, 1, '2025-11-26 14:20:03', '2025-11-26 14:20:03'),
(40, 'Knorr', 'knorr', 'Productos Knorr', 1, 1, 1, '2025-11-26 14:20:03', '2025-11-26 14:20:03'),
(41, 'Hellmanns', 'hellmanns', 'Productos Hellmanns', 1, 1, 1, '2025-11-26 14:20:03', '2025-11-26 14:20:03'),
(42, 'Heinz', 'heinz', 'Productos Heinz', 1, 1, 1, '2025-11-26 14:20:03', '2025-11-26 14:20:03'),
(43, 'Kelloggs', 'kelloggs', 'Productos Kelloggs', 1, 1, 1, '2025-11-26 14:20:03', '2025-11-26 14:20:03'),
(44, 'Quaker', 'quaker', 'Productos Quaker', 1, 1, 1, '2025-11-26 14:20:03', '2025-11-26 14:20:03'),
(45, 'Tapa Amarilla', 'tapa-amarilla', 'Productos Tapa Amarilla', 1, 1, 1, '2025-11-26 14:20:03', '2025-11-26 14:20:03'),
(46, 'Rexona', 'rexona', 'Productos Rexona', 1, 1, 1, '2025-11-26 14:20:03', '2025-11-26 14:20:03'),
(47, 'Carabobo', 'carabobo', 'Productos Carabobo', 1, 1, 1, '2025-11-26 14:20:03', '2025-11-26 14:20:03'),
(48, 'Frut Cola', 'frut-cola', 'Productos Frut Cola', 1, 1, 1, '2025-11-26 14:20:03', '2025-11-26 14:20:03'),
(49, 'Minalba', 'minalba', 'Productos Minalba', 1, 1, 1, '2025-11-26 14:20:03', '2025-11-26 14:20:03'),
(50, 'Cool', 'cool', 'Productos Cool', 1, 1, 1, '2025-11-26 14:20:03', '2025-11-26 14:20:03'),
(51, 'Vista', 'vista', 'Productos Vista', 1, 1, 1, '2025-11-26 14:20:03', '2025-11-26 14:20:03'),
(52, 'Aldor', 'aldor', 'Productos Aldor', 1, 1, 1, '2025-11-26 14:20:03', '2025-11-26 14:20:03'),
(53, 'Alident', 'alident', 'Productos Alident', 1, 1, 1, '2025-11-26 14:20:03', '2025-11-26 14:20:03'),
(54, 'Montalbán', 'montalban', 'Productos Montalbán', 1, 1, 1, '2025-11-26 14:20:03', '2025-11-26 14:20:03'),
(55, 'Cerro del Santo', 'cerro-del-santo', 'Productos Cerro del Santo', 1, 1, 1, '2025-11-26 14:20:03', '2025-11-26 14:20:03'),
(56, 'Cheese Tris', 'cheese-tris', 'Productos Cheese Tris', 1, 1, 1, '2025-11-26 14:20:03', '2025-11-26 14:20:03'),
(57, 'Carolina', 'carolina', 'Productos Carolina', 1, 1, 1, '2025-11-26 14:20:03', '2025-11-26 14:20:03'),
(58, 'Colgate', 'colgate', 'Productos Colgate', 1, 1, 1, '2025-11-26 14:20:03', '2025-11-26 14:20:03'),
(59, 'Cremor', 'cremor', 'Productos Cremor', 1, 1, 1, '2025-11-26 14:20:03', '2025-11-26 14:20:03'),
(60, 'Diablito Under Wood', 'diablito-under-wood', 'Productos Diablito Under Wood', 1, 1, 1, '2025-11-26 14:20:03', '2025-11-26 14:20:03'),
(61, 'Don Kat', 'don-kat', 'Productos Don Kat', 1, 1, 1, '2025-11-26 14:20:03', '2025-11-26 14:20:03'),
(62, 'Frubys', 'frubys', 'Productos Frubys', 1, 1, 1, '2025-11-26 14:20:03', '2025-11-26 14:20:03'),
(63, 'Frutea', 'frutea', 'Productos Frutea', 1, 1, 1, '2025-11-26 14:20:03', '2025-11-26 14:20:03'),
(64, 'Fruttsy', 'fruttsy', 'Productos Fruttsy', 1, 1, 1, '2025-11-26 14:20:03', '2025-11-26 14:20:03'),
(65, 'Frutys', 'frutys', 'Productos Frutys', 1, 1, 1, '2025-11-26 14:20:03', '2025-11-26 14:20:03'),
(66, 'Santa María', 'santa-maria', 'Productos Santa María', 1, 1, 1, '2025-11-26 14:20:03', '2025-11-26 14:20:03'),
(67, 'Anita', 'anita', 'Productos Anita', 1, 1, 1, '2025-11-26 14:20:03', '2025-11-26 14:20:03'),
(68, 'Frita', 'frita', 'Productos Frita', 1, 1, 1, '2025-11-26 14:20:03', '2025-11-26 14:20:03'),
(69, 'Jucosa', 'jucosa', 'Productos Jucosa', 1, 1, 1, '2025-11-26 14:20:03', '2025-11-26 14:20:03'),
(70, 'El Valle', 'el-valle', 'Productos El Valle', 1, 1, 1, '2025-11-26 14:20:03', '2025-11-26 14:20:03'),
(71, 'Lady Speed Stick', 'lady-speed-stick', 'Productos Lady Speed Stick', 1, 1, 1, '2025-11-26 14:20:03', '2025-11-26 14:20:03'),
(72, 'Aromax', 'aromax', 'Productos Aromax', 1, 1, 1, '2025-11-26 14:20:03', '2025-11-26 14:20:03'),
(73, 'Lipton', 'lipton', 'Productos Lipton', 1, 1, 1, '2025-11-26 14:20:03', '2025-11-26 14:20:03'),
(74, 'Deline', 'deline', 'Productos Deline', 1, 1, 1, '2025-11-26 14:20:03', '2025-11-26 14:20:03'),
(75, 'Mirringo', 'mirringo', 'Productos Mirringo', 1, 1, 1, '2025-11-26 14:20:03', '2025-11-26 14:20:03'),
(76, 'Natulac', 'natulac', 'Productos Natulac', 1, 1, 1, '2025-11-26 14:20:03', '2025-11-26 14:20:03'),
(77, 'Concordia', 'concordia', 'Productos Concordia', 1, 1, 1, '2025-11-26 14:20:03', '2025-11-26 14:20:03'),
(78, 'Baby Finger', 'baby-finger', 'Productos Baby Finger', 1, 1, 1, '2025-11-26 14:20:03', '2025-11-26 14:20:03'),
(79, 'Hugme', 'hugme', 'Productos Hugme', 1, 1, 1, '2025-11-26 14:20:03', '2025-11-26 14:20:03'),
(80, 'Pin Pop', 'pin-pop', 'Productos Pin Pop', 1, 1, 1, '2025-11-26 14:20:03', '2025-11-26 14:20:03'),
(81, 'Power Max', 'power-max', 'Productos Power Max', 1, 1, 1, '2025-11-26 14:20:03', '2025-11-26 14:20:03'),
(82, 'Ideal', 'ideal', 'Productos Ideal', 1, 1, 1, '2025-11-26 14:20:03', '2025-11-26 14:20:03'),
(83, 'La Lucha', 'la-lucha', 'Productos La Lucha', 1, 1, 1, '2025-11-26 14:20:03', '2025-11-26 14:20:03'),
(84, 'Blue Softy', 'blue-softy', 'Productos Blue Softy', 1, 1, 1, '2025-11-26 14:20:03', '2025-11-26 14:20:03'),
(85, 'Speed Stick', 'speed-stick', 'Productos Speed Stick', 1, 1, 1, '2025-11-26 14:20:03', '2025-11-26 14:20:03'),
(86, 'Suavitel', 'suavitel', 'Productos Suavitel', 1, 1, 1, '2025-11-26 14:20:03', '2025-11-26 14:20:03'),
(87, 'Super Pega', 'super-pega', 'Productos Super Pega', 1, 1, 1, '2025-11-26 14:20:03', '2025-11-26 14:20:03'),
(88, 'Tam Cikolatam', 'tam-cikolatam', 'Productos Tam Cikolatam', 1, 1, 1, '2025-11-26 14:20:03', '2025-11-26 14:20:03'),
(89, 'Puffy', 'puffy', 'Productos Puffy', 1, 1, 1, '2025-11-26 14:20:03', '2025-11-26 14:20:03'),
(90, 'Saltitacos', 'saltitacos', 'Productos Saltitacos', 1, 1, 1, '2025-11-26 14:20:03', '2025-11-26 14:20:03'),
(91, 'Fruton', 'fruton', 'Productos Fruton', 1, 1, 1, '2025-11-26 14:20:03', '2025-11-26 14:20:03'),
(92, 'Glup', 'glup', 'Productos Glup', 1, 1, 1, '2025-11-26 14:20:03', '2025-11-26 14:20:03'),
(93, 'Cristal', 'cristal', 'Productos Cristal', 1, 1, 1, '2025-11-26 14:20:03', '2025-11-26 14:20:03'),
(94, 'Valencia', 'valencia', 'Productos Valencia', 1, 1, 1, '2025-11-26 14:20:03', '2025-11-26 14:20:03'),
(95, 'Justy', 'justy', 'Productos Justy', 1, 1, 1, '2025-11-26 14:20:03', '2025-11-26 14:20:03'),
(96, 'Speed', 'speed', 'Productos Speed', 1, 1, 1, '2025-11-26 14:20:03', '2025-11-26 14:20:03'),
(97, 'Gatorade', 'gatorade', 'Productos Gatorade', 1, 1, 1, '2025-11-26 14:20:03', '2025-11-26 14:20:03'),
(98, 'Mi Brisa', 'mi-brisa', 'Productos Mi Brisa', 1, 1, 1, '2025-11-26 14:20:03', '2025-11-26 14:20:03'),
(99, 'Heal', 'heal', 'Productos Heal', 1, 1, 1, '2025-11-26 14:20:03', '2025-11-26 14:20:03'),
(100, 'Golden', 'golden', 'Productos Golden', 1, 1, 1, '2025-11-26 14:20:03', '2025-11-26 14:20:03'),
(101, 'Frescolita', 'frescolita', 'Productos Frescolita', 1, 1, 1, '2025-11-26 14:20:03', '2025-11-26 14:20:03'),
(102, 'Chinotto', 'chinotto', 'Productos Chinotto', 1, 1, 1, '2025-11-26 14:20:03', '2025-11-26 14:20:03'),
(103, 'Hit', 'hit', 'Productos Hit', 1, 1, 1, '2025-11-26 14:20:03', '2025-11-26 14:20:03'),
(104, 'Encendedor', 'encendedor', 'Productos Encendedor', 1, 1, 1, '2025-11-26 14:20:03', '2025-11-26 14:20:03'),
(105, 'Panelada', 'panelada', 'Productos Panelada', 1, 1, 1, '2025-11-26 14:20:03', '2025-11-26 14:20:03'),
(106, 'Ibiza', 'ibiza', 'Productos Ibiza', 1, 1, 1, '2025-11-28 14:16:50', '2025-11-28 14:16:51'),
(107, 'Consul', 'consul', 'Productos Consul', 1, 1, 1, '2025-11-28 14:38:00', '2025-11-28 14:38:03'),
(108, 'Kris', 'kris', 'Productos Kris', 1, 1, 1, '2025-11-28 14:38:00', '2025-11-28 14:38:03'),
(109, 'El Rosal', 'el-rosal', 'Productos El Rosal', 1, 1, 1, '2025-11-28 14:38:00', '2025-11-28 14:38:03'),
(110, 'Agua Blanca', 'agua-blanca', 'Productos Agua Blanca', 1, 1, 1, '2025-11-28 14:38:00', '2025-11-28 14:38:03'),
(111, 'Pantera', 'pantera', 'Productos Pantera', 1, 1, 1, '2025-11-28 14:38:00', '2025-11-28 14:38:03');

-- --------------------------------------------------------

--
-- Estructura de tabla para la tabla `mensajes_pendientes`
--

CREATE TABLE IF NOT EXISTS `mensajes_pendientes` (
  `id` bigint(20) UNSIGNED NOT NULL AUTO_INCREMENT,
  `pedido_id` bigint(20) UNSIGNED DEFAULT NULL,
  `telefono` varchar(255) NOT NULL,
  `mensaje` text NOT NULL,
  `tipo` varchar(255) NOT NULL,
  `error` text DEFAULT NULL,
  `estado` enum('pendiente','enviado','fallido') NOT NULL DEFAULT 'pendiente',
  `intentos` int(11) NOT NULL DEFAULT 1,
  `ultimo_intento` timestamp NULL DEFAULT NULL,
  `enviado_en` timestamp NULL DEFAULT NULL,
  `created_at` timestamp NULL DEFAULT NULL,
  `updated_at` timestamp NULL DEFAULT NULL,
  PRIMARY KEY (`id`),
  KEY `mensajes_pendientes_pedido_id_index` (`pedido_id`),
  KEY `mensajes_pendientes_estado_index` (`estado`),
  KEY `mensajes_pendientes_tipo_index` (`tipo`),
  KEY `mensajes_pendientes_ultimo_intento_index` (`ultimo_intento`)
) ENGINE=InnoDB DEFAULT CHARSET=utf8mb4 COLLATE=utf8mb4_unicode_ci;

--
-- Truncar tablas antes de insertar `mensajes_pendientes`
--

TRUNCATE TABLE `mensajes_pendientes`;
-- --------------------------------------------------------

--
-- Estructura de tabla para la tabla `migrations`
--

CREATE TABLE IF NOT EXISTS `migrations` (
  `id` int(10) UNSIGNED NOT NULL AUTO_INCREMENT,
  `migration` varchar(255) NOT NULL,
  `batch` int(11) NOT NULL,
  PRIMARY KEY (`id`)
) ENGINE=InnoDB AUTO_INCREMENT=80 DEFAULT CHARSET=utf8mb4 COLLATE=utf8mb4_unicode_ci;

--
-- Truncar tablas antes de insertar `migrations`
--

TRUNCATE TABLE `migrations`;
--
-- Volcado de datos para la tabla `migrations`
--

INSERT INTO `migrations` (`id`, `migration`, `batch`) VALUES
(1, '0001_01_01_000000_create_users_table', 1),
(2, '0001_01_01_000001_create_cache_table', 1),
(3, '0001_01_01_000002_create_jobs_table', 1),
(4, '2023_10_21_000000_add_two_factor_columns_to_users_table', 1),
(5, '2024_01_01_000000_create_template_customizations_table', 1),
(6, '2025_10_17_000000_add_verification_code_to_users_table', 1),
(7, '2025_10_17_000001_create_active_sessions_table', 1),
(8, '2025_10_17_000002_add_fields_to_active_sessions_table', 1),
(9, '2025_10_17_205657_create_empresas_table', 1),
(10, '2025_10_17_214709_create_sucursales_table', 1),
(11, '2025_10_20_132700_add_empresa_id_to_users_table', 1),
(12, '2025_10_20_171800_add_profile_fields_to_users_table', 1),
(13, '2025_10_20_200325_create_permission_tables', 1),
(14, '2025_10_22_201649_add_telefono_and_email_to_empresas_table', 1),
(15, '2025_10_24_162929_add_module_to_permissions_table', 1),
(16, '2025_10_27_020859_create_notifications_table', 1),
(17, '2025_10_27_022318_create_activity_log_table', 1),
(18, '2025_10_27_022319_add_event_column_to_activity_log_table', 1),
(19, '2025_10_27_022320_add_batch_uuid_column_to_activity_log_table', 1),
(20, '2025_10_29_123000_create_comprobantes_table', 1),
(21, '2025_11_01_000000_create_series_table', 1),
(22, '2025_11_03_000001_create_cajas_table', 1),
(23, '2025_11_03_160220_create_exchange_rates_table', 1),
(24, '2025_11_03_161309_fix_exchange_rates_source_column', 1),
(25, '2025_11_03_162823_add_numero_corte_to_cajas_table', 1),
(26, '2025_11_05_090016_create_reunions_table', 1),
(27, '2025_11_05_100000_remove_unique_constraint_from_cajas_table', 1),
(28, '2025_11_06_090055_create_pais_table', 1),
(29, '2025_11_06_090208_add_pais_id_to_empresas_table', 1),
(30, '2025_11_10_120000_create_clientes_table', 1),
(31, '2025_11_10_150121_create_marcas_table', 1),
(32, '2025_11_10_150141_create_categorias_table', 1),
(33, '2025_11_10_154642_create_productos_table', 1),
(34, '2025_11_10_155453_create_images_table', 1),
(35, '2025_11_10_155454_add_fields_to_images_table', 1),
(36, '2025_11_10_160000_create_producto_variants_table', 1),
(37, '2025_11_10_160001_add_image_fields_to_producto_variants_table', 1),
(38, '2025_11_10_160002_add_sku_price_adjustment_quantity_to_producto_variants_table', 1),
(39, '2025_11_10_160003_add_additional_fields_to_productos_table', 1),
(40, '2025_11_10_160004_create_producto_inventory_settings_table', 1),
(41, '2025_11_10_160005_create_producto_seo_table', 1),
(42, '2025_11_13_000001_create_reviews_table', 1),
(43, '2025_11_13_122414_create_wishlists_table', 1),
(44, '2025_11_13_143714_create_search_index_for_products_table', 1),
(45, '2025_11_14_083315_create_pedidos_table', 1),
(46, '2025_11_14_083326_create_detalle_pedidos_table', 1),
(47, '2025_11_14_121623_create_movimiento_pedido_table', 1),
(48, '2025_11_14_152802_add_username_and_telephone_to_users_table', 1),
(49, '2025_11_14_160052_add_note_to_pedidos_table', 1),
(50, '2025_11_14_200523_create_pedido_pago_table', 1),
(51, '2025_11_14_200524_add_total_bs_to_pedido_pago_table', 1),
(52, '2025_11_15_000001_create_bancos_table', 1),
(53, '2025_11_15_000002_create_referencias_bancarias_table', 1),
(54, '2025_11_15_122143_add_tipo_atencion_to_historico_pedidos', 1),
(55, '2025_11_15_125248_add_nota_to_pedido_pago', 1),
(56, '2025_11_16_204410_add_location_fields_to_active_sessions_table', 1),
(57, '2025_11_16_204411_create_empleados_table', 1),
(58, '2025_11_17_000000_create_empleado_pedido_table', 1),
(59, '2025_11_17_005213_add_caja_id_to_pedido_pago_table', 1),
(60, '2025_11_24_085341_create_personal_access_tokens_table', 1),
(61, '2025_11_24_090034_add_api_token_to_users_table', 1),
(62, '2025_11_24_103514_add_unique_constraint_to_wishlists_table', 1),
(63, '2025_11_24_125702_add_fecha_entrega_to_pedidos_table', 1),
(64, '2025_11_24_130441_create_resenas_table', 1),
(65, '2025_12_19_000000_add_simbolo_moneda_to_pais_table', 1),
(66, '2025_11_26_123000_create_pedido_historial_table', 2),
(67, '2025_01_27_000000_add_profile_fields_to_users_table', 3),
(68, '2025_11_26_220850_create_product_reviews_table', 3),
(69, '2025_11_27_101754_ensure_empleado_pedido_table_exists', 3),
(70, '2025_11_26_000000_add_precio_bs_to_producto_variants_table', 4),
(71, '2025_11_26_000000_add_sucursal_id_to_products_table', 5),
(72, '2024_01_01_000001_create_inventory_movements_table', 6),
(73, '2025_01_15_000000_add_batch_fields_to_productos_table', 7),
(74, '2025_11_28_000000_add_variant_fields_to_detalle_pedidos_table', 8),
(75, '2025_12_04_000000_add_whatsapp_api_key_to_empresas_table', 9),
(76, '2024_12_15_000001_create_whatsapp_templates_table', 10),
(77, '2024_12_15_000002_create_whatsapp_scheduled_messages_table', 11),
(78, '2024_12_15_000003_create_whatsapp_messages_table', 12),
(79, '2024_01_01_000000_create_mensajes_pendientes_table', 13);

-- --------------------------------------------------------

--
-- Estructura de tabla para la tabla `model_has_permissions`
--

CREATE TABLE IF NOT EXISTS `model_has_permissions` (
  `permission_id` bigint(20) UNSIGNED NOT NULL,
  `model_type` varchar(255) NOT NULL,
  `model_id` bigint(20) UNSIGNED NOT NULL,
  PRIMARY KEY (`permission_id`,`model_id`,`model_type`),
  KEY `model_has_permissions_model_id_model_type_index` (`model_id`,`model_type`)
) ENGINE=InnoDB DEFAULT CHARSET=utf8mb4 COLLATE=utf8mb4_unicode_ci;

--
-- Truncar tablas antes de insertar `model_has_permissions`
--

TRUNCATE TABLE `model_has_permissions`;
-- --------------------------------------------------------

--
-- Estructura de tabla para la tabla `model_has_roles`
--

CREATE TABLE IF NOT EXISTS `model_has_roles` (
  `role_id` bigint(20) UNSIGNED NOT NULL,
  `model_type` varchar(255) NOT NULL,
  `model_id` bigint(20) UNSIGNED NOT NULL,
  PRIMARY KEY (`role_id`,`model_id`,`model_type`),
  KEY `model_has_roles_model_id_model_type_index` (`model_id`,`model_type`)
) ENGINE=InnoDB DEFAULT CHARSET=utf8mb4 COLLATE=utf8mb4_unicode_ci;

--
-- Truncar tablas antes de insertar `model_has_roles`
--

TRUNCATE TABLE `model_has_roles`;
--
-- Volcado de datos para la tabla `model_has_roles`
--

INSERT INTO `model_has_roles` (`role_id`, `model_type`, `model_id`) VALUES
(1, 'App\\Models\\User', 1),
(2, 'App\\Models\\User', 2),
(4, 'App\\Models\\User', 3),
(4, 'App\\Models\\User', 17),
(4, 'App\\Models\\User', 18),
(4, 'App\\Models\\User', 19),
(4, 'App\\Models\\User', 21),
(4, 'App\\Models\\User', 25),
(4, 'App\\Models\\User', 30),
(4, 'App\\Models\\User', 31),
(4, 'App\\Models\\User', 32),
(4, 'App\\Models\\User', 33),
(4, 'App\\Models\\User', 34),
(4, 'App\\Models\\User', 39),
(4, 'App\\Models\\User', 40),
(4, 'App\\Models\\User', 41),
(4, 'App\\Models\\User', 42),
(4, 'App\\Models\\User', 43),
(4, 'App\\Models\\User', 44),
(4, 'App\\Models\\User', 45),
(4, 'App\\Models\\User', 46),
(5, 'App\\Models\\User', 4),
(5, 'App\\Models\\User', 5),
(5, 'App\\Models\\User', 6),
(5, 'App\\Models\\User', 7),
(5, 'App\\Models\\User', 8),
(5, 'App\\Models\\User', 9),
(5, 'App\\Models\\User', 35),
(5, 'App\\Models\\User', 36),
(5, 'App\\Models\\User', 37),
(5, 'App\\Models\\User', 38);

-- --------------------------------------------------------

--
-- Estructura de tabla para la tabla `notifications`
--

CREATE TABLE IF NOT EXISTS `notifications` (
  `id` bigint(20) UNSIGNED NOT NULL AUTO_INCREMENT,
  `user_id` bigint(20) UNSIGNED NOT NULL,
  `type` varchar(255) NOT NULL,
  `title` varchar(255) NOT NULL,
  `message` text NOT NULL,
  `data` longtext CHARACTER SET utf8mb4 COLLATE utf8mb4_bin DEFAULT NULL,
  `read_at` timestamp NULL DEFAULT NULL,
  `created_at` timestamp NULL DEFAULT NULL,
  `updated_at` timestamp NULL DEFAULT NULL,
  PRIMARY KEY (`id`),
  KEY `notifications_user_id_read_at_index` (`user_id`,`read_at`)
) ;

--
-- Truncar tablas antes de insertar `notifications`
--

TRUNCATE TABLE `notifications`;
-- --------------------------------------------------------

--
-- Estructura de tabla para la tabla `pais`
--

CREATE TABLE IF NOT EXISTS `pais` (
  `id` bigint(20) UNSIGNED NOT NULL AUTO_INCREMENT,
  `nombre` varchar(255) NOT NULL,
  `codigo_iso2` varchar(2) NOT NULL,
  `codigo_iso3` varchar(3) NOT NULL,
  `codigo_telefonico` varchar(10) DEFAULT NULL,
  `moneda_principal` varchar(10) DEFAULT NULL,
  `simbolo_moneda` varchar(10) DEFAULT NULL,
  `idioma_principal` varchar(10) DEFAULT NULL,
  `continente` varchar(50) DEFAULT NULL,
  `zona_horaria` varchar(50) DEFAULT NULL,
  `formato_fecha` varchar(20) NOT NULL DEFAULT 'dd/mm/yyyy',
  `formato_moneda` varchar(20) NOT NULL DEFAULT '1.234,56',
  `impuesto_predeterminado` decimal(5,2) NOT NULL DEFAULT 0.00,
  `separador_miles` varchar(1) NOT NULL DEFAULT '.',
  `separador_decimales` varchar(1) NOT NULL DEFAULT ',',
  `decimales_moneda` int(11) NOT NULL DEFAULT 2,
  `activo` tinyint(1) NOT NULL DEFAULT 1,
  `created_at` timestamp NULL DEFAULT NULL,
  `updated_at` timestamp NULL DEFAULT NULL,
  PRIMARY KEY (`id`),
  UNIQUE KEY `pais_codigo_iso2_unique` (`codigo_iso2`),
  UNIQUE KEY `pais_codigo_iso3_unique` (`codigo_iso3`)
) ENGINE=InnoDB AUTO_INCREMENT=21 DEFAULT CHARSET=utf8mb4 COLLATE=utf8mb4_unicode_ci;

--
-- Truncar tablas antes de insertar `pais`
--

TRUNCATE TABLE `pais`;
--
-- Volcado de datos para la tabla `pais`
--

INSERT INTO `pais` (`id`, `nombre`, `codigo_iso2`, `codigo_iso3`, `codigo_telefonico`, `moneda_principal`, `simbolo_moneda`, `idioma_principal`, `continente`, `zona_horaria`, `formato_fecha`, `formato_moneda`, `impuesto_predeterminado`, `separador_miles`, `separador_decimales`, `decimales_moneda`, `activo`, `created_at`, `updated_at`) VALUES
(1, 'Argentina', 'AR', 'ARG', '+54', 'ARS', '$', 'es', 'América del Sur', 'America/Argentina/Buenos_Aires', 'dd/mm/yyyy', '1.234,56', 21.00, '.', ',', 2, 1, '2025-11-26 14:20:02', '2025-11-26 14:20:02'),
(2, 'Bolivia', 'BO', 'BOL', '+591', 'BOB', 'Bs.', 'es', 'América del Sur', 'America/La_Paz', 'dd/mm/yyyy', '1.234,56', 13.00, '.', ',', 2, 1, '2025-11-26 14:20:02', '2025-11-26 14:20:02'),
(3, 'Brasil', 'BR', 'BRA', '+55', 'BRL', 'R$', 'pt', 'América del Sur', 'America/Sao_Paulo', 'dd/mm/yyyy', '1.234,56', 17.00, '.', ',', 2, 1, '2025-11-26 14:20:02', '2025-11-26 14:20:02'),
(4, 'Chile', 'CL', 'CHL', '+56', 'CLP', '$', 'es', 'América del Sur', 'America/Santiago', 'dd-mm-yyyy', '1.234.567', 19.00, '.', '', 0, 1, '2025-11-26 14:20:02', '2025-11-26 14:20:02'),
(5, 'Colombia', 'CO', 'COL', '+57', 'COP', '$', 'es', 'América del Sur', 'America/Bogota', 'dd/mm/yyyy', '$1.234,56', 19.00, '.', ',', 2, 1, '2025-11-26 14:20:02', '2025-11-26 14:20:02'),
(6, 'Costa Rica', 'CR', 'CRI', '+506', 'CRC', '₡', 'es', 'América Central', 'America/Costa_Rica', 'dd/mm/yyyy', '1.234,56', 13.00, '.', ',', 2, 1, '2025-11-26 14:20:02', '2025-11-26 14:20:02'),
(7, 'Cuba', 'CU', 'CUB', '+53', 'CUP', '$', 'es', 'El Caribe', 'America/Havana', 'dd/mm/yyyy', '1.234,56', 10.00, '.', ',', 2, 1, '2025-11-26 14:20:02', '2025-11-26 14:20:02'),
(8, 'Ecuador', 'EC', 'ECU', '+593', 'USD', '$', 'es', 'América del Sur', 'America/Guayaquil', 'dd/mm/yyyy', '$1.234,56', 12.00, '.', ',', 2, 1, '2025-11-26 14:20:02', '2025-11-26 14:20:02'),
(9, 'El Salvador', 'SV', 'SLV', '+503', 'USD', '$', 'es', 'América Central', 'America/El_Salvador', 'dd/mm/yyyy', '$1.234,56', 13.00, '.', ',', 2, 1, '2025-11-26 14:20:02', '2025-11-26 14:20:02'),
(10, 'Guatemala', 'GT', 'GTM', '+502', 'GTQ', 'Q', 'es', 'América Central', 'America/Guatemala', 'dd/mm/yyyy', 'Q1.234,56', 12.00, '.', ',', 2, 1, '2025-11-26 14:20:02', '2025-11-26 14:20:02'),
(11, 'Honduras', 'HN', 'HND', '+504', 'HNL', 'L', 'es', 'América Central', 'America/Tegucigalpa', 'dd/mm/yyyy', 'L1.234,56', 15.00, '.', ',', 2, 1, '2025-11-26 14:20:02', '2025-11-26 14:20:02'),
(12, 'México', 'MX', 'MEX', '+52', 'MXN', '$', 'es', 'América del Norte', 'America/Mexico_City', 'dd/mm/yyyy', '$1.234,56', 16.00, ',', '.', 2, 1, '2025-11-26 14:20:02', '2025-11-26 14:20:02'),
(13, 'Nicaragua', 'NI', 'NIC', '+505', 'NIO', 'C$', 'es', 'América Central', 'America/Managua', 'dd/mm/yyyy', 'C$1.234,56', 15.00, '.', ',', 2, 1, '2025-11-26 14:20:02', '2025-11-26 14:20:02'),
(14, 'Panamá', 'PA', 'PAN', '+507', 'USD', '$', 'es', 'América Central', 'America/Panama', 'dd/mm/yyyy', '$1.234,56', 7.00, '.', ',', 2, 1, '2025-11-26 14:20:02', '2025-11-26 14:20:02'),
(15, 'Paraguay', 'PY', 'PRY', '+595', 'PYG', '₲', 'es', 'América del Sur', 'America/Asuncion', 'dd/mm/yyyy', '₲1.234,56', 10.00, '.', ',', 2, 1, '2025-11-26 14:20:02', '2025-11-26 14:20:02'),
(16, 'Perú', 'PE', 'PER', '+51', 'PEN', 'S/.', 'es', 'América del Sur', 'America/Lima', 'dd/mm/yyyy', 'S/. 1.234,56', 18.00, '.', ',', 2, 1, '2025-11-26 14:20:02', '2025-11-26 14:20:02'),
(17, 'Puerto Rico', 'PR', 'PRI', '+1', 'USD', '$', 'es', 'El Caribe', 'America/Puerto_Rico', 'mm/dd/yyyy', '$1,234.56', 11.50, ',', '.', 2, 1, '2025-11-26 14:20:02', '2025-11-26 14:20:02'),
(18, 'República Dominicana', 'DO', 'DOM', '+1', 'DOP', 'RD$', 'es', 'El Caribe', 'America/Santo_Domingo', 'dd/mm/yyyy', 'RD$1.234,56', 18.00, '.', ',', 2, 1, '2025-11-26 14:20:02', '2025-11-26 14:20:02'),
(19, 'Uruguay', 'UY', 'URY', '+598', 'UYU', '$U', 'es', 'América del Sur', 'America/Montevideo', 'dd/mm/yyyy', '$U 1.234,56', 22.00, '.', ',', 2, 1, '2025-11-26 14:20:02', '2025-11-26 14:20:02'),
(20, 'Venezuela', 'VE', 'VEN', '+58', 'VES', '$', 'es', 'América del Sur', 'America/Caracas', 'dd/mm/yyyy', 'Bs. 1.234,56', 16.00, '.', ',', 2, 1, '2025-11-26 14:20:02', '2025-11-26 14:20:02');

-- --------------------------------------------------------

--
-- Estructura de tabla para la tabla `pedidos`
--

CREATE TABLE IF NOT EXISTS `pedidos` (
  `id` bigint(20) UNSIGNED NOT NULL AUTO_INCREMENT,
  `fecha` varchar(255) NOT NULL DEFAULT '2025-11-26',
  `fecha_entrega` timestamp NULL DEFAULT NULL,
  `total_usd` varchar(255) NOT NULL,
  `total_bs` varchar(255) NOT NULL,
  `codigo` varchar(255) NOT NULL,
  `metodo_pago` varchar(255) NOT NULL,
  `ubicacion` varchar(255) NOT NULL,
  `longitud` varchar(255) NOT NULL,
  `latitud` varchar(255) NOT NULL,
  `nota` text DEFAULT NULL,
  `estado` varchar(255) NOT NULL,
  `empresaId` bigint(20) UNSIGNED NOT NULL,
  `userId` bigint(20) UNSIGNED NOT NULL,
  `created_at` timestamp NULL DEFAULT NULL,
  `updated_at` timestamp NULL DEFAULT NULL,
  PRIMARY KEY (`id`),
  KEY `pedidos_empresaid_foreign` (`empresaId`),
  KEY `pedidos_userid_foreign` (`userId`)
) ENGINE=InnoDB AUTO_INCREMENT=58 DEFAULT CHARSET=utf8mb4 COLLATE=utf8mb4_unicode_ci;

--
-- Truncar tablas antes de insertar `pedidos`
--

TRUNCATE TABLE `pedidos`;
--
-- Volcado de datos para la tabla `pedidos`
--

INSERT INTO `pedidos` (`id`, `fecha`, `fecha_entrega`, `total_usd`, `total_bs`, `codigo`, `metodo_pago`, `ubicacion`, `longitud`, `latitud`, `nota`, `estado`, `empresaId`, `userId`, `created_at`, `updated_at`) VALUES
(1, '2025-11-26 11:32:24', '2025-11-26 15:55:54', '3.95', '3.95', '1', 'Pago Móvil', 'Coordenadas: 10.496247, -66.881078. Por favor, corrige esta dirección.', '-66.88107824515', '10.49624673279', NULL, 'entregado', 1, 2, '2025-11-26 15:32:24', '2025-11-26 16:39:25'),
(2, '2025-11-26 12:03:08', '2025-11-26 16:09:27', '74.25', '74.25', '3', 'Efectivo', 'Coordenadas: 10.496283, -66.881054. Por favor, corrige esta dirección.', '-66.881054156342', '10.496283182522', NULL, 'entregado', 1, 2, '2025-11-26 16:03:08', '2025-11-26 16:09:27'),
(3, '2025-11-26 12:13:08', '2025-11-26 16:31:18', '17.75', '17.75', '4', 'Efectivo', 'Llegada, Avenida Las Acacias, Las Delicias, Sabana Grande, Caracas, Parroquia El Recreo, Municipio Libertador, Distrito Metropolitano de Caracas, Distrito Capital, 1050, Venezuela', '-66.881053327039', '10.496271797425', NULL, 'entregado', 1, 2, '2025-11-26 16:13:08', '2025-11-26 16:31:18'),
(4, '2025-11-26 14:24:37', '2025-11-27 13:33:03', '77.1', '77.1', '0005', 'Pago Móvil', 'Llegada, Avenida Las Acacias, Las Delicias, Sabana Grande, Caracas, Parroquia El Recreo, Municipio Libertador, Distrito Metropolitano de Caracas, Distrito Capital, 1050, Venezuela', '-66.88107824514962', '10.496246732790322', NULL, 'entregado', 1, 2, '2025-11-26 18:24:37', '2025-11-27 13:33:03'),
(5, '2025-11-27 09:30:30', '2025-11-27 13:33:26', '1.05', '1.05', '0006', 'Efectivo Bs', 'Bajo el Reloj, Avenida Las Acacias, Las Delicias, Sabana Grande, Caracas, Parroquia El Recreo, Municipio Libertador, Distrito Metropolitano de Caracas, Distrito Capital, 1050, Venezuela', '-66.8813307', '10.4962548', NULL, 'entregado', 1, 2, '2025-11-27 13:30:30', '2025-11-27 13:33:26'),
(6, '2025-11-27 10:19:31', '2025-11-27 15:05:14', '18.4', '18.4', '0007', 'Pago Móvil', 'Bajo el Reloj, Avenida Las Acacias, Las Delicias, Sabana Grande, Caracas, Parroquia El Recreo, Municipio Libertador, Distrito Metropolitano de Caracas, Distrito Capital, 1050, Venezuela', '-66.8813366', '10.4962642', NULL, 'entregado', 1, 2, '2025-11-27 14:19:31', '2025-11-27 15:05:14'),
(7, '2025-11-28 16:51:43', NULL, '31.5', '31.5', '0008', 'Mixto', 'Bajo el Reloj, Avenida Las Acacias, Las Delicias, Sabana Grande, Caracas, Parroquia El Recreo, Municipio Libertador, Distrito Metropolitano de Caracas, Distrito Capital, 1050, Venezuela', '-66.8813312', '10.4962577', NULL, 'asignado', 1, 2, '2025-11-28 20:51:43', '2025-12-02 14:08:05'),
(8, '2025-11-28 16:56:55', NULL, '7.5', '7.5', '0009', 'Mixto', 'Seguros La Previsora, Avenida Las Acacias, Las Delicias, Sabana Grande, Caracas, Parroquia El Recreo, Municipio Libertador, Distrito Metropolitano de Caracas, Distrito Capital, 1050, Venezuela', '-66.8813507', '10.4962903', NULL, 'asignado', 1, 2, '2025-11-28 20:56:55', '2025-12-02 14:08:00'),
(9, '2025-11-28 17:02:48', NULL, '3.75', '3.75', '0010', 'Mixto', 'Bajo el Reloj, Avenida Las Acacias, Las Delicias, Sabana Grande, Caracas, Parroquia El Recreo, Municipio Libertador, Distrito Metropolitano de Caracas, Distrito Capital, 1050, Venezuela', '-66.8813277', '10.4962529', NULL, 'asignado', 1, 2, '2025-11-28 21:02:48', '2025-12-02 14:07:55'),
(10, '2025-12-02 13:00:44', NULL, '170', '170', '0011', 'Efectivo', 'Bajo el Reloj, Avenida Las Acacias, Las Delicias, Sabana Grande, Caracas, Parroquia El Recreo, Municipio Libertador, Distrito Metropolitano de Caracas, Distrito Capital, 1050, Venezuela', '-66.8813273', '10.4962585', NULL, 'pagado', 1, 2, '2025-12-02 17:00:44', '2025-12-10 23:56:38'),
(11, '2025-12-02 18:59:52', NULL, '60', '60', '0012', 'Efectivo', 'Pasaje 10, El Conde, Hornos de Cal, San Agustín Sur, Caracas, Parroquia San Agustín, Municipio Libertador, Distrito Metropolitano de Caracas, Distrito Capital, 1010, Venezuela', '-66.9066674', '10.494296', NULL, 'pagado', 1, 17, '2025-12-02 22:59:52', '2025-12-10 23:56:41'),
(12, '2025-12-02 20:03:55', NULL, '140', '140', '0013', 'Efectivo', 'Pasaje La Ceiba, Hornos de Cal, San Agustín Sur, Caracas, Parroquia San Agustín, Municipio Libertador, Distrito Metropolitano de Caracas, Distrito Capital, 1050, Venezuela', '-66.9063247', '10.4934825', NULL, 'pagado', 1, 17, '2025-12-03 00:03:55', '2025-12-10 23:56:47'),
(13, '2025-12-03 03:41:52', NULL, '190', '190', '0014', 'Efectivo Bs', 'Pasaje 10, El Conde, Hornos de Cal, San Agustín Sur, Caracas, Parroquia San Agustín, Municipio Libertador, Distrito Metropolitano de Caracas, Distrito Capital, 1010, Venezuela', '-66.9065695', '10.4942843', NULL, 'pagado', 1, 17, '2025-12-03 07:41:52', '2025-12-10 23:56:55'),
(14, '2025-12-03 03:47:56', NULL, '120', '120', '0015', 'Transferencia', 'Pasaje 10, El Conde, Hornos de Cal, San Agustín Sur, Caracas, Parroquia San Agustín, Municipio Libertador, Distrito Metropolitano de Caracas, Distrito Capital, 1010, Venezuela', '-66.9065695', '10.4942843', NULL, 'pagado', 1, 17, '2025-12-03 07:47:56', '2025-12-10 23:56:59'),
(15, '2025-12-05 19:34:36', NULL, '170', '170', '0016', 'Efectivo', 'Hornos de Cal, San Agustín Sur, Caracas, Parroquia San Pedro, Municipio Libertador, Distrito Metropolitano de Caracas, Distrito Capital, 1050, Venezuela', '-66.9043883', '10.4903846', NULL, 'pagado', 1, 17, '2025-12-05 23:34:36', '2025-12-10 23:57:03'),
(16, '2025-12-05 19:39:01', NULL, '60', '60', '0017', 'Mixto', 'Hornos de Cal, San Agustín Sur, Caracas, Parroquia San Pedro, Municipio Libertador, Distrito Metropolitano de Caracas, Distrito Capital, 1050, Venezuela', '-66.9043883', '10.4903846', NULL, 'asignado', 1, 17, '2025-12-05 23:39:01', '2025-12-05 23:43:36'),
(17, '2025-12-06 21:43:20', NULL, '50', '50', '0018', 'Efectivo', 'Hornos de Cal, San Agustín Sur, Caracas, Parroquia San Pedro, Municipio Libertador, Distrito Metropolitano de Caracas, Distrito Capital, 1050, Venezuela', '-66.9044229', '10.4903404', NULL, 'pagado', 1, 17, '2025-12-07 01:43:20', '2025-12-10 23:57:33'),
(18, '2025-12-06 21:44:38', NULL, '128.5', '128.5', '0019', 'Efectivo', 'Hornos de Cal, San Agustín Sur, Caracas, Parroquia San Pedro, Municipio Libertador, Distrito Metropolitano de Caracas, Distrito Capital, 1050, Venezuela', '-66.9044229', '10.4903404', NULL, 'asignado', 1, 17, '2025-12-07 01:44:38', '2025-12-13 03:27:07'),
(19, '2025-12-06 22:27:09', NULL, '94.4', '94.4', '0020', 'Efectivo Bs', 'Hornos de Cal, San Agustín Sur, Caracas, Parroquia San Pedro, Municipio Libertador, Distrito Metropolitano de Caracas, Distrito Capital, 1050, Venezuela', '-66.9044154', '10.4902622', NULL, 'asignado', 1, 17, '2025-12-07 02:27:09', '2025-12-13 03:20:44'),
(20, '2025-12-07 07:00:12', NULL, '92', '92', '0021', 'Efectivo Bs', 'Pasaje La Ceiba, Hornos de Cal, San Agustín Sur, Caracas, Parroquia San Agustín, Municipio Libertador, Distrito Metropolitano de Caracas, Distrito Capital, 1050, Venezuela', '-66.9063293', '10.4934842', NULL, 'asignado', 1, 17, '2025-12-07 11:00:12', '2025-12-13 02:52:36'),
(21, '2025-12-07 15:12:26', NULL, '38', '38', '0022', 'Transferencia', 'San Agustín Sur, Caracas, Parroquia San Agustín, Municipio Libertador, Distrito Metropolitano de Caracas, Distrito Capital, 1014, Venezuela', '-66.9100429', '10.4905207', NULL, 'asignado', 1, 17, '2025-12-07 19:12:26', '2025-12-13 02:44:40'),
(22, '2025-12-07 17:24:23', NULL, '261.4', '261.4', '0023', 'Efectivo Bs', 'Hornos de Cal, San Agustín Sur, Caracas, Parroquia San Pedro, Municipio Libertador, Distrito Metropolitano de Caracas, Distrito Capital, 1050, Venezuela', '-66.9046467', '10.4903367', NULL, 'asignado', 1, 17, '2025-12-07 21:24:23', '2025-12-13 02:42:42'),
(23, '2025-12-12 01:10:47', NULL, '174.85', '174.85', '0024', 'Mixto', 'El Conde, Hornos de Cal, San Agustín Sur, Caracas, Parroquia San Agustín, Municipio Libertador, Distrito Metropolitano de Caracas, Distrito Capital, 1010, Venezuela', '-66.90516708168282', '10.493799350177872', NULL, 'asignado', 1, 2, '2025-12-12 05:10:47', '2025-12-13 02:19:19'),
(24, '2025-12-12 16:36:13', NULL, '50', '50', '0025', 'Efectivo', 'El Conde, Hornos de Cal, San Agustín Sur, Caracas, Parroquia San Agustín, Municipio Libertador, Distrito Metropolitano de Caracas, Distrito Capital, 1010, Venezuela', '-66.905081062282', '10.493776673017', NULL, 'asignado', 1, 25, '2025-12-12 20:36:13', '2025-12-13 02:18:16'),
(25, '2025-12-12 21:11:41', NULL, '27.5', '27.5', '0026', 'Pago Móvil', 'El Conde, Hornos de Cal, San Agustín Sur, Caracas, Parroquia San Agustín, Municipio Libertador, Distrito Metropolitano de Caracas, Distrito Capital, 1010, Venezuela', '-66.90506601667', '10.493821624107', NULL, 'asignado', 1, 25, '2025-12-13 01:11:41', '2025-12-13 02:06:29'),
(26, '2025-12-15 19:02:17', NULL, '31', '31', '0027', 'Mixto', 'Pasaje 10, El Conde, Hornos de Cal, San Agustín Sur, Caracas, Parroquia San Agustín, Municipio Libertador, Distrito Metropolitano de Caracas, Distrito Capital, 1010, Venezuela', '-66.9065722', '10.4942768', NULL, 'Pendiente', 1, 17, '2025-12-15 23:02:17', '2025-12-15 23:02:17'),
(27, '2025-12-16 16:20:02', NULL, '43.2', '43.2', '0028', 'Mixto', 'Pasaje 10, El Conde, Hornos de Cal, San Agustín Sur, Caracas, Parroquia San Agustín, Municipio Libertador, Distrito Metropolitano de Caracas, Distrito Capital, 1010, Venezuela', '-66.9066517', '10.4942635', NULL, 'Pendiente', 1, 17, '2025-12-16 20:20:02', '2025-12-16 20:20:02'),
(28, '2025-12-17 05:55:42', NULL, '470.7', '470.7', '0029', 'Mixto', 'Pasaje 10, El Conde, Hornos de Cal, San Agustín Sur, Caracas, Parroquia San Agustín, Municipio Libertador, Distrito Metropolitano de Caracas, Distrito Capital, 1010, Venezuela', '-66.9065567', '10.4942954', NULL, 'Pendiente', 1, 17, '2025-12-17 09:55:42', '2025-12-17 09:55:42'),
(29, '2025-12-17 09:02:25', NULL, '176.5', '176.5', '0030', 'Mixto', 'Pasaje 10, El Conde, Hornos de Cal, San Agustín Sur, Caracas, Parroquia San Agustín, Municipio Libertador, Distrito Metropolitano de Caracas, Distrito Capital, 1010, Venezuela', '-66.9066345', '10.4942494', NULL, 'Pendiente', 1, 17, '2025-12-17 13:02:25', '2025-12-17 13:02:25'),
(30, '2025-12-17 17:50:19', NULL, '100.5', '100.5', '0031', 'Efectivo Bs', 'Pasaje 10, El Conde, Hornos de Cal, San Agustín Sur, Caracas, Parroquia San Agustín, Municipio Libertador, Distrito Metropolitano de Caracas, Distrito Capital, 1010, Venezuela', '-66.9066287', '10.4942551', NULL, 'Pendiente', 1, 17, '2025-12-17 21:50:19', '2025-12-17 21:50:19'),
(31, '2025-12-17 19:32:36', '2025-12-17 23:42:20', '120', '120', '0032', 'Efectivo', 'Hornos de Cal, San Agustín Sur, Caracas, Parroquia San Pedro, Municipio Libertador, Distrito Metropolitano de Caracas, Distrito Capital, 1050, Venezuela', '-66.904216815982', '10.489994942423', NULL, 'entregado', 1, 39, '2025-12-17 23:32:36', '2025-12-17 23:42:20'),
(32, '2025-12-17 19:49:58', '2025-12-17 23:59:35', '47.6', '47.6', '0033', 'Mixto', 'Hornos de Cal, San Agustín Sur, Caracas, Parroquia San Pedro, Municipio Libertador, Distrito Metropolitano de Caracas, Distrito Capital, 1050, Venezuela', '-66.904313299323', '10.490536429851', NULL, 'entregado', 1, 2, '2025-12-17 23:49:58', '2025-12-17 23:59:35'),
(33, '2025-12-17 20:04:33', NULL, '66', '66', '0034', 'Mixto', 'Calle Internacional, Colinas de Las Acacias, Caracas, Parroquia San Pedro, Municipio Libertador, Distrito Metropolitano de Caracas, Distrito Capital, 1050, Venezuela', '-66.904480008111', '10.490614354641', NULL, 'Procesando', 1, 2, '2025-12-18 00:04:33', '2025-12-18 00:07:32'),
(34, '2025-12-17 20:23:33', NULL, '59', '59', '0035', 'Efectivo', 'Calle Internacional, Colinas de Las Acacias, Caracas, Parroquia San Pedro, Municipio Libertador, Distrito Metropolitano de Caracas, Distrito Capital, 1050, Venezuela', '-66.904289589582', '10.490788589357', NULL, 'Pendiente', 1, 2, '2025-12-18 00:23:33', '2025-12-18 00:23:33'),
(35, '2025-12-18 08:28:12', NULL, '112', '112', '0036', 'Efectivo', 'Pasaje La Ceiba, Hornos de Cal, San Agustín Sur, Caracas, Parroquia San Agustín, Municipio Libertador, Distrito Metropolitano de Caracas, Distrito Capital, 1050, Venezuela', '-66.9053168', '10.4936015', NULL, 'Pendiente', 1, 40, '2025-12-18 12:28:12', '2025-12-18 12:28:12'),
(36, '2025-12-18 08:33:07', NULL, '20', '20', '0037', 'Pago Móvil', 'El Conde, Hornos de Cal, San Agustín Sur, Caracas, Parroquia San Agustín, Municipio Libertador, Distrito Metropolitano de Caracas, Distrito Capital, 1010, Venezuela', '-66.9053241', '10.4936698', NULL, 'Pendiente', 1, 40, '2025-12-18 12:33:07', '2025-12-18 12:33:07'),
(37, '2025-12-18 19:43:28', NULL, '14.3', '14.3', '0038', 'Transferencia', 'Pasaje 10, El Conde, Hornos de Cal, San Agustín Sur, Caracas, Parroquia San Agustín, Municipio Libertador, Distrito Metropolitano de Caracas, Distrito Capital, 1010, Venezuela', '-66.9065674', '10.4942782', NULL, 'Pendiente', 1, 17, '2025-12-18 23:43:28', '2025-12-18 23:43:28'),
(38, '2025-12-19 09:27:01', NULL, '23.2', '23.2', '0039', 'Mixto', 'Pasaje 10, El Conde, Hornos de Cal, San Agustín Sur, Caracas, Parroquia San Agustín, Municipio Libertador, Distrito Metropolitano de Caracas, Distrito Capital, 1010, Venezuela', '-66.9066218', '10.4942401', NULL, 'Pendiente', 1, 17, '2025-12-19 13:27:01', '2025-12-19 13:27:01'),
(39, '2025-12-19 13:56:40', NULL, '48', '48', '0040', 'Mixto', 'Pasaje 10, El Conde, Hornos de Cal, San Agustín Sur, Caracas, Parroquia San Agustín, Municipio Libertador, Distrito Metropolitano de Caracas, Distrito Capital, 1010, Venezuela', '-66.9065377', '10.494275', NULL, 'Pendiente', 1, 17, '2025-12-19 17:56:40', '2025-12-19 17:56:40'),
(40, '2025-12-23 16:05:51', NULL, '192', '192', '0041', 'Mixto', 'Pasaje 10, El Conde, Hornos de Cal, San Agustín Sur, Caracas, Parroquia San Agustín, Municipio Libertador, Distrito Metropolitano de Caracas, Distrito Capital, 1010, Venezuela', '-66.9065939', '10.494297', NULL, 'Pendiente', 1, 17, '2025-12-23 20:05:51', '2025-12-23 20:05:51'),
(41, '2025-12-23 19:53:09', NULL, '177.5', '177.5', '0042', 'Mixto', 'Avenida Leonardo Ruiz Pineda, El Conde, Hornos de Cal, San Agustín Sur, Caracas, Parroquia San Agustín, Municipio Libertador, Distrito Metropolitano de Caracas, Distrito Capital, 1010, Venezuela', '-66.9040913', '10.4956332', NULL, 'Pendiente', 1, 17, '2025-12-23 23:53:09', '2025-12-23 23:53:09'),
(42, '2025-12-25 07:17:28', NULL, '83.5', '83.5', '0043', 'Efectivo Bs', 'Calle Los Pájaros, Hornos de Cal, San Agustín Sur, Caracas, Parroquia San Agustín, Municipio Libertador, Distrito Metropolitano de Caracas, Distrito Capital, 1014, Venezuela', '-66.9068276', '10.4940019', NULL, 'Pendiente', 1, 46, '2025-12-25 11:17:28', '2025-12-25 11:17:28'),
(43, '2025-12-26 05:10:26', NULL, '29', '29', '0044', 'Mixto', 'Pasaje 10, El Conde, Hornos de Cal, San Agustín Sur, Caracas, Parroquia San Agustín, Municipio Libertador, Distrito Metropolitano de Caracas, Distrito Capital, 1010, Venezuela', '-66.9065888', '10.4942772', NULL, 'Pendiente', 1, 17, '2025-12-26 09:10:26', '2025-12-26 09:10:26'),
(44, '2025-12-26 19:34:14', NULL, '79', '79', '0045', 'Efectivo Bs', 'Error al cargar la dirección.', '-66.9066407', '10.4942716', NULL, 'Pendiente', 1, 17, '2025-12-26 23:34:14', '2025-12-26 23:34:14'),
(45, '2025-12-27 07:11:59', NULL, '178', '178', '0046', 'Efectivo Bs', 'Hornos de Cal, San Agustín Sur, Caracas, Parroquia San Pedro, Municipio Libertador, Distrito Metropolitano de Caracas, Distrito Capital, 1050, Venezuela', '-66.9052449', '10.4901336', NULL, 'Pendiente', 1, 17, '2025-12-27 11:11:59', '2025-12-27 11:11:59'),
(46, '2025-12-27 10:09:46', NULL, '58.7', '58.7', '0047', 'Mixto', 'Pasaje 10, El Conde, Hornos de Cal, San Agustín Sur, Caracas, Parroquia San Agustín, Municipio Libertador, Distrito Metropolitano de Caracas, Distrito Capital, 1010, Venezuela', '-66.9065276', '10.494279', NULL, 'Pendiente', 1, 17, '2025-12-27 14:09:46', '2025-12-27 14:09:46'),
(47, '2025-12-27 18:51:54', NULL, '200', '200', '0048', 'Efectivo Bs', 'Pasaje 10, El Conde, Hornos de Cal, San Agustín Sur, Caracas, Parroquia San Agustín, Municipio Libertador, Distrito Metropolitano de Caracas, Distrito Capital, 1010, Venezuela', '-66.9065951', '10.4942887', NULL, 'Pendiente', 1, 17, '2025-12-27 22:51:54', '2025-12-27 22:51:54'),
(48, '2025-12-27 18:58:45', NULL, '109', '109', '0049', 'Efectivo', 'Pasaje 10, El Conde, Hornos de Cal, San Agustín Sur, Caracas, Parroquia San Agustín, Municipio Libertador, Distrito Metropolitano de Caracas, Distrito Capital, 1010, Venezuela', '-66.9066197', '10.4943098', NULL, 'Pendiente', 1, 17, '2025-12-27 22:58:45', '2025-12-27 22:58:45'),
(49, '2025-12-28 15:12:46', NULL, '127', '127', '0050', 'Transferencia', 'El Conde, Hornos de Cal, San Agustín Sur, Caracas, Parroquia San Agustín, Municipio Libertador, Distrito Metropolitano de Caracas, Distrito Capital, 1010, Venezuela', '-66.9049158', '10.4939577', NULL, 'Pendiente', 1, 17, '2025-12-28 19:12:46', '2025-12-28 19:12:46'),
(50, '2025-12-29 22:08:28', NULL, '92.5', '92.5', '0051', 'Transferencia', 'Hornos de Cal, San Agustín Sur, Caracas, Parroquia San Pedro, Municipio Libertador, Distrito Metropolitano de Caracas, Distrito Capital, 1050, Venezuela', '-66.9043629', '10.4904371', NULL, 'Pendiente', 1, 17, '2025-12-30 02:08:28', '2025-12-30 02:08:28'),
(51, '2025-12-29 22:20:44', '2025-12-30 02:26:43', '55', '55', '0052', 'Transferencia', 'Hornos de Cal, San Agustín Sur, Caracas, Parroquia San Pedro, Municipio Libertador, Distrito Metropolitano de Caracas, Distrito Capital, 1050, Venezuela', '-66.9043629', '10.4904371', NULL, 'entregado', 1, 17, '2025-12-30 02:20:44', '2025-12-30 02:26:43'),
(52, '2025-12-30 04:42:13', NULL, '466.5', '466.5', '0053', 'Transferencia', 'Pasaje 10, El Conde, Hornos de Cal, San Agustín Sur, Caracas, Parroquia San Agustín, Municipio Libertador, Distrito Metropolitano de Caracas, Distrito Capital, 1010, Venezuela', '-66.9065753', '10.4942787', NULL, 'Pendiente', 1, 17, '2025-12-30 08:42:13', '2025-12-30 08:42:13'),
(53, '2025-12-30 05:51:31', NULL, '99.5', '99.5', '0054', 'Efectivo Bs', 'Pasaje 10, El Conde, Hornos de Cal, San Agustín Sur, Caracas, Parroquia San Agustín, Municipio Libertador, Distrito Metropolitano de Caracas, Distrito Capital, 1010, Venezuela', '-66.9065406', '10.494287', NULL, 'Pendiente', 1, 17, '2025-12-30 09:51:31', '2025-12-30 09:51:31'),
(54, '2025-12-30 06:34:22', NULL, '46', '46', '0055', 'Transferencia', 'Hornos de Cal, San Agustín Sur, Caracas, Parroquia San Pedro, Municipio Libertador, Distrito Metropolitano de Caracas, Distrito Capital, 1050, Venezuela', '-66.9044205', '10.4902554', NULL, 'Pendiente', 1, 17, '2025-12-30 10:34:22', '2025-12-30 10:34:22'),
(55, '2025-12-30 14:12:19', NULL, '100.5', '100.5', '0056', 'Transferencia', 'Pasaje 10, El Conde, Hornos de Cal, San Agustín Sur, Caracas, Parroquia San Agustín, Municipio Libertador, Distrito Metropolitano de Caracas, Distrito Capital, 1010, Venezuela', '-66.9065829', '10.4942395', NULL, 'Pendiente', 1, 17, '2025-12-30 18:12:19', '2025-12-30 18:12:19'),
(56, '2025-12-30 16:43:11', NULL, '28.5', '28.5', '0057', 'Efectivo', 'El Conde, Hornos de Cal, San Agustín Sur, Caracas, Parroquia San Agustín, Municipio Libertador, Distrito Metropolitano de Caracas, Distrito Capital, 1010, Venezuela', '-66.90507810587', '10.493847739735', NULL, 'Pendiente', 1, 14, '2025-12-30 20:43:11', '2025-12-30 20:43:11'),
(57, '2025-12-30 16:45:32', NULL, '153', '153', '0058', 'Efectivo', 'El Conde, Hornos de Cal, San Agustín Sur, Caracas, Parroquia San Agustín, Municipio Libertador, Distrito Metropolitano de Caracas, Distrito Capital, 1010, Venezuela', '-66.905087294215', '10.493739924911', NULL, 'Pendiente', 1, 14, '2025-12-30 20:45:32', '2025-12-30 20:45:32');

-- --------------------------------------------------------

--
-- Estructura de tabla para la tabla `pedido_historial`
--

CREATE TABLE IF NOT EXISTS `pedido_historial` (
  `id` bigint(20) UNSIGNED NOT NULL AUTO_INCREMENT,
  `pedido_id` bigint(20) UNSIGNED NOT NULL,
  `estado` varchar(255) NOT NULL,
  `comentario` text DEFAULT NULL,
  `usuario_id` bigint(20) UNSIGNED DEFAULT NULL,
  `created_at` timestamp NULL DEFAULT NULL,
  `updated_at` timestamp NULL DEFAULT NULL,
  PRIMARY KEY (`id`),
  KEY `pedido_historial_pedido_id_foreign` (`pedido_id`),
  KEY `pedido_historial_usuario_id_foreign` (`usuario_id`)
) ENGINE=InnoDB DEFAULT CHARSET=utf8mb4 COLLATE=utf8mb4_unicode_ci;

--
-- Truncar tablas antes de insertar `pedido_historial`
--

TRUNCATE TABLE `pedido_historial`;
-- --------------------------------------------------------

--
-- Estructura de tabla para la tabla `pedido_pago`
--

CREATE TABLE IF NOT EXISTS `pedido_pago` (
  `id` bigint(20) UNSIGNED NOT NULL AUTO_INCREMENT,
  `caja_id` bigint(20) UNSIGNED DEFAULT NULL,
  `fecha` varchar(255) NOT NULL DEFAULT '2025-11-26',
  `total_usd` varchar(255) NOT NULL,
  `total_bs` decimal(15,2) DEFAULT NULL,
  `referencia` varchar(255) DEFAULT NULL,
  `metodo_pago` varchar(255) DEFAULT NULL,
  `empresaId` bigint(20) UNSIGNED NOT NULL,
  `userId` bigint(20) UNSIGNED NOT NULL,
  `pedidoId` bigint(20) UNSIGNED NOT NULL,
  `nota` varchar(255) NOT NULL,
  `status` varchar(255) NOT NULL DEFAULT 'PENDENTE',
  `created_at` timestamp NULL DEFAULT NULL,
  `updated_at` timestamp NULL DEFAULT NULL,
  PRIMARY KEY (`id`),
  KEY `pedido_pago_empresaid_foreign` (`empresaId`),
  KEY `pedido_pago_userid_foreign` (`userId`),
  KEY `pedido_pago_pedidoid_foreign` (`pedidoId`),
  KEY `pedido_pago_caja_id_foreign` (`caja_id`)
) ENGINE=InnoDB AUTO_INCREMENT=75 DEFAULT CHARSET=utf8mb4 COLLATE=utf8mb4_unicode_ci;

--
-- Truncar tablas antes de insertar `pedido_pago`
--

TRUNCATE TABLE `pedido_pago`;
--
-- Volcado de datos para la tabla `pedido_pago`
--

INSERT INTO `pedido_pago` (`id`, `caja_id`, `fecha`, `total_usd`, `total_bs`, `referencia`, `metodo_pago`, `empresaId`, `userId`, `pedidoId`, `nota`, `status`, `created_at`, `updated_at`) VALUES
(1, 1, '2025-11-26', '3.95', 3.95, '8456', 'Pago Móvil', 1, 2, 1, '', 'Pagado', '2025-11-26 15:32:24', '2025-11-26 15:32:59'),
(2, 1, '2025-11-26', '74.25', 74.25, NULL, 'Efectivo', 1, 2, 2, '', 'Pagado', '2025-11-26 16:03:08', '2025-11-26 16:03:42'),
(3, 1, '2025-11-26', '17.75', 17.75, NULL, 'Efectivo', 1, 2, 3, '', 'Pagado', '2025-11-26 16:13:08', '2025-11-26 16:13:32'),
(4, 2, '2025-11-26', '77.10', 77.10, '8569', 'Pago Móvil', 1, 2, 4, '', 'Pagado', '2025-11-26 18:24:37', '2025-11-27 13:30:59'),
(5, 2, '2025-11-26', '1.05', 1.05, NULL, 'Efectivo Bs', 1, 2, 5, '', 'Pagado', '2025-11-27 13:30:30', '2025-11-27 13:30:56'),
(6, 2, '2025-11-26', '18.40', 18.40, '5632', 'Pago Móvil', 1, 2, 6, '', 'Pagado', '2025-11-27 14:19:31', '2025-11-27 14:20:23'),
(7, 3, '2025-11-26', '31', 31.00, NULL, 'Efectivo', 1, 2, 7, '', 'Pagado', '2025-11-28 20:51:43', '2025-12-02 14:07:40'),
(8, 3, '2025-11-26', '0.50', 0.50, '123123', 'Pago Móvil', 1, 2, 7, '', 'Pagado', '2025-11-28 20:51:43', '2025-12-02 14:07:40'),
(9, 3, '2025-11-26', '7', 7.00, NULL, 'Efectivo', 1, 2, 8, '', 'Pagado', '2025-11-28 20:56:55', '2025-12-02 14:07:36'),
(10, 3, '2025-11-26', '0.50', 0.50, '3456', 'Pago Móvil', 1, 2, 8, '', 'Pagado', '2025-11-28 20:56:55', '2025-12-02 14:07:36'),
(11, 3, '2025-11-26', '3', 3.00, NULL, 'Efectivo', 1, 2, 9, '', 'Pagado', '2025-11-28 21:02:48', '2025-12-02 14:07:34'),
(12, 3, '2025-11-26', '0.75', 0.75, '1233', 'Pago Móvil', 1, 2, 9, '', 'Pagado', '2025-11-28 21:02:48', '2025-12-02 14:07:34'),
(13, 5, '2025-11-26', '170', 170.00, NULL, 'Efectivo', 1, 2, 10, '', 'Pagado', '2025-12-02 17:00:44', '2025-12-10 23:56:38'),
(14, 5, '2025-11-26', '60', 60.00, NULL, 'Efectivo', 1, 17, 11, '', 'Pagado', '2025-12-02 22:59:52', '2025-12-10 23:56:41'),
(15, 5, '2025-11-26', '140', 140.00, NULL, 'Efectivo', 1, 17, 12, '', 'Pagado', '2025-12-03 00:03:55', '2025-12-10 23:56:47'),
(16, 5, '2025-11-26', '190', 190.00, NULL, 'Efectivo Bs', 1, 17, 13, '', 'Pagado', '2025-12-03 07:41:52', '2025-12-10 23:56:55'),
(17, 5, '2025-11-26', '120', 120.00, NULL, 'Transferencia', 1, 17, 14, '', 'Pagado', '2025-12-03 07:47:56', '2025-12-10 23:56:59'),
(18, 5, '2025-11-26', '170', 170.00, NULL, 'Efectivo', 1, 17, 15, '', 'Pagado', '2025-12-05 23:34:36', '2025-12-10 23:57:03'),
(19, 4, '2025-11-26', '30', 30.00, NULL, 'Efectivo', 1, 17, 16, '', 'Pagado', '2025-12-05 23:39:01', '2025-12-05 23:40:21'),
(20, 4, '2025-11-26', '30', 30.00, '9876', 'Transferencia', 1, 17, 16, '', 'Pagado', '2025-12-05 23:39:01', '2025-12-05 23:40:21'),
(21, 5, '2025-11-26', '50', 50.00, NULL, 'Efectivo', 1, 17, 17, '', 'Pagado', '2025-12-07 01:43:20', '2025-12-10 23:57:33'),
(22, 5, '2025-11-26', '128.50', 128.50, NULL, 'Efectivo', 1, 17, 18, '', 'Pagado', '2025-12-07 01:44:38', '2025-12-10 23:57:30'),
(23, 5, '2025-11-26', '94.40', 94.40, NULL, 'Efectivo Bs', 1, 17, 19, '', 'Pagado', '2025-12-07 02:27:09', '2025-12-10 23:57:27'),
(24, 5, '2025-11-26', '92', 92.00, NULL, 'Efectivo Bs', 1, 17, 20, '', 'Pagado', '2025-12-07 11:00:12', '2025-12-10 23:57:23'),
(25, 5, '2025-11-26', '38', 38.00, '6678', 'Transferencia', 1, 17, 21, '', 'Pagado', '2025-12-07 19:12:26', '2025-12-10 23:57:19'),
(26, 5, '2025-11-26', '261.40', 261.40, NULL, 'Efectivo Bs', 1, 17, 22, '', 'Pagado', '2025-12-07 21:24:23', '2025-12-10 23:57:10'),
(27, NULL, '2025-11-26', '170', 170.00, NULL, 'Efectivo', 1, 2, 23, '', 'PENDENTE', '2025-12-12 05:10:47', '2025-12-12 05:10:47'),
(28, NULL, '2025-11-26', '4.85', 4.85, NULL, 'Efectivo Bs', 1, 2, 23, '', 'PENDENTE', '2025-12-12 05:10:47', '2025-12-12 05:10:47'),
(29, NULL, '2025-11-26', '50', 50.00, NULL, 'Efectivo', 1, 25, 24, '', 'PENDENTE', '2025-12-12 20:36:13', '2025-12-12 20:36:13'),
(30, 6, '2025-11-26', '27.50', 27.50, '8456', 'Pago Móvil', 1, 25, 25, '', 'Pagado', '2025-12-13 01:11:41', '2025-12-13 01:47:40'),
(31, NULL, '2025-11-26', '20', 20.00, NULL, 'Efectivo', 1, 17, 26, '', 'PENDENTE', '2025-12-15 23:02:17', '2025-12-15 23:02:17'),
(32, NULL, '2025-11-26', '11', 11.00, '263580', 'Pago Móvil', 1, 17, 26, '', 'PENDENTE', '2025-12-15 23:02:17', '2025-12-15 23:02:17'),
(33, NULL, '2025-11-26', '20', 20.00, '1234', 'Transferencia', 1, 17, 27, '', 'PENDENTE', '2025-12-16 20:20:02', '2025-12-16 20:20:02'),
(34, NULL, '2025-11-26', '23.2', 23.20, NULL, 'Efectivo Bs', 1, 17, 27, '', 'PENDENTE', '2025-12-16 20:20:02', '2025-12-16 20:20:02'),
(35, NULL, '2025-11-26', '200', 200.00, NULL, 'Efectivo', 1, 17, 28, '', 'PENDENTE', '2025-12-17 09:55:42', '2025-12-17 09:55:42'),
(36, NULL, '2025-11-26', '270.70', 270.70, NULL, 'Pago Móvil', 1, 17, 28, '', 'PENDENTE', '2025-12-17 09:55:42', '2025-12-17 09:55:42'),
(37, NULL, '2025-11-26', '100', 100.00, NULL, 'Efectivo Bs', 1, 17, 29, '', 'PENDENTE', '2025-12-17 13:02:25', '2025-12-17 13:02:25'),
(38, NULL, '2025-11-26', '76.50', 76.50, NULL, 'Efectivo', 1, 17, 29, '', 'PENDENTE', '2025-12-17 13:02:25', '2025-12-17 13:02:25'),
(39, NULL, '2025-11-26', '100.50', 100.50, NULL, 'Efectivo Bs', 1, 17, 30, '', 'PENDENTE', '2025-12-17 21:50:19', '2025-12-17 21:50:19'),
(40, 10, '2025-11-26', '120', 120.00, NULL, 'Efectivo', 1, 39, 31, '', 'Pagado', '2025-12-17 23:32:36', '2025-12-17 23:34:39'),
(41, 10, '2025-11-26', '30', 30.00, NULL, 'Efectivo', 1, 2, 32, '', 'Pagado', '2025-12-17 23:49:58', '2025-12-17 23:53:04'),
(42, 10, '2025-11-26', '17.60', 17.60, '23334', 'Pago Móvil', 1, 2, 32, '', 'Pagado', '2025-12-17 23:49:58', '2025-12-17 23:53:04'),
(43, 10, '2025-11-26', '25', 25.00, NULL, 'Efectivo', 1, 2, 33, '', 'Pagado', '2025-12-18 00:04:33', '2025-12-18 00:05:32'),
(44, 10, '2025-11-26', '41', 41.00, '24444', 'Pago Móvil', 1, 2, 33, '', 'Pagado', '2025-12-18 00:04:33', '2025-12-18 00:05:32'),
(45, NULL, '2025-11-26', '59', 59.00, NULL, 'Efectivo', 1, 2, 34, '', 'PENDENTE', '2025-12-18 00:23:33', '2025-12-18 00:23:33'),
(46, NULL, '2025-11-26', '112', 112.00, NULL, 'Efectivo', 1, 40, 35, '', 'PENDENTE', '2025-12-18 12:28:12', '2025-12-18 12:28:12'),
(47, NULL, '2025-11-26', '20', 20.00, '344345', 'Pago Móvil', 1, 40, 36, '', 'PENDENTE', '2025-12-18 12:33:07', '2025-12-18 12:33:07'),
(48, NULL, '2025-11-26', '14.30', 14.30, NULL, 'Transferencia', 1, 17, 37, '', 'PENDENTE', '2025-12-18 23:43:28', '2025-12-18 23:43:28'),
(49, NULL, '2025-11-26', '10', 10.00, NULL, 'Efectivo Bs', 1, 17, 38, '', 'PENDENTE', '2025-12-19 13:27:01', '2025-12-19 13:27:01'),
(50, NULL, '2025-11-26', '13.20', 13.20, NULL, 'Transferencia', 1, 17, 38, '', 'PENDENTE', '2025-12-19 13:27:01', '2025-12-19 13:27:01'),
(51, NULL, '2025-11-26', '28', 28.00, NULL, 'Efectivo Bs', 1, 17, 39, '', 'PENDENTE', '2025-12-19 17:56:40', '2025-12-19 17:56:40'),
(52, NULL, '2025-11-26', '20', 20.00, NULL, 'Efectivo', 1, 17, 39, '', 'PENDENTE', '2025-12-19 17:56:40', '2025-12-19 17:56:40'),
(53, NULL, '2025-11-26', '100', 100.00, NULL, 'Efectivo Bs', 1, 17, 40, '', 'PENDENTE', '2025-12-23 20:05:51', '2025-12-23 20:05:51'),
(54, NULL, '2025-11-26', '92', 92.00, NULL, 'Efectivo', 1, 17, 40, '', 'PENDENTE', '2025-12-23 20:05:51', '2025-12-23 20:05:51'),
(55, NULL, '2025-11-26', '100', 100.00, NULL, 'Efectivo', 1, 17, 41, '', 'PENDENTE', '2025-12-23 23:53:09', '2025-12-23 23:53:09'),
(56, NULL, '2025-11-26', '77.50', 77.50, NULL, 'Efectivo Bs', 1, 17, 41, '', 'PENDENTE', '2025-12-23 23:53:09', '2025-12-23 23:53:09'),
(57, NULL, '2025-11-26', '83.50', 83.50, NULL, 'Efectivo Bs', 1, 46, 42, '', 'PENDENTE', '2025-12-25 11:17:28', '2025-12-25 11:17:28'),
(58, NULL, '2025-11-26', '20', 20.00, NULL, 'Efectivo', 1, 17, 43, '', 'PENDENTE', '2025-12-26 09:10:26', '2025-12-26 09:10:26'),
(59, NULL, '2025-11-26', '9', 9.00, NULL, 'Efectivo Bs', 1, 17, 43, '', 'PENDENTE', '2025-12-26 09:10:26', '2025-12-26 09:10:26'),
(60, NULL, '2025-11-26', '79', 79.00, NULL, 'Efectivo Bs', 1, 17, 44, '', 'PENDENTE', '2025-12-26 23:34:14', '2025-12-26 23:34:14'),
(61, NULL, '2025-11-26', '178', 178.00, NULL, 'Efectivo Bs', 1, 17, 45, '', 'PENDENTE', '2025-12-27 11:11:59', '2025-12-27 11:11:59'),
(62, NULL, '2025-11-26', '28.70', 28.70, NULL, 'Efectivo Bs', 1, 17, 46, '', 'PENDENTE', '2025-12-27 14:09:46', '2025-12-27 14:09:46'),
(63, NULL, '2025-11-26', '30', 30.00, NULL, 'Transferencia', 1, 17, 46, '', 'PENDENTE', '2025-12-27 14:09:46', '2025-12-27 14:09:46'),
(64, NULL, '2025-11-26', '200', 200.00, NULL, 'Efectivo Bs', 1, 17, 47, '', 'PENDENTE', '2025-12-27 22:51:54', '2025-12-27 22:51:54'),
(65, NULL, '2025-11-26', '109', 109.00, NULL, 'Efectivo', 1, 17, 48, '', 'PENDENTE', '2025-12-27 22:58:45', '2025-12-27 22:58:45'),
(66, NULL, '2025-11-26', '127', 127.00, NULL, 'Transferencia', 1, 17, 49, '', 'PENDENTE', '2025-12-28 19:12:46', '2025-12-28 19:12:46'),
(67, NULL, '2025-11-26', '92.50', 92.50, NULL, 'Transferencia', 1, 17, 50, '', 'PENDENTE', '2025-12-30 02:08:28', '2025-12-30 02:08:28'),
(68, 21, '2025-11-26', '55', 55.00, NULL, 'Transferencia', 1, 17, 51, '', 'Pagado', '2025-12-30 02:20:44', '2025-12-30 02:22:09'),
(69, NULL, '2025-11-26', '466.50', 466.50, NULL, 'Transferencia', 1, 17, 52, '', 'PENDENTE', '2025-12-30 08:42:13', '2025-12-30 08:42:13'),
(70, NULL, '2025-11-26', '99.50', 99.50, NULL, 'Efectivo Bs', 1, 17, 53, '', 'PENDENTE', '2025-12-30 09:51:31', '2025-12-30 09:51:31'),
(71, NULL, '2025-11-26', '46', 46.00, NULL, 'Transferencia', 1, 17, 54, '', 'PENDENTE', '2025-12-30 10:34:22', '2025-12-30 10:34:22'),
(72, NULL, '2025-11-26', '100.50', 100.50, NULL, 'Transferencia', 1, 17, 55, '', 'PENDENTE', '2025-12-30 18:12:19', '2025-12-30 18:12:19'),
(73, NULL, '2025-11-26', '28.50', 28.50, NULL, 'Efectivo', 1, 14, 56, '', 'PENDENTE', '2025-12-30 20:43:11', '2025-12-30 20:43:11'),
(74, NULL, '2025-11-26', '153', 153.00, NULL, 'Efectivo', 1, 14, 57, '', 'PENDENTE', '2025-12-30 20:45:32', '2025-12-30 20:45:32');

-- --------------------------------------------------------

--
-- Estructura de tabla para la tabla `permissions`
--

CREATE TABLE IF NOT EXISTS `permissions` (
  `id` bigint(20) UNSIGNED NOT NULL AUTO_INCREMENT,
  `name` varchar(255) NOT NULL,
  `module` varchar(255) DEFAULT NULL,
  `guard_name` varchar(255) NOT NULL,
  `created_at` timestamp NULL DEFAULT NULL,
  `updated_at` timestamp NULL DEFAULT NULL,
  PRIMARY KEY (`id`),
  UNIQUE KEY `permissions_name_guard_name_unique` (`name`,`guard_name`),
  KEY `permissions_module_index` (`module`)
) ENGINE=InnoDB AUTO_INCREMENT=189 DEFAULT CHARSET=utf8mb4 COLLATE=utf8mb4_unicode_ci;

--
-- Truncar tablas antes de insertar `permissions`
--

TRUNCATE TABLE `permissions`;
--
-- Volcado de datos para la tabla `permissions`
--

INSERT INTO `permissions` (`id`, `name`, `module`, `guard_name`, `created_at`, `updated_at`) VALUES
(1, 'access empresas', 'empresas', 'web', '2025-11-26 14:20:02', '2025-11-26 14:20:02'),
(2, 'create empresas', 'empresas', 'web', '2025-11-26 14:20:02', '2025-11-26 14:20:02'),
(3, 'edit empresas', 'empresas', 'web', '2025-11-26 14:20:02', '2025-11-26 14:20:02'),
(4, 'delete empresas', 'empresas', 'web', '2025-11-26 14:20:02', '2025-11-26 14:20:02'),
(5, 'access paises', 'paises', 'web', '2025-11-26 14:20:02', '2025-11-26 14:20:02'),
(6, 'create paises', 'paises', 'web', '2025-11-26 14:20:02', '2025-11-26 14:20:02'),
(7, 'edit paises', 'paises', 'web', '2025-11-26 14:20:02', '2025-11-26 14:20:02'),
(8, 'delete paises', 'paises', 'web', '2025-11-26 14:20:02', '2025-11-26 14:20:02'),
(9, 'access sucursales', 'sucursales', 'web', '2025-11-26 14:20:02', '2025-11-26 14:20:02'),
(10, 'create sucursales', 'sucursales', 'web', '2025-11-26 14:20:02', '2025-11-26 14:20:02'),
(11, 'edit sucursales', 'sucursales', 'web', '2025-11-26 14:20:02', '2025-11-26 14:20:02'),
(12, 'delete sucursales', 'sucursales', 'web', '2025-11-26 14:20:02', '2025-11-26 14:20:02'),
(13, 'access users', 'users', 'web', '2025-11-26 14:20:02', '2025-11-26 14:20:02'),
(14, 'create users', 'users', 'web', '2025-11-26 14:20:02', '2025-11-26 14:20:02'),
(15, 'edit users', 'users', 'web', '2025-11-26 14:20:02', '2025-11-26 14:20:02'),
(16, 'delete users', 'users', 'web', '2025-11-26 14:20:02', '2025-11-26 14:20:02'),
(17, 'access roles', 'roles', 'web', '2025-11-26 14:20:02', '2025-11-26 14:20:02'),
(18, 'create roles', 'roles', 'web', '2025-11-26 14:20:02', '2025-11-26 14:20:02'),
(19, 'edit roles', 'roles', 'web', '2025-11-26 14:20:02', '2025-11-26 14:20:02'),
(20, 'delete roles', 'roles', 'web', '2025-11-26 14:20:02', '2025-11-26 14:20:02'),
(21, 'assign roles', 'roles', 'web', '2025-11-26 14:20:02', '2025-11-26 14:20:02'),
(22, 'access permissions', 'permissions', 'web', '2025-11-26 14:20:02', '2025-11-26 14:20:02'),
(23, 'create permissions', 'permissions', 'web', '2025-11-26 14:20:02', '2025-11-26 14:20:02'),
(24, 'edit permissions', 'permissions', 'web', '2025-11-26 14:20:02', '2025-11-26 14:20:02'),
(25, 'delete permissions', 'permissions', 'web', '2025-11-26 14:20:02', '2025-11-26 14:20:02'),
(26, 'assign permissions', 'permissions', 'web', '2025-11-26 14:20:02', '2025-11-26 14:20:02'),
(27, 'access school years', 'school_years', 'web', '2025-11-26 14:20:02', '2025-11-26 14:20:02'),
(28, 'create school years', 'school_years', 'web', '2025-11-26 14:20:02', '2025-11-26 14:20:02'),
(29, 'edit school years', 'school_years', 'web', '2025-11-26 14:20:02', '2025-11-26 14:20:02'),
(30, 'delete school years', 'school_years', 'web', '2025-11-26 14:20:02', '2025-11-26 14:20:02'),
(31, 'access school periods', 'school_periods', 'web', '2025-11-26 14:20:02', '2025-11-26 14:20:02'),
(32, 'create school periods', 'school_periods', 'web', '2025-11-26 14:20:02', '2025-11-26 14:20:02'),
(33, 'edit school periods', 'school_periods', 'web', '2025-11-26 14:20:02', '2025-11-26 14:20:02'),
(34, 'delete school periods', 'school_periods', 'web', '2025-11-26 14:20:02', '2025-11-26 14:20:02'),
(35, 'access educational levels', 'educational_levels', 'web', '2025-11-26 14:20:02', '2025-11-26 14:20:02'),
(36, 'create educational levels', 'educational_levels', 'web', '2025-11-26 14:20:02', '2025-11-26 14:20:02'),
(37, 'edit educational levels', 'educational_levels', 'web', '2025-11-26 14:20:02', '2025-11-26 14:20:02'),
(38, 'delete educational levels', 'educational_levels', 'web', '2025-11-26 14:20:02', '2025-11-26 14:20:02'),
(39, 'access turnos', 'turnos', 'web', '2025-11-26 14:20:02', '2025-11-26 14:20:02'),
(40, 'create turnos', 'turnos', 'web', '2025-11-26 14:20:02', '2025-11-26 14:20:02'),
(41, 'edit turnos', 'turnos', 'web', '2025-11-26 14:20:02', '2025-11-26 14:20:02'),
(42, 'delete turnos', 'turnos', 'web', '2025-11-26 14:20:02', '2025-11-26 14:20:02'),
(43, 'access students', 'students', 'web', '2025-11-26 14:20:02', '2025-11-26 14:20:02'),
(44, 'create students', 'students', 'web', '2025-11-26 14:20:02', '2025-11-26 14:20:02'),
(45, 'edit students', 'students', 'web', '2025-11-26 14:20:02', '2025-11-26 14:20:02'),
(46, 'delete students', 'students', 'web', '2025-11-26 14:20:02', '2025-11-26 14:20:02'),
(47, 'access student control', 'students', 'web', '2025-11-26 14:20:02', '2025-11-26 14:20:02'),
(48, 'export students', 'students', 'web', '2025-11-26 14:20:02', '2025-11-26 14:20:02'),
(49, 'import students', 'students', 'web', '2025-11-26 14:20:02', '2025-11-26 14:20:02'),
(50, 'view student historico', 'students', 'web', '2025-11-26 14:20:02', '2025-11-26 14:20:02'),
(51, 'view active sessions', 'active_sessions', 'web', '2025-11-26 14:20:02', '2025-11-26 14:20:02'),
(52, 'delete active sessions', 'active_sessions', 'web', '2025-11-26 14:20:02', '2025-11-26 14:20:02'),
(53, 'dashboard.metrics', 'dashboard', 'web', '2025-11-26 14:20:02', '2025-11-26 14:20:02'),
(54, 'dashboard.comparison', 'dashboard', 'web', '2025-11-26 14:20:02', '2025-11-26 14:20:02'),
(55, 'dashboard.employees', 'dashboard', 'web', '2025-11-26 14:20:02', '2025-11-26 14:20:02'),
(56, 'dashboard.performance', 'dashboard', 'web', '2025-11-26 14:20:02', '2025-11-26 14:20:02'),
(57, 'dashboard.inventory', 'dashboard', 'web', '2025-11-26 14:20:02', '2025-11-26 14:20:02'),
(58, 'dashboard.customers', 'dashboard', 'web', '2025-11-26 14:20:02', '2025-11-26 14:20:02'),
(59, 'access niveles educativos', 'niveles_educativos', 'web', '2025-11-26 14:20:02', '2025-11-26 14:20:02'),
(60, 'create niveles educativos', 'niveles_educativos', 'web', '2025-11-26 14:20:02', '2025-11-26 14:20:02'),
(61, 'edit niveles educativos', 'niveles_educativos', 'web', '2025-11-26 14:20:02', '2025-11-26 14:20:02'),
(62, 'delete niveles educativos', 'niveles_educativos', 'web', '2025-11-26 14:20:02', '2025-11-26 14:20:02'),
(63, 'access monitoreo', 'monitoreo', 'web', '2025-11-26 14:20:02', '2025-11-26 14:20:02'),
(64, 'view monitoreo servidor', 'monitoreo', 'web', '2025-11-26 14:20:02', '2025-11-26 14:20:02'),
(65, 'view monitoreo base-datos', 'monitoreo', 'web', '2025-11-26 14:20:02', '2025-11-26 14:20:02'),
(66, 'view monitoreo estudiantes', 'monitoreo', 'web', '2025-11-26 14:20:02', '2025-11-26 14:20:02'),
(67, 'view monitoreo accesos', 'monitoreo', 'web', '2025-11-26 14:20:02', '2025-11-26 14:20:02'),
(68, 'export monitoreo accesos', 'monitoreo', 'web', '2025-11-26 14:20:02', '2025-11-26 14:20:02'),
(69, 'access matriculas', 'matriculas', 'web', '2025-11-26 14:20:02', '2025-11-26 14:20:02'),
(70, 'create matriculas', 'matriculas', 'web', '2025-11-26 14:20:02', '2025-11-26 14:20:02'),
(71, 'edit matriculas', 'matriculas', 'web', '2025-11-26 14:20:02', '2025-11-26 14:20:02'),
(72, 'delete matriculas', 'matriculas', 'web', '2025-11-26 14:20:02', '2025-11-26 14:20:02'),
(73, 'view matriculas', 'matriculas', 'web', '2025-11-26 14:20:02', '2025-11-26 14:20:02'),
(74, 'cambiar cuotas matriculas', 'matriculas', 'web', '2025-11-26 14:20:02', '2025-11-26 14:20:02'),
(75, 'access pagos', 'pagos', 'web', '2025-11-26 14:20:02', '2025-11-26 14:20:02'),
(76, 'create pagos', 'pagos', 'web', '2025-11-26 14:20:02', '2025-11-26 14:20:02'),
(77, 'edit pagos', 'pagos', 'web', '2025-11-26 14:20:02', '2025-11-26 14:20:02'),
(78, 'delete pagos', 'pagos', 'web', '2025-11-26 14:20:02', '2025-11-26 14:20:02'),
(79, 'view pagos', 'pagos', 'web', '2025-11-26 14:20:02', '2025-11-26 14:20:02'),
(80, 'access conceptos pago', 'conceptos_pago', 'web', '2025-11-26 14:20:02', '2025-11-26 14:20:02'),
(81, 'create conceptos pago', 'conceptos_pago', 'web', '2025-11-26 14:20:02', '2025-11-26 14:20:02'),
(82, 'edit conceptos pago', 'conceptos_pago', 'web', '2025-11-26 14:20:02', '2025-11-26 14:20:02'),
(83, 'delete conceptos pago', 'conceptos_pago', 'web', '2025-11-26 14:20:02', '2025-11-26 14:20:02'),
(84, 'view conceptos pago', 'conceptos_pago', 'web', '2025-11-26 14:20:02', '2025-11-26 14:20:02'),
(85, 'access programas', 'programas', 'web', '2025-11-26 14:20:02', '2025-11-26 14:20:02'),
(86, 'create programas', 'programas', 'web', '2025-11-26 14:20:02', '2025-11-26 14:20:02'),
(87, 'edit programas', 'programas', 'web', '2025-11-26 14:20:02', '2025-11-26 14:20:02'),
(88, 'delete programas', 'programas', 'web', '2025-11-26 14:20:02', '2025-11-26 14:20:02'),
(89, 'view programas', 'programas', 'web', '2025-11-26 14:20:02', '2025-11-26 14:20:02'),
(90, 'access reportes', 'reportes', 'web', '2025-11-26 14:20:02', '2025-11-26 14:20:02'),
(91, 'view estado cuentas', 'reportes', 'web', '2025-11-26 14:20:02', '2025-11-26 14:20:02'),
(92, 'view resumen pagos', 'reportes', 'web', '2025-11-26 14:20:02', '2025-11-26 14:20:02'),
(93, 'view morosidad', 'reportes', 'web', '2025-11-26 14:20:02', '2025-11-26 14:20:02'),
(94, 'view ingresos totales', 'reportes', 'web', '2025-11-26 14:20:02', '2025-11-26 14:20:02'),
(95, 'view historico matriculas', 'reportes', 'web', '2025-11-26 14:20:02', '2025-11-26 14:20:02'),
(96, 'export reportes', 'reportes', 'web', '2025-11-26 14:20:02', '2025-11-26 14:20:02'),
(97, 'access activity log', 'activity_log', 'web', '2025-11-26 14:20:02', '2025-11-26 14:20:02'),
(98, 'view activity log', 'activity_log', 'web', '2025-11-26 14:20:02', '2025-11-26 14:20:02'),
(99, 'delete activity log', 'activity_log', 'web', '2025-11-26 14:20:02', '2025-11-26 14:20:02'),
(100, 'export activity log', 'activity_log', 'web', '2025-11-26 14:20:02', '2025-11-26 14:20:02'),
(101, 'access mensajeria', 'mensajeria', 'web', '2025-11-26 14:20:02', '2025-11-26 14:20:02'),
(102, 'create mensajeria', 'mensajeria', 'web', '2025-11-26 14:20:02', '2025-11-26 14:20:02'),
(103, 'edit mensajeria', 'mensajeria', 'web', '2025-11-26 14:20:02', '2025-11-26 14:20:02'),
(104, 'delete mensajeria', 'mensajeria', 'web', '2025-11-26 14:20:02', '2025-11-26 14:20:02'),
(105, 'send mensajeria', 'mensajeria', 'web', '2025-11-26 14:20:02', '2025-11-26 14:20:02'),
(106, 'receive mensajeria', 'mensajeria', 'web', '2025-11-26 14:20:02', '2025-11-26 14:20:02'),
(107, 'manage mensajeria templates', 'mensajeria', 'web', '2025-11-26 14:20:02', '2025-11-26 14:20:02'),
(108, 'access biblioteca', 'biblioteca', 'web', '2025-11-26 14:20:02', '2025-11-26 14:20:02'),
(109, 'create biblioteca', 'biblioteca', 'web', '2025-11-26 14:20:02', '2025-11-26 14:20:02'),
(110, 'edit biblioteca', 'biblioteca', 'web', '2025-11-26 14:20:02', '2025-11-26 14:20:02'),
(111, 'delete biblioteca', 'biblioteca', 'web', '2025-11-26 14:20:02', '2025-11-26 14:20:02'),
(112, 'upload biblioteca', 'biblioteca', 'web', '2025-11-26 14:20:02', '2025-11-26 14:20:02'),
(113, 'download biblioteca', 'biblioteca', 'web', '2025-11-26 14:20:02', '2025-11-26 14:20:02'),
(114, 'share biblioteca', 'biblioteca', 'web', '2025-11-26 14:20:02', '2025-11-26 14:20:02'),
(115, 'manage biblioteca categories', 'biblioteca', 'web', '2025-11-26 14:20:02', '2025-11-26 14:20:02'),
(116, 'access series', 'series', 'web', '2025-11-26 14:20:02', '2025-11-26 14:20:02'),
(117, 'create series', 'series', 'web', '2025-11-26 14:20:02', '2025-11-26 14:20:02'),
(118, 'edit series', 'series', 'web', '2025-11-26 14:20:02', '2025-11-26 14:20:02'),
(119, 'delete series', 'series', 'web', '2025-11-26 14:20:02', '2025-11-26 14:20:02'),
(120, 'access cajas', 'cajas', 'web', '2025-11-26 14:20:02', '2025-11-26 14:20:02'),
(121, 'create cajas', 'cajas', 'web', '2025-11-26 14:20:02', '2025-11-26 14:20:02'),
(122, 'edit cajas', 'cajas', 'web', '2025-11-26 14:20:02', '2025-11-26 14:20:02'),
(123, 'delete cajas', 'cajas', 'web', '2025-11-26 14:20:02', '2025-11-26 14:20:02'),
(124, 'view cajas', 'cajas', 'web', '2025-11-26 14:20:02', '2025-11-26 14:20:02'),
(125, 'view exchange-rates', 'exchange_rates', 'web', '2025-11-26 14:20:02', '2025-11-26 14:20:02'),
(126, 'fetch exchange-rates', 'exchange_rates', 'web', '2025-11-26 14:20:02', '2025-11-26 14:20:02'),
(127, 'manage exchange-rates', 'exchange_rates', 'web', '2025-11-26 14:20:02', '2025-11-26 14:20:02'),
(128, 'access reuniones', 'reuniones', 'web', '2025-11-26 14:20:02', '2025-11-26 14:20:02'),
(129, 'create reuniones', 'reuniones', 'web', '2025-11-26 14:20:02', '2025-11-26 14:20:02'),
(130, 'edit reuniones', 'reuniones', 'web', '2025-11-26 14:20:02', '2025-11-26 14:20:02'),
(131, 'delete reuniones', 'reuniones', 'web', '2025-11-26 14:20:02', '2025-11-26 14:20:02'),
(132, 'view reuniones', 'reuniones', 'web', '2025-11-26 14:20:02', '2025-11-26 14:20:02'),
(133, 'access late payment rules', 'late_payment_rules', 'web', '2025-11-26 14:20:02', '2025-11-26 14:20:02'),
(134, 'create late payment rules', 'late_payment_rules', 'web', '2025-11-26 14:20:02', '2025-11-26 14:20:02'),
(135, 'edit late payment rules', 'late_payment_rules', 'web', '2025-11-26 14:20:02', '2025-11-26 14:20:02'),
(136, 'delete late payment rules', 'late_payment_rules', 'web', '2025-11-26 14:20:02', '2025-11-26 14:20:02'),
(137, 'access pedidos', 'pedidos', 'web', '2025-11-26 14:20:02', '2025-11-26 14:20:02'),
(138, 'view pedidos', 'pedidos', 'web', '2025-11-26 14:20:02', '2025-11-26 14:20:02'),
(139, 'create pedidos', 'pedidos', 'web', '2025-11-26 14:20:02', '2025-11-26 14:20:02'),
(140, 'edit pedidos', 'pedidos', 'web', '2025-11-26 14:20:02', '2025-11-26 14:20:02'),
(141, 'delete pedidos', 'pedidos', 'web', '2025-11-26 14:20:02', '2025-11-26 14:20:02'),
(142, 'confirmar pago pedidos', 'pedidos', 'web', '2025-11-26 14:20:02', '2025-11-26 14:20:02'),
(143, 'asignar empleado pedidos', 'pedidos', 'web', '2025-11-26 14:20:02', '2025-11-26 14:20:02'),
(144, 'cancelar pedidos', 'pedidos', 'web', '2025-11-26 14:20:02', '2025-11-26 14:20:02'),
(145, 'finalizar entrega pedidos', 'pedidos', 'web', '2025-11-26 14:20:02', '2025-11-26 14:20:02'),
(146, 'revertir pedidos', 'pedidos', 'web', '2025-11-26 14:20:02', '2025-11-26 14:20:02'),
(147, 'view own pedidos', 'pedidos', 'web', '2025-11-26 14:20:02', '2025-11-26 14:20:02'),
(148, 'edit own pedidos', 'pedidos', 'web', '2025-11-26 14:20:02', '2025-11-26 14:20:02'),
(149, 'view own pedido', 'pedidos', 'web', '2025-11-26 14:20:02', '2025-11-26 14:20:02'),
(150, 'view own profile', 'clientes', 'web', '2025-11-26 14:20:02', '2025-11-26 14:20:02'),
(151, 'edit own profile', 'clientes', 'web', '2025-11-26 14:20:02', '2025-11-26 14:20:02'),
(152, 'access categorias', 'categorias', 'web', '2025-11-26 14:20:02', '2025-11-26 14:20:02'),
(153, 'create categorias', 'categorias', 'web', '2025-11-26 14:20:02', '2025-11-26 14:20:02'),
(154, 'edit categorias', 'categorias', 'web', '2025-11-26 14:20:02', '2025-11-26 14:20:02'),
(155, 'delete categorias', 'categorias', 'web', '2025-11-26 14:20:02', '2025-11-26 14:20:02'),
(156, 'view categorias', 'categorias', 'web', '2025-11-26 14:20:02', '2025-11-26 14:20:02'),
(157, 'access marcas', 'marcas', 'web', '2025-11-26 14:20:02', '2025-11-26 14:20:02'),
(158, 'create marcas', 'marcas', 'web', '2025-11-26 14:20:02', '2025-11-26 14:20:02'),
(159, 'edit marcas', 'marcas', 'web', '2025-11-26 14:20:02', '2025-11-26 14:20:02'),
(160, 'delete marcas', 'marcas', 'web', '2025-11-26 14:20:02', '2025-11-26 14:20:02'),
(161, 'view marcas', 'marcas', 'web', '2025-11-26 14:20:02', '2025-11-26 14:20:02'),
(162, 'access productos', 'productos', 'web', '2025-11-26 14:20:02', '2025-11-26 14:20:02'),
(163, 'create productos', 'productos', 'web', '2025-11-26 14:20:02', '2025-11-26 14:20:02'),
(164, 'edit productos', 'productos', 'web', '2025-11-26 14:20:02', '2025-11-26 14:20:02'),
(165, 'delete productos', 'productos', 'web', '2025-11-26 14:20:02', '2025-11-26 14:20:02'),
(166, 'view productos', 'productos', 'web', '2025-11-26 14:20:02', '2025-11-26 14:20:02'),
(167, 'view product details', 'productos', 'web', '2025-11-26 14:20:02', '2025-11-26 14:20:02'),
(168, 'access empleados', 'empleados', 'web', '2025-11-26 14:20:02', '2025-11-26 14:20:02'),
(169, 'create empleados', 'empleados', 'web', '2025-11-26 14:20:02', '2025-11-26 14:20:02'),
(170, 'edit empleados', 'empleados', 'web', '2025-11-26 14:20:02', '2025-11-26 14:20:02'),
(171, 'delete empleados', 'empleados', 'web', '2025-11-26 14:20:02', '2025-11-26 14:20:02'),
(172, 'view empleados', 'empleados', 'web', '2025-11-26 14:20:02', '2025-11-26 14:20:02'),
(173, 'access whatsapp dashboard', 'whatsapp_dashboard', 'web', '2025-11-26 14:20:02', '2025-11-26 14:20:02'),
(174, 'access database backup', 'monitoreo', 'web', '2025-12-11 01:36:46', '2025-12-11 01:36:46'),
(175, 'create database backup', 'monitoreo', 'web', '2025-12-11 01:36:46', '2025-12-11 01:36:46'),
(176, 'access database import', 'monitoreo', 'web', '2025-12-11 01:36:46', '2025-12-11 01:36:46'),
(177, 'create database import', 'monitoreo', 'web', '2025-12-11 01:36:46', '2025-12-11 01:36:46'),
(178, 'access whatsapp', 'whatsapp', 'web', '2025-12-11 01:36:47', '2025-12-11 01:36:47'),
(179, 'create whatsapp templates', 'whatsapp', 'web', '2025-12-11 01:36:47', '2025-12-11 01:36:47'),
(180, 'edit whatsapp templates', 'whatsapp', 'web', '2025-12-11 01:36:47', '2025-12-11 01:36:47'),
(181, 'delete whatsapp templates', 'whatsapp', 'web', '2025-12-11 01:36:47', '2025-12-11 01:36:47'),
(182, 'send whatsapp messages', 'whatsapp', 'web', '2025-12-11 01:36:47', '2025-12-11 01:36:47'),
(183, 'schedule whatsapp messages', 'whatsapp', 'web', '2025-12-11 01:36:47', '2025-12-11 01:36:47'),
(184, 'view whatsapp statistics', 'whatsapp', 'web', '2025-12-11 01:36:47', '2025-12-11 01:36:47'),
(185, 'export whatsapp reports', 'whatsapp', 'web', '2025-12-11 01:36:47', '2025-12-11 01:36:47'),
(186, 'retry failed whatsapp messages', 'whatsapp', 'web', '2025-12-11 01:36:47', '2025-12-11 01:36:47'),
(187, 'view whatsapp retry statistics', 'whatsapp', 'web', '2025-12-11 01:36:47', '2025-12-11 01:36:47'),
(188, 'manage whatsapp auto retry', 'whatsapp', 'web', '2025-12-11 01:36:47', '2025-12-11 01:36:47');

-- --------------------------------------------------------

--
-- Estructura de tabla para la tabla `productos`
--

CREATE TABLE IF NOT EXISTS `productos` (
  `id` bigint(20) UNSIGNED NOT NULL AUTO_INCREMENT,
  `code` varchar(255) NOT NULL,
  `sku` varchar(255) DEFAULT NULL,
  `barcode` varchar(255) DEFAULT NULL,
  `batch_number` varchar(255) DEFAULT NULL,
  `expiry_date` date DEFAULT NULL,
  `requires_batch_tracking` tinyint(1) NOT NULL DEFAULT 0,
  `name` varchar(255) NOT NULL,
  `price` decimal(10,2) NOT NULL DEFAULT 0.00,
  `precio_bs` decimal(10,2) NOT NULL DEFAULT 0.00,
  `description` text DEFAULT NULL,
  `tags` text DEFAULT NULL,
  `meta_title` varchar(255) DEFAULT NULL,
  `meta_description` text DEFAULT NULL,
  `has_variants` tinyint(1) NOT NULL DEFAULT 0,
  `track_inventory` tinyint(1) NOT NULL DEFAULT 1,
  `featured` tinyint(1) NOT NULL DEFAULT 0,
  `allow_backorder` tinyint(1) NOT NULL DEFAULT 0,
  `inventory_policy` varchar(255) NOT NULL DEFAULT 'deny',
  `quantity` int(11) NOT NULL DEFAULT 0,
  `quantity_alert` int(11) NOT NULL DEFAULT 0,
  `status` tinyint(1) NOT NULL DEFAULT 1,
  `empresa_id` bigint(20) UNSIGNED NOT NULL,
  `sucursal_id` bigint(20) UNSIGNED DEFAULT NULL,
  `categoria_id` bigint(20) UNSIGNED NOT NULL,
  `marca_id` bigint(20) UNSIGNED NOT NULL,
  `created_at` timestamp NULL DEFAULT NULL,
  `updated_at` timestamp NULL DEFAULT NULL,
  PRIMARY KEY (`id`),
  UNIQUE KEY `productos_code_unique` (`code`),
  KEY `productos_empresa_id_index` (`empresa_id`),
  KEY `productos_categoria_id_index` (`categoria_id`),
  KEY `productos_marca_id_index` (`marca_id`),
  KEY `productos_name_index` (`name`),
  KEY `productos_price_index` (`price`),
  KEY `productos_quantity_index` (`quantity`),
  KEY `productos_status_quantity_index` (`status`,`quantity`),
  KEY `productos_sucursal_id_foreign` (`sucursal_id`)
) ENGINE=InnoDB AUTO_INCREMENT=322 DEFAULT CHARSET=utf8mb4 COLLATE=utf8mb4_unicode_ci;

--
-- Truncar tablas antes de insertar `productos`
--

TRUNCATE TABLE `productos`;
--
-- Volcado de datos para la tabla `productos`
--

INSERT INTO `productos` (`id`, `code`, `sku`, `barcode`, `batch_number`, `expiry_date`, `requires_batch_tracking`, `name`, `price`, `precio_bs`, `description`, `tags`, `meta_title`, `meta_description`, `has_variants`, `track_inventory`, `featured`, `allow_backorder`, `inventory_policy`, `quantity`, `quantity_alert`, `status`, `empresa_id`, `sucursal_id`, `categoria_id`, `marca_id`, `created_at`, `updated_at`) VALUES
(2, 'HAR-59845', NULL, NULL, NULL, NULL, 0, 'Harina de Maíz Precocida PAN', 20.00, 29.00, 'Harina de maíz precocida para arepas', NULL, NULL, NULL, 0, 1, 0, 0, 'deny', 5000, 10, 1, 1, 1, 1, 1, '2025-11-21 05:13:56', '2025-12-06 03:12:36'),
(4, 'ACE-59195', NULL, NULL, NULL, NULL, 0, 'Aceite Coamo Oleo de soja 900ML', 49.00, 75.00, 'Aceite de soja 900ml', NULL, NULL, NULL, 0, 1, 0, 0, 'deny', 5000, 10, 1, 1, 1, 1, 12, '2025-11-21 05:13:56', '2025-12-07 01:34:49'),
(5, 'PAS-55602', NULL, NULL, NULL, NULL, 0, 'Pasta Larga tipo Spaghetti Santa Rita', 10.00, 15.00, 'Pasta seca tipo spaghetti', NULL, NULL, NULL, 0, 1, 0, 0, 'deny', 110, 10, 0, 1, 1, 1, 1, '2025-11-21 05:13:56', '2025-12-07 01:35:04'),
(6, 'AZU-38775', NULL, NULL, NULL, NULL, 0, 'Azucar Amanecer IKG', 23.00, 33.00, 'Azucar Amanecer IKG', NULL, NULL, NULL, 0, 1, 0, 0, 'deny', 5000, 10, 1, 1, 1, 1, 5, '2025-11-21 05:13:56', '2025-12-07 01:35:18'),
(7, 'SAL-61388', NULL, NULL, NULL, NULL, 0, 'Sal del Mar 1Kg', 3.00, 10.00, 'Sal de mesa refinada de 1 Kg', NULL, NULL, NULL, 0, 1, 0, 0, 'deny', 5000, 10, 1, 1, 1, 1, 1, '2025-11-21 05:13:56', '2025-12-28 12:32:44'),
(8, 'CAF-10244', NULL, NULL, NULL, NULL, 0, 'Café Cerro del Santo 100 MG', 42.00, 56.00, 'Café Cerro del Santo 100 MG\n', NULL, NULL, NULL, 0, 1, 0, 0, 'deny', 5000, 10, 1, 1, 1, 1, 55, '2025-11-21 05:13:56', '2025-12-07 01:35:43'),
(9, 'LEC-17144', NULL, NULL, NULL, NULL, 0, 'Leche en Polvo', 10.00, 15.00, 'Leche en polvo entera', NULL, NULL, NULL, 0, 1, 0, 0, 'deny', 125, 10, 0, 1, 1, 1, 1, '2025-11-21 05:13:56', '2025-12-07 01:35:47'),
(10, 'GAL-30451', NULL, NULL, NULL, NULL, 0, 'Galletas Saladas', 10.00, 15.00, 'Galletas saladas clásicas', NULL, NULL, NULL, 0, 1, 0, 0, 'deny', 120, 10, 0, 1, 1, 1, 1, '2025-11-21 05:13:56', '2025-12-07 01:35:48'),
(11, 'SAL-71890', NULL, NULL, NULL, NULL, 0, 'Salsa de Tomate Ketchup heinz 397 ML', 36.00, 51.00, 'Salsa de tomate Ketchup Heinz 397 ML', NULL, NULL, NULL, 0, 1, 0, 0, 'deny', 5000, 10, 1, 1, 1, 1, 42, '2025-11-21 05:13:56', '2025-12-07 01:36:45'),
(12, 'MAY-85946', NULL, NULL, NULL, NULL, 0, 'Mayonesa 175 MG', 31.00, 45.00, 'Mayonesa 175 MG', NULL, NULL, NULL, 0, 1, 0, 0, 'deny', 5000, 10, 1, 1, 1, 1, 1, '2025-11-21 05:13:56', '2025-12-07 01:25:29'),
(13, 'MER-24794', NULL, NULL, NULL, NULL, 0, 'Mermelada Fresa', 10.00, 15.00, 'Mermelada de fresa', NULL, NULL, NULL, 0, 1, 0, 0, 'deny', 70, 10, 0, 1, 1, 1, 1, '2025-11-21 05:13:56', '2025-12-07 01:36:56'),
(14, 'ATU-20155', NULL, NULL, NULL, NULL, 0, 'Atún Willinger', 52.00, 85.00, 'Atún en agua', NULL, NULL, NULL, 0, 1, 0, 0, 'deny', 5000, 10, 1, 1, 1, 1, 1, '2025-11-21 05:13:56', '2025-12-30 01:06:28'),
(15, 'SAR-10321', NULL, NULL, NULL, NULL, 0, 'Sardinas en Aceite', 10.00, 15.00, 'Sardinas en aceite vegetal', NULL, NULL, NULL, 0, 1, 0, 0, 'deny', 80, 10, 1, 1, 1, 1, 1, '2025-11-21 05:13:56', '2025-11-21 05:13:56'),
(16, 'ARR-84693', NULL, NULL, NULL, NULL, 0, 'Arroz Blanco Mary Superior', 26.00, 37.00, 'Arroz blanco de alta calidad', NULL, NULL, NULL, 0, 1, 0, 0, 'deny', 5000, 10, 1, 1, 1, 1, 2, '2025-11-21 05:13:56', '2025-12-06 03:11:06'),
(20, 'ARR-42242', NULL, NULL, NULL, NULL, 0, 'Arroz Blanco Monica', 26.00, 38.00, 'Arroz blanco de alta calidad', NULL, NULL, NULL, 0, 1, 0, 0, 'deny', 5000, 10, 1, 1, 1, 1, 4, '2025-11-21 05:13:56', '2025-12-07 01:37:54'),
(22, 'ARR-94740', NULL, NULL, NULL, NULL, 0, 'Arroz Blanco Amanecer', 10.00, 15.00, 'Arroz blanco de alta calidad', NULL, NULL, NULL, 0, 1, 0, 0, 'deny', 150, 10, 0, 1, 1, 1, 5, '2025-11-21 05:13:56', '2025-12-07 01:37:53'),
(31, 'HAR-41141', NULL, NULL, NULL, NULL, 0, 'Salsa de tomate Pampero 198 G', 25.00, 35.00, 'Salsa de tomate Pampero 198 G', NULL, NULL, NULL, 0, 1, 0, 0, 'deny', 5000, 10, 1, 1, 1, 1, 9, '2025-11-21 05:13:56', '2025-12-07 01:37:51'),
(41, 'HAR-27341', NULL, NULL, NULL, NULL, 0, 'Harina de Maíz Precocida Mary', 18.00, 27.00, 'Harina de maíz precocida para arepas', NULL, NULL, NULL, 0, 1, 0, 0, 'deny', 5000, 10, 1, 1, 1, 1, 2, '2025-11-21 05:13:56', '2025-12-07 01:37:50'),
(42, 'CHI-94826', NULL, NULL, NULL, NULL, 0, 'Chimo el apureño', 3.00, 4.50, 'Chimo con extracto de tabaco y sabores naturales.', NULL, NULL, NULL, 0, 1, 0, 0, 'deny', 1000, 10, 1, 1, 1, 2, 17, '2025-11-21 05:13:56', '2025-12-06 23:44:42'),
(43, 'CHI-53032', NULL, NULL, NULL, NULL, 0, 'Chimo El Tigrito Amarillo', 10.00, 15.00, 'Chimo El Tigrito Amarillo', NULL, NULL, NULL, 0, 1, 0, 0, 'deny', 200, 10, 0, 1, 1, 2, 17, '2025-11-21 05:13:56', '2025-12-06 23:44:47'),
(44, 'CIG-75268', NULL, NULL, NULL, NULL, 0, 'Cigarrillos Nova Lucky Strike', 20.00, 30.00, 'Cigarrillos Nova Lucky Strike', NULL, NULL, NULL, 0, 1, 0, 0, 'deny', 5000, 10, 1, 1, 1, 2, 15, '2025-11-21 05:13:56', '2025-12-06 23:46:37'),
(45, 'CIG-10525', NULL, NULL, NULL, NULL, 0, 'Cigarrillos Lucky Strike Red', 10.00, 15.00, 'Cigarrillos Lucky Strike Red', NULL, NULL, NULL, 0, 1, 0, 0, 'deny', 100, 10, 0, 1, 1, 2, 15, '2025-11-21 05:13:56', '2025-12-06 23:38:45'),
(46, 'CIG-88703', NULL, NULL, NULL, NULL, 0, 'Cigarros Eclipse Lucky Strike', 20.00, 30.00, 'Cigarros Eclipse Lucky Strike', NULL, NULL, NULL, 0, 1, 0, 0, 'deny', 5000, 10, 1, 1, 1, 2, 15, '2025-11-21 05:13:56', '2025-12-06 23:46:22'),
(47, 'CIG-97498', NULL, NULL, NULL, NULL, 0, 'Cigarros 10und Belmont', 10.00, 15.00, 'Cigarros Belmont 10 unidades', NULL, NULL, NULL, 0, 1, 0, 0, 'deny', 100, 10, 1, 1, 1, 2, 16, '2025-11-21 05:13:56', '2025-11-21 05:13:56'),
(48, 'CIG-53136', NULL, NULL, NULL, NULL, 0, 'Cigarros 20und Belmont', 18.00, 25.00, 'Cigarros Belmont 20 unidades', NULL, NULL, NULL, 0, 1, 0, 0, 'deny', 5000, 10, 1, 1, 1, 2, 16, '2025-11-21 05:13:56', '2025-12-06 23:47:50'),
(49, 'CIG-51542', NULL, NULL, NULL, NULL, 0, 'Cigarrillos Grandes Pall Mall', 18.00, 25.00, 'Cigarrillos Grandes Pall Mall', NULL, NULL, NULL, 0, 1, 0, 0, 'deny', 100, 10, 1, 1, 1, 2, 18, '2025-11-21 05:13:56', '2025-12-06 23:48:13'),
(50, 'CIG-84279', NULL, NULL, NULL, NULL, 0, 'Cigarros Viceroy', 10.00, 15.00, 'Cigarros Viceroy', NULL, NULL, NULL, 0, 1, 0, 0, 'deny', 100, 10, 0, 1, 1, 2, 19, '2025-11-21 05:13:56', '2025-12-06 23:48:26'),
(51, 'CIG-63125', NULL, NULL, NULL, NULL, 0, 'Cigarros 20und Universal', 9.50, 15.00, 'Cigarros Universal 20 unidades', NULL, NULL, NULL, 0, 1, 0, 0, 'deny', 5000, 10, 1, 1, 1, 2, 22, '2025-11-21 05:13:56', '2025-12-06 23:49:10'),
(52, 'CIG-91272', NULL, NULL, NULL, NULL, 0, 'Cigarrillos Cosmic 20und', 20.00, 30.00, 'Cigarrillos Cosmic 20 unidades', NULL, NULL, NULL, 0, 1, 0, 0, 'deny', 5000, 10, 1, 1, 1, 2, 22, '2025-11-21 05:13:56', '2025-12-06 23:49:35'),
(53, 'MAR-99584', NULL, NULL, NULL, NULL, 0, 'Marlboro Red 20und', 10.00, 15.00, 'Cigarrillos Marlboro Red 20 unidades', NULL, NULL, NULL, 0, 1, 0, 0, 'deny', 80, 10, 0, 1, 1, 2, 26, '2025-11-21 05:13:56', '2025-12-06 23:40:54'),
(54, 'MAR-20471', NULL, NULL, NULL, NULL, 0, 'Marlboro Gold 20und', 10.00, 15.00, 'Cigarrillos Marlboro Gold 20 unidades', NULL, NULL, NULL, 0, 1, 0, 0, 'deny', 75, 10, 0, 1, 1, 2, 26, '2025-11-21 05:13:56', '2025-12-06 23:40:55'),
(55, 'MAR-60670', NULL, NULL, NULL, NULL, 0, 'Marlboro Menthol 20und', 10.00, 15.00, 'Cigarrillos Marlboro Menthol 20 unidades', NULL, NULL, NULL, 0, 1, 0, 0, 'deny', 70, 10, 0, 1, 1, 2, 26, '2025-11-21 05:13:56', '2025-12-06 23:40:56'),
(56, 'CAM-61713', NULL, NULL, NULL, NULL, 0, 'Camel Blue 20und', 10.00, 15.00, 'Cigarrillos Camel Blue 20 unidades', NULL, NULL, NULL, 0, 1, 0, 0, 'deny', 85, 10, 0, 1, 1, 2, 27, '2025-11-21 05:13:56', '2025-12-06 23:41:05'),
(57, 'CAM-42385', NULL, NULL, NULL, NULL, 0, 'Camel Yellow 20und', 10.00, 15.00, 'Cigarrillos Camel Yellow 20 unidades', NULL, NULL, NULL, 0, 1, 0, 0, 'deny', 80, 10, 0, 1, 1, 2, 27, '2025-11-21 05:13:56', '2025-12-06 23:41:06'),
(58, 'PRI-62606', NULL, NULL, NULL, NULL, 0, 'Pringles Original', 10.00, 15.00, 'Papas fritas sabor original en presentación de 110g', NULL, NULL, NULL, 0, 1, 0, 0, 'deny', 180, 10, 0, 1, 1, 3, 13, '2025-11-21 05:13:56', '2025-12-07 00:04:51'),
(59, 'PRI-81070', NULL, NULL, NULL, NULL, 0, 'Pringles Crema y Cebolla', 10.00, 15.00, 'Papas fritas sabor crema y cebolla en presentación de 110g', NULL, NULL, NULL, 0, 1, 0, 0, 'deny', 180, 10, 0, 1, 1, 3, 13, '2025-11-21 05:13:56', '2025-12-07 00:04:51'),
(60, 'PRI-79083', NULL, NULL, NULL, NULL, 0, 'Pringles Queso Cheddar', 10.00, 15.00, 'Papas fritas sabor queso cheddar en presentación de 110g', NULL, NULL, NULL, 0, 1, 0, 0, 'deny', 180, 10, 0, 1, 1, 3, 13, '2025-11-21 05:13:57', '2025-12-06 03:13:57'),
(61, 'PRI-61948', NULL, NULL, NULL, NULL, 0, 'Pringles Barbacoa BBQ', 10.00, 15.00, 'Papas fritas sabor barbacoa BBQ en presentación de 110g', NULL, NULL, NULL, 0, 1, 0, 0, 'deny', 180, 10, 0, 1, 1, 3, 13, '2025-11-21 05:13:57', '2025-12-06 03:13:57'),
(63, 'PRI-81096', NULL, NULL, NULL, NULL, 0, 'Pringles Pizza', 10.00, 15.00, 'Papas fritas sabor pizza en presentación de 110g', NULL, NULL, NULL, 0, 1, 0, 0, 'deny', 180, 10, 0, 1, 1, 3, 13, '2025-11-21 05:13:57', '2025-12-06 03:13:58'),
(64, 'PRI-22822', NULL, NULL, NULL, NULL, 0, 'Pringles Enchilada', 10.00, 15.00, 'Papas fritas sabor enchilada en presentación de 124g', NULL, NULL, NULL, 0, 1, 0, 0, 'deny', 100, 10, 0, 1, 1, 3, 13, '2025-11-21 05:13:57', '2025-12-06 03:13:59'),
(66, 'TOS-57056', NULL, NULL, NULL, NULL, 0, 'Tostones con Ajo Tom', 10.00, 15.00, 'Deliciosos tostones con sabor a ajo', NULL, NULL, NULL, 0, 1, 0, 0, 'deny', 300, 10, 1, 1, 1, 3, 14, '2025-11-21 05:13:57', '2025-12-06 03:14:00'),
(68, 'PIN-47805', NULL, NULL, NULL, NULL, 0, 'Pin Pop Bomba Gigante 24x1', 2.00, 2.50, 'Caramelos bomba gigante caja de 24 unidades', NULL, NULL, NULL, 0, 1, 0, 0, 'deny', 5000, 10, 1, 1, 1, 3, 80, '2025-11-21 05:13:57', '2025-12-06 23:54:45'),
(69, 'PIN-25911', NULL, NULL, NULL, NULL, 0, 'Pin Pop Bomba Gigante 48x1', 4.00, 5.00, 'Caramelos bomba gigante caja de 48 unidades', NULL, NULL, NULL, 0, 1, 0, 0, 'deny', 5000, 10, 1, 1, 1, 3, 80, '2025-11-21 05:13:57', '2025-12-06 23:55:18'),
(70, 'PIN-32822', NULL, NULL, NULL, NULL, 0, 'Pin Pop Bomba Surtidos', 2.00, 2.50, 'Caramelos bomba sabores surtidos', NULL, NULL, NULL, 0, 1, 0, 0, 'deny', 40, 10, 1, 1, 1, 3, 80, '2025-11-21 05:13:57', '2025-12-07 00:03:48'),
(71, 'PIN-25106', NULL, NULL, NULL, NULL, 0, 'Pin Pop Gigante Mora Fresa 24x1', 2.00, 2.50, 'Caramelos gigantes sabor mora fresa caja de 24', NULL, NULL, NULL, 0, 1, 0, 0, 'deny', 5000, 10, 1, 1, 1, 3, 80, '2025-11-21 05:13:57', '2025-12-07 00:04:17'),
(72, 'TAM-93842', NULL, NULL, NULL, NULL, 0, 'Tam Cikolatam 83g', 9.20, 15.00, 'Chocolate Tam Cikolatam 83g', NULL, NULL, NULL, 0, 1, 0, 0, 'deny', 5000, 10, 1, 1, 1, 3, 88, '2025-11-21 05:13:57', '2025-12-07 00:04:42'),
(73, 'CLO-91036', NULL, NULL, NULL, NULL, 0, 'Cloro Limpieza Extrema 1L', 10.00, 15.00, 'Cloro de limpieza extrema 1 Lt', NULL, NULL, NULL, 0, 1, 0, 0, 'deny', 75, 10, 0, 1, 1, 4, 45, '2025-11-21 05:13:57', '2025-12-07 00:58:56'),
(74, 'ALI-15607', NULL, NULL, NULL, NULL, 0, 'Alive Azul', 18.00, 28.00, 'Detergente para todo tipo de ropa', NULL, NULL, NULL, 0, 1, 0, 0, 'deny', 5000, 10, 1, 1, 1, 4, 23, '2025-11-21 05:13:57', '2025-12-07 00:59:17'),
(75, 'ALI-65206', NULL, NULL, NULL, NULL, 0, 'Alive Morado', 18.00, 28.00, 'Detergente Floral', NULL, NULL, NULL, 0, 1, 0, 0, 'deny', 5000, 10, 1, 1, 1, 4, 23, '2025-11-21 05:13:57', '2025-12-07 00:59:32'),
(76, 'ALI-49429', NULL, NULL, NULL, NULL, 0, 'Alive Verde', 18.00, 28.00, 'Detergente Limón', NULL, NULL, NULL, 0, 1, 0, 0, 'deny', 5000, 10, 1, 1, 1, 4, 23, '2025-11-21 05:13:57', '2025-12-07 00:59:48'),
(79, 'ALI-77756', NULL, NULL, NULL, NULL, 0, 'Alive Blanqueador', 18.00, 28.00, 'Detergente con Blanqueador', NULL, NULL, NULL, 0, 1, 0, 0, 'deny', 5000, 10, 1, 1, 1, 4, 23, '2025-11-21 05:13:57', '2025-12-07 01:00:10'),
(80, 'ALI-48412', NULL, NULL, NULL, NULL, 0, 'Alive Rosado', 18.00, 28.00, 'Detergente rosado suavizante', NULL, NULL, NULL, 0, 1, 0, 0, 'deny', 5000, 10, 1, 1, 1, 4, 23, '2025-11-21 05:13:57', '2025-12-07 01:00:27'),
(81, 'ALI-48079', NULL, NULL, NULL, NULL, 0, 'Alive Toallas Diurnas', 8.00, 10.00, 'Toallas sanitarias Diurnas', NULL, NULL, NULL, 0, 1, 0, 0, 'deny', 5000, 10, 1, 1, 1, 4, 23, '2025-11-21 05:13:57', '2025-12-07 01:06:31'),
(82, 'TOA-77598', NULL, NULL, NULL, NULL, 0, 'Toallas Alive Nocturnas', 9.00, 11.00, 'Toallas sanitarias nocturnas', NULL, NULL, NULL, 0, 1, 0, 0, 'deny', 5000, 10, 1, 1, 1, 4, 23, '2025-11-21 05:13:57', '2025-12-07 01:06:06'),
(83, 'TOA-47716', NULL, NULL, NULL, NULL, 0, 'Toallas Alive Diaria', 10.00, 15.00, 'Toallas sanitarias de uso diario', NULL, NULL, NULL, 0, 1, 0, 0, 'deny', 85, 10, 0, 1, 1, 4, 23, '2025-11-21 05:13:57', '2025-12-07 01:06:36'),
(84, 'OSO-17907', NULL, NULL, NULL, NULL, 0, 'Oso Blanco Cloro Gel', 11.00, 15.00, 'Cloro Gel Desinfectante para Baño y Cocina', NULL, NULL, NULL, 0, 1, 0, 0, 'deny', 5000, 10, 1, 1, 1, 4, 24, '2025-11-21 05:13:57', '2025-12-07 01:07:10'),
(85, 'PAP-45892', NULL, NULL, NULL, NULL, 0, 'Papel Higienico Luciano', 7.00, 9.50, 'Papel Higienico Luciano', NULL, NULL, NULL, 0, 1, 0, 0, 'deny', 5000, 10, 1, 1, 1, 5, 73, '2025-11-21 05:13:57', '2025-12-07 00:54:24'),
(86, 'OSO-23721', NULL, NULL, NULL, NULL, 0, 'Oso Blanco Lavavajillas', 10.00, 15.00, 'Detergente para lavavajillas', NULL, NULL, NULL, 0, 1, 0, 0, 'deny', 180, 10, 0, 1, 1, 4, 24, '2025-11-21 05:13:57', '2025-12-07 01:07:30'),
(90, 'OSO-50189', NULL, NULL, NULL, NULL, 0, 'Oso Blanco Desinfectante Lavanda', 12.00, 16.00, 'Desinfectante clorado con fragancia a lavanda', NULL, NULL, NULL, 0, 1, 0, 0, 'deny', 5000, 10, 1, 1, 1, 4, 24, '2025-11-21 05:13:57', '2025-12-07 01:07:51'),
(91, 'OSO-18892', NULL, NULL, NULL, NULL, 0, 'Oso Blanco Desinfectante Manzana', 12.00, 16.00, 'Desinfectante clorado con fragancia a manzana', NULL, NULL, NULL, 0, 1, 0, 0, 'deny', 5000, 10, 1, 1, 1, 4, 24, '2025-11-21 05:13:57', '2025-12-07 01:08:07'),
(92, 'OSO-56125', NULL, NULL, NULL, NULL, 0, 'Oso Blanco Desinfectante Cherry', 12.00, 16.00, 'Desinfectante clorado con fragancia a cereza', NULL, NULL, NULL, 0, 1, 0, 0, 'deny', 5000, 10, 1, 1, 1, 4, 24, '2025-11-21 05:13:57', '2025-12-07 01:08:51'),
(93, 'OSO-98956', NULL, NULL, NULL, NULL, 0, 'Oso Blanco Desinfectante Fresca Sensación', 12.00, 16.00, 'Desinfectante clorado con fragancia fresca', NULL, NULL, NULL, 0, 1, 0, 0, 'deny', 5000, 10, 1, 1, 1, 4, 24, '2025-11-21 05:13:57', '2025-12-07 01:08:30'),
(94, 'DES-18427', NULL, NULL, NULL, NULL, 0, 'Desinfectante Oso Blanco Intensa Floral', 12.00, 16.00, 'Desinfectante con fragancia intensa floral', NULL, NULL, NULL, 0, 1, 0, 0, 'deny', 5000, 10, 1, 1, 1, 4, 24, '2025-11-21 05:13:57', '2025-12-07 01:09:16'),
(96, 'LIM-92667', NULL, NULL, NULL, NULL, 0, 'Limpiapisos en Polvo Aromax', 4.00, 6.00, 'Limpiador de pisos en polvo', NULL, NULL, NULL, 0, 1, 0, 0, 'deny', 5000, 10, 1, 1, 1, 4, 72, '2025-11-21 05:13:57', '2025-12-07 01:12:22'),
(97, 'SUA-50865', NULL, NULL, NULL, NULL, 0, 'Suavitel Cuidado Superior Frescura de Manzana', 25.00, 36.00, 'Suavizante con fragancia a manzana', NULL, NULL, NULL, 0, 1, 0, 0, 'deny', 5000, 10, 1, 1, 1, 4, 86, '2025-11-21 05:13:57', '2025-12-07 01:13:33'),
(98, 'SUA-17999', NULL, NULL, NULL, NULL, 0, 'Suavitel Cuidado Superior Frescura de Primavera', 25.00, 36.00, 'Suavizante con fragancia primaveral', NULL, NULL, NULL, 0, 1, 0, 0, 'deny', 5000, 10, 1, 1, 1, 4, 86, '2025-11-21 05:13:57', '2025-12-07 01:13:49'),
(99, 'SUA-97752', NULL, NULL, NULL, NULL, 0, 'Suavitel Cuidado Superior Fresa y Chocolate', 25.00, 36.00, 'Suavizante con fragancia a fresa y chocolate', NULL, NULL, NULL, 0, 1, 0, 0, 'deny', 5000, 10, 1, 1, 1, 4, 86, '2025-11-21 05:13:57', '2025-12-07 01:14:03'),
(100, 'SER-66357', NULL, NULL, NULL, NULL, 0, 'Servilletas Blue Softy', 16.00, 20.00, 'Servilletas de papel suaves', NULL, NULL, NULL, 0, 1, 0, 0, 'deny', 5000, 10, 1, 1, 1, 4, 84, '2025-11-21 05:13:57', '2025-12-07 01:15:17'),
(101, 'NUT-14578', NULL, NULL, NULL, NULL, 0, 'Nutribela Tratamiento capilar Biokeratina ', 4.00, 6.00, 'Tratamiento capilar Biokeratina 300ml', NULL, NULL, NULL, 0, 1, 0, 0, 'deny', 5000, 10, 1, 1, 1, 5, 25, '2025-11-21 05:13:57', '2025-12-07 00:42:07'),
(102, 'NUT-47040', NULL, NULL, NULL, NULL, 0, 'Nutribela Tratamiento capilar Enzimoterapia', 4.00, 6.00, 'Tratamiento capilar Enzimoterapia 300ml', NULL, NULL, NULL, 0, 1, 0, 0, 'deny', 5000, 10, 1, 1, 1, 5, 25, '2025-11-21 05:13:57', '2025-12-07 00:42:27'),
(103, 'NUT-26680', NULL, NULL, NULL, NULL, 0, 'Nutribela Tratamiento capilar Células Madres', 4.00, 6.00, 'Tratamiento capilar Células Madres 300ml', NULL, NULL, NULL, 0, 1, 0, 0, 'deny', 5000, 10, 1, 1, 1, 5, 25, '2025-11-21 05:13:57', '2025-12-07 00:42:51'),
(104, 'NUT-77170', NULL, NULL, NULL, NULL, 0, 'Nutribela Tratamiento capilar Pro Hialurónico', 4.00, 6.00, 'Tratamiento capilar Pro Hialurónico 300ml', NULL, NULL, NULL, 0, 1, 0, 0, 'deny', 5000, 10, 1, 1, 1, 5, 25, '2025-11-21 05:13:57', '2025-12-07 00:43:19'),
(107, 'NUT-39766', NULL, NULL, NULL, NULL, 0, 'Nutribela Nutrición Avanzada', 4.00, 6.00, 'Tratamiento capilar Nutrición Avanzada 300ml', NULL, NULL, NULL, 0, 1, 0, 0, 'deny', 5000, 10, 1, 1, 1, 5, 25, '2025-11-21 05:13:57', '2025-12-07 00:33:05'),
(108, 'NUT-65050', NULL, NULL, NULL, NULL, 0, 'Nutribela Repolarización en Frío', 4.00, 6.00, 'Tratamiento capilar Repolarización en Frío 300ml', NULL, NULL, NULL, 0, 1, 0, 0, 'deny', 5000, 10, 1, 1, 1, 5, 25, '2025-11-21 05:13:57', '2025-12-07 00:36:17'),
(109, 'NUT-96273', NULL, NULL, NULL, NULL, 0, 'Nutribella15 Acondicionador 12x15ml Con células madres', 2.50, 3.50, 'Acondicionador con células madres 12 sobres de 15ml', NULL, NULL, NULL, 0, 1, 0, 0, 'deny', 5000, 10, 1, 1, 1, 5, 25, '2025-11-21 05:13:57', '2025-12-07 00:39:36'),
(110, 'NUT-25175', NULL, NULL, NULL, NULL, 0, 'Nutribella15 Shampoo 12x15ml Reparación Intensiva', 2.50, 3.50, 'Shampoo reparación intensiva 12 sobres de 15ml', NULL, NULL, NULL, 0, 1, 0, 0, 'deny', 5000, 10, 1, 1, 1, 5, 25, '2025-11-21 05:13:57', '2025-12-07 00:40:59'),
(111, 'NUT-42570', NULL, NULL, NULL, NULL, 0, 'Nutribella15 Tratamiento Capilar 12x1', 4.00, 6.00, 'Tratamiento capilar 12 unidades', NULL, NULL, NULL, 0, 1, 0, 0, 'deny', 5000, 10, 1, 1, 1, 5, 25, '2025-11-21 05:13:57', '2025-12-07 00:34:20'),
(112, 'NUT-49899', NULL, NULL, NULL, NULL, 0, 'Nutribella15 Acondicionador 12x15ml Enzimoterapia', 2.50, 3.50, 'Acondicionador enzimoterapia 12 sobres de 15ml', NULL, NULL, NULL, 0, 1, 0, 0, 'deny', 5000, 10, 1, 1, 1, 5, 25, '2025-11-21 05:13:57', '2025-12-07 00:39:50'),
(113, 'NUT-50163', NULL, NULL, NULL, NULL, 0, 'Nutribella15 Acondicionador 12x15ml Pro hialurónico', 2.50, 3.50, 'Acondicionador pro hialurónico 12 sobres de 15ml', NULL, NULL, NULL, 0, 1, 0, 0, 'deny', 5000, 10, 1, 1, 1, 5, 25, '2025-11-21 05:13:57', '2025-12-07 00:40:04'),
(114, 'NUT-59860', NULL, NULL, NULL, NULL, 0, 'Nutribella15 Acondicionador 12x15ml Reparación Intensiva', 2.50, 3.50, 'Acondicionador reparación intensiva 12 sobres de 15ml', NULL, NULL, NULL, 0, 1, 0, 0, 'deny', 5000, 10, 1, 1, 1, 5, 25, '2025-11-21 05:13:57', '2025-12-07 00:40:16'),
(115, 'NUT-52390', NULL, NULL, NULL, NULL, 0, 'Nutribella15 Acondicionador 12x18ml Pro hialurónico', 2.50, 3.50, 'Acondicionador pro hialurónico 12 sobres de 18ml', NULL, NULL, NULL, 0, 1, 0, 0, 'deny', 5000, 10, 1, 1, 1, 5, 25, '2025-11-21 05:13:57', '2025-12-07 00:40:27'),
(118, 'NUT-55745', NULL, NULL, NULL, NULL, 0, 'Nutribella15 Shampoo 12x18ml Enzimoterapia', 2.50, 3.50, 'Shampoo enzimoterapia 12 sobres de 18ml', NULL, NULL, NULL, 0, 1, 0, 0, 'deny', 5000, 10, 1, 1, 1, 5, 25, '2025-11-21 05:13:57', '2025-12-07 00:41:12'),
(121, 'NUT-41832', NULL, NULL, NULL, NULL, 0, 'Nutribella15 Tratamiento Capilar 12x24ml Enzimoterapia', 4.00, 6.00, 'Tratamiento capilar enzimoterapia 12 sobres de 24ml', NULL, NULL, NULL, 0, 1, 0, 0, 'deny', 5000, 10, 1, 1, 1, 5, 25, '2025-11-21 05:13:57', '2025-12-07 00:36:33'),
(122, 'ALI-69648', NULL, NULL, NULL, NULL, 0, 'Alident Gel Triple Acción', 8.80, 11.50, 'Pasta dental gel triple acción', NULL, NULL, NULL, 0, 1, 0, 0, 'deny', 5000, 10, 1, 1, 1, 5, 53, '2025-11-21 05:13:57', '2025-12-07 00:56:01'),
(123, 'ALI-12778', NULL, NULL, NULL, NULL, 0, 'Alident Gel Azul', 8.80, 11.50, 'Pasta dental gel verde azul', NULL, NULL, NULL, 0, 1, 0, 0, 'deny', 5000, 10, 1, 1, 1, 5, 53, '2025-11-21 05:13:57', '2025-12-07 00:56:27'),
(124, 'ALI-12940', NULL, NULL, NULL, NULL, 0, 'Alident Gel Verde Fresco', 8.80, 11.50, 'Pasta dental gel verde fresco', NULL, NULL, NULL, 0, 1, 0, 0, 'deny', 5000, 10, 1, 1, 1, 5, 53, '2025-11-21 05:13:57', '2025-12-07 00:56:44'),
(125, 'COL-49908', NULL, NULL, NULL, NULL, 0, 'Colgate 12 x 90g', 9.50, 13.00, 'Pasta dental Colgate caja de 12 tubos de 90g', NULL, NULL, NULL, 0, 1, 0, 0, 'deny', 5000, 10, 1, 1, 1, 5, 58, '2025-11-21 05:13:57', '2025-12-07 00:57:23'),
(126, 'LAD-29465', NULL, NULL, NULL, NULL, 0, 'Lady Speed Stick 18g', 7.00, 11.50, 'Desodorante femenino en barra', NULL, NULL, NULL, 0, 1, 0, 0, 'deny', 5000, 10, 1, 1, 1, 5, 71, '2025-11-21 05:13:57', '2025-12-07 00:57:45'),
(127, 'SPE-49574', NULL, NULL, NULL, NULL, 0, 'Speed Stick 18g', 7.00, 11.50, 'Desodorante masculino en barra', NULL, NULL, NULL, 0, 1, 0, 0, 'deny', 5000, 10, 1, 1, 1, 5, 85, '2025-11-21 05:13:57', '2025-12-07 00:58:04'),
(129, 'JAB-10351', NULL, NULL, NULL, NULL, 0, 'Jabón Frita Azul', 10.00, 15.00, 'Jabón de tocador azul', NULL, NULL, NULL, 0, 1, 0, 0, 'deny', 95, 10, 0, 1, 1, 5, 68, '2025-11-21 05:13:57', '2025-12-07 00:53:28'),
(131, 'COC-34272', NULL, NULL, NULL, NULL, 0, 'Coca Cola Original', 6.00, 7.80, 'Bebida gaseosa sabor cola ', NULL, NULL, NULL, 0, 1, 0, 0, 'deny', 5000, 10, 1, 1, 1, 6, 34, '2025-11-21 05:13:57', '2025-12-06 00:02:55'),
(137, 'REF-58765', NULL, NULL, NULL, NULL, 0, 'Refresco Pepsi Cola', 3.50, 5.00, 'Refresco Pepsi Cola', NULL, NULL, NULL, 0, 1, 0, 0, 'deny', 5000, 10, 1, 1, 1, 6, 35, '2025-11-21 05:13:57', '2025-12-06 02:01:24'),
(142, 'MAL-28648', NULL, NULL, NULL, NULL, 0, 'Malta de Lata Maltil Polar', 10.00, 15.00, 'Malta en envase retornable caja de 36 unidades', NULL, NULL, NULL, 0, 1, 0, 0, 'deny', 20, 10, 0, 1, 1, 6, 1, '2025-11-21 05:13:57', '2025-12-06 01:20:12'),
(143, 'MAL-17060', NULL, NULL, NULL, NULL, 0, 'Malta Desechable 12x250ml Maltin Polar', 6.50, 8.50, 'Malta en envase desechable caja de 12 unidades', NULL, NULL, NULL, 0, 1, 0, 0, 'deny', 5000, 10, 1, 1, 1, 6, 1, '2025-11-21 05:13:57', '2025-12-06 01:13:43'),
(144, 'MAL-35399', NULL, NULL, NULL, NULL, 0, 'Malta Retornable 36x222ml Maltil Polar', 13.00, 17.00, 'Malta en lata caja de 36 unidades', NULL, NULL, NULL, 0, 1, 0, 0, 'deny', 5000, 10, 1, 1, 1, 6, 1, '2025-11-21 05:13:57', '2025-12-06 01:19:27'),
(145, 'MAL-38613', NULL, NULL, NULL, NULL, 0, 'Malta de Lata 24x355 ml Maltin Polar', 17.00, 23.00, 'Malta de Lata 24x355', NULL, NULL, NULL, 0, 1, 0, 0, 'deny', 3000, 10, 1, 1, 1, 6, 1, '2025-11-21 05:13:57', '2025-12-06 01:21:14'),
(147, 'LEC-91426', NULL, NULL, NULL, NULL, 0, 'Leche Líquida Carabobo Entera 12x1', 20.00, 28.00, 'Leche líquida entera pasteurizada', NULL, NULL, NULL, 0, 1, 0, 0, 'deny', 5000, 10, 1, 1, 1, 6, 47, '2025-11-21 05:13:57', '2025-12-06 02:03:04'),
(150, 'REF-36194', NULL, NULL, NULL, NULL, 0, 'Refresco Frut Cola 2L', 10.00, 15.00, 'Refresco sabor cola en botella de 2 litros', NULL, NULL, NULL, 0, 1, 0, 0, 'deny', 50, 10, 0, 1, 1, 6, 48, '2025-11-21 05:13:57', '2025-12-06 02:02:54'),
(151, 'AGU-86352', NULL, NULL, NULL, NULL, 0, 'Agua Mineral Minalba', 16.00, 22.00, 'Agua mineral en botella', NULL, NULL, NULL, 0, 1, 0, 0, 'deny', 5000, 10, 1, 1, 1, 6, 49, '2025-11-21 05:13:57', '2025-12-06 01:50:35'),
(152, 'AGU-29154', NULL, NULL, NULL, NULL, 0, 'Agua Mineral Cool 1L 6x1.5', 2.00, 3.00, 'Agua mineral natural en botella de 1.5 litro', NULL, NULL, NULL, 0, 1, 0, 0, 'deny', 5000, 10, 1, 1, 1, 6, 50, '2025-11-21 05:13:57', '2025-12-06 01:53:49'),
(154, 'AGU-24516', NULL, NULL, NULL, NULL, 0, 'Agua Vista 1.5L', 10.00, 15.00, 'Agua purificada en botella de 1.5 litros', NULL, NULL, NULL, 0, 1, 0, 0, 'deny', 5000, 10, 0, 1, 1, 6, 51, '2025-11-21 05:13:57', '2025-12-06 01:49:01'),
(161, 'FRU-88885', NULL, NULL, NULL, NULL, 0, 'Frubys Manzana 12x1.5L', 8.00, 11.00, 'Jugo de manzana caja de 12 botellas de 1.5L', NULL, NULL, NULL, 0, 1, 0, 0, 'deny', 5000, 10, 1, 1, 1, 6, 62, '2025-11-21 05:13:57', '2025-12-06 02:04:37'),
(162, 'FRU-34704', NULL, NULL, NULL, NULL, 0, 'Frubys Pera 12x1.5L', 8.00, 11.00, 'Jugo de pera caja de 12 botellas de 1.5L', NULL, NULL, NULL, 0, 1, 0, 0, 'deny', 5000, 10, 1, 1, 1, 6, 62, '2025-11-21 05:13:57', '2025-12-06 02:05:00'),
(163, 'FRU-33300', NULL, NULL, NULL, NULL, 0, 'Frutea Limón  6x1.5', 3.50, 5.00, 'Té helado sabor limón', NULL, NULL, NULL, 0, 1, 0, 0, 'deny', 5000, 10, 1, 1, 1, 6, 63, '2025-11-21 05:13:57', '2025-12-06 02:07:44'),
(164, 'FRU-92534', NULL, NULL, NULL, NULL, 0, 'Frutea Durazno 6x1.5L', 3.50, 5.00, 'Té helado sabor durazno', NULL, NULL, NULL, 0, 1, 0, 0, 'deny', 5000, 10, 1, 1, 1, 6, 63, '2025-11-21 05:13:57', '2025-12-06 02:08:25'),
(165, 'FRU-34892', NULL, NULL, NULL, NULL, 0, 'Fruttsy Passion Mix 250ml', 6.50, 10.00, 'Bebida de fruta de la pasión mix', NULL, NULL, NULL, 0, 1, 0, 0, 'deny', 80, 10, 1, 1, 1, 6, 64, '2025-11-21 05:13:57', '2025-12-06 02:11:17'),
(166, 'FRU-15605', NULL, NULL, NULL, NULL, 0, 'Fruttsy Frutos Rojos 250ml', 6.50, 10.00, 'Bebida de frutos rojos', NULL, NULL, NULL, 0, 1, 0, 0, 'deny', 5000, 10, 1, 1, 1, 6, 64, '2025-11-21 05:13:57', '2025-12-06 02:14:19'),
(167, 'FRU-69733', NULL, NULL, NULL, NULL, 0, 'Fruttsy Naranja 250ml', 6.50, 10.00, 'Bebida de naranja', NULL, NULL, NULL, 0, 1, 0, 0, 'deny', 5000, 10, 1, 1, 1, 6, 64, '2025-11-21 05:13:57', '2025-12-06 02:15:04'),
(170, 'FRU-51996', NULL, NULL, NULL, NULL, 0, 'Frutys Naranja 1.5L', 8.00, 11.50, 'Néctar de naranja', NULL, NULL, NULL, 0, 1, 0, 0, 'deny', 5000, 10, 1, 1, 1, 6, 65, '2025-11-21 05:13:57', '2025-12-06 02:40:49'),
(171, 'FRU-70191', NULL, NULL, NULL, NULL, 0, 'Frutys Mandarina 1.5L', 8.00, 11.50, 'Néctar de mandarina', NULL, NULL, NULL, 0, 1, 0, 0, 'deny', 5000, 10, 1, 1, 1, 6, 65, '2025-11-21 05:13:57', '2025-12-06 02:40:07'),
(172, 'JUG-69863', NULL, NULL, NULL, NULL, 0, 'Jugos El Valle Naranja 1.5L', 3.80, 5.50, 'Jugo de naranja natural', NULL, NULL, NULL, 0, 1, 0, 0, 'deny', 5000, 10, 1, 1, 1, 6, 70, '2025-11-21 05:13:57', '2025-12-06 02:42:35'),
(173, 'LIP-63223', NULL, NULL, NULL, NULL, 0, 'Lipton Ice Tea Durazno 12x500ml', 16.00, 22.00, 'Té helado sabor durazno', NULL, NULL, NULL, 0, 1, 0, 0, 'deny', 70, 10, 1, 1, 1, 6, 73, '2025-11-21 05:13:57', '2025-12-06 02:43:16'),
(174, 'LIP-90376', NULL, NULL, NULL, NULL, 0, 'Lipton Ice Tea Limón 12x500ml', 16.00, 22.00, 'Té helado sabor limón', NULL, NULL, NULL, 0, 1, 0, 0, 'deny', 70, 10, 1, 1, 1, 6, 73, '2025-11-21 05:13:57', '2025-12-06 02:45:36'),
(175, 'JUC-59421', NULL, NULL, NULL, NULL, 0, 'Jugi Jucosa Pera 12x1LT', 13.00, 18.50, 'Bebida sabor pera 12x1LT', NULL, NULL, NULL, 0, 1, 0, 0, 'deny', 5000, 10, 1, 1, 1, 6, 69, '2025-11-21 05:13:57', '2025-12-06 02:47:51'),
(176, 'JUC-91999', NULL, NULL, NULL, NULL, 0, 'Jugi Jucosa Manzana 12x1LT', 13.00, 18.50, 'Bebida sabor manzana 12x1LT', NULL, NULL, NULL, 0, 1, 0, 0, 'deny', 5000, 10, 1, 1, 1, 6, 69, '2025-11-21 05:13:57', '2025-12-06 02:48:40'),
(177, 'NAT-54114', NULL, NULL, NULL, NULL, 0, 'Natulac Pera', 16.00, 23.00, 'Bebida láctea sabor pera', NULL, NULL, NULL, 0, 1, 0, 0, 'deny', 5000, 10, 1, 1, 1, 6, 76, '2025-11-21 05:13:57', '2025-12-06 02:49:33'),
(178, 'JUG-37861', NULL, NULL, NULL, NULL, 0, 'Jugo Natulac Manzana', 16.00, 23.00, 'Jugo de manzana', NULL, NULL, NULL, 0, 1, 0, 0, 'deny', 5000, 10, 1, 1, 1, 6, 76, '2025-11-21 05:13:57', '2025-12-06 02:49:50'),
(179, 'JUG-16849', NULL, NULL, NULL, NULL, 0, 'Jugo Natulac Durazno', 16.00, 23.00, 'Jugo de durazno', NULL, NULL, NULL, 0, 1, 0, 0, 'deny', 5000, 10, 1, 1, 1, 6, 76, '2025-11-21 05:13:57', '2025-12-06 02:50:14'),
(180, 'JUG-51918', NULL, NULL, NULL, NULL, 0, 'Jugo Valencia Coctel', 10.00, 15.00, 'Jugo coctel de frutas', NULL, NULL, NULL, 0, 1, 0, 0, 'deny', 5000, 10, 0, 1, 1, 6, 94, '2025-11-21 05:13:57', '2025-12-06 02:50:55'),
(181, 'JUG-46481', NULL, NULL, NULL, NULL, 0, 'Jugo Valencia Naranjada', 10.00, 15.00, 'Jugo de naranja', NULL, NULL, NULL, 0, 1, 0, 0, 'deny', 55, 10, 0, 1, 1, 6, 94, '2025-11-21 05:13:57', '2025-11-28 20:17:11'),
(182, 'JUG-58856', NULL, NULL, NULL, NULL, 0, 'Jugo Valencia Durazno', 10.00, 15.00, 'Jugo de durazno', NULL, NULL, NULL, 0, 1, 0, 0, 'deny', 50, 10, 0, 1, 1, 6, 94, '2025-11-21 05:13:57', '2025-12-06 02:50:51'),
(183, 'JUG-25697', NULL, NULL, NULL, NULL, 0, 'Jugo Valencia Pera', 10.00, 15.00, 'Jugo de pera', NULL, NULL, NULL, 0, 1, 0, 0, 'deny', 5000, 10, 1, 1, 1, 6, 94, '2025-11-21 05:13:57', '2025-12-06 02:51:29'),
(184, 'JUG-91393', NULL, NULL, NULL, NULL, 0, 'Jugo Justy Naranja', 7.50, 11.00, 'Jugo de naranja natural', NULL, NULL, NULL, 0, 1, 0, 0, 'deny', 5000, 10, 1, 1, 1, 6, 95, '2025-11-21 05:13:57', '2025-12-06 02:55:47'),
(185, 'JUG-78217', NULL, NULL, NULL, NULL, 0, 'Jugo Speed', 12.00, 18.00, 'Bebida energética de frutas', NULL, NULL, NULL, 0, 1, 0, 0, 'deny', 5000, 10, 1, 1, 1, 6, 96, '2025-11-21 05:13:57', '2025-12-06 03:05:01'),
(186, 'JUG-97813', NULL, NULL, NULL, NULL, 0, 'Jugo Speed Lata', 10.00, 15.00, 'Bebida energética de frutas en lata', NULL, NULL, NULL, 0, 1, 0, 0, 'deny', 5000, 10, 1, 1, 1, 6, 96, '2025-11-21 05:13:57', '2025-12-06 03:05:22'),
(187, 'POW-14699', NULL, NULL, NULL, NULL, 0, 'Power Max 400ml', 3.50, 5.50, 'Bebida energética', NULL, NULL, NULL, 0, 1, 0, 0, 'deny', 50, 10, 1, 1, 1, 6, 81, '2025-11-21 05:13:57', '2025-12-06 03:05:56'),
(188, 'ALD-96899', NULL, NULL, NULL, NULL, 0, 'Aldor Tamarindo 100x1', 10.00, 15.00, 'Bebida de tamarindo caja de 100 unidades', NULL, NULL, NULL, 0, 1, 0, 0, 'deny', 10, 10, 1, 1, 1, 6, 52, '2025-11-21 05:13:57', '2025-11-21 05:13:57'),
(189, 'JUG-72087', NULL, NULL, NULL, NULL, 0, 'Jugo Fruton Citrus Punch 6x1.5L', 3.50, 5.00, 'Jugo fruit punch caja de 6 botellas de 1.5L', NULL, NULL, NULL, 0, 1, 0, 0, 'deny', 5000, 10, 1, 1, 1, 6, 91, '2025-11-21 05:13:57', '2025-12-06 03:06:50'),
(190, 'JUG-59168', NULL, NULL, NULL, NULL, 0, 'Jugo Fruton Friut Punch 6x1.5L', 3.50, 5.00, 'Jugo friut punch caja de 6 botellas de 1.5L', NULL, NULL, NULL, 0, 1, 0, 0, 'deny', 5000, 10, 1, 1, 1, 6, 91, '2025-11-21 05:13:57', '2025-12-06 03:07:08'),
(191, 'GLU-48302', NULL, NULL, NULL, NULL, 0, 'Glup Naranja', 3.50, 5.00, 'Refresco sabor naranja', NULL, NULL, NULL, 0, 1, 0, 0, 'deny', 5000, 10, 1, 1, 1, 6, 92, '2025-11-21 05:13:57', '2025-12-06 00:16:10'),
(193, 'GLU-12974', NULL, NULL, NULL, NULL, 0, 'Glup Uva', 3.50, 5.00, 'Refresco sabor uva', NULL, NULL, NULL, 0, 1, 0, 0, 'deny', 3000, 10, 1, 1, 1, 6, 92, '2025-11-21 05:13:57', '2025-12-06 00:21:46'),
(194, 'GLU-83887', NULL, NULL, NULL, NULL, 0, 'Glup Manzana verde', 3.50, 5.00, 'Refresco sabor manzana verde', NULL, NULL, NULL, 0, 1, 0, 0, 'deny', 5000, 10, 1, 1, 1, 6, 92, '2025-11-21 05:13:57', '2025-12-06 00:26:20'),
(197, 'GLU-99572', NULL, NULL, NULL, NULL, 0, 'Glup Cola Negra', 4.00, 6.00, 'Refresco sabor cola negra', NULL, NULL, NULL, 0, 1, 0, 0, 'deny', 5000, 10, 1, 1, 1, 6, 92, '2025-11-21 05:13:57', '2025-12-06 00:48:30'),
(198, 'GLU-61456', NULL, NULL, NULL, NULL, 0, 'Glup Colita', 3.50, 5.00, 'Refresco sabor colita', NULL, NULL, NULL, 0, 1, 0, 0, 'deny', 5000, 10, 1, 1, 1, 6, 92, '2025-11-21 05:13:57', '2025-12-06 00:32:16'),
(199, 'GLU-99931', NULL, NULL, NULL, NULL, 0, 'Glup Fresh', 3.50, 5.00, 'Refresco sabor fresh', NULL, NULL, NULL, 0, 1, 0, 0, 'deny', 5000, 10, 1, 1, 1, 6, 92, '2025-11-21 05:13:57', '2025-12-06 00:33:47'),
(200, 'GAT-95827', NULL, NULL, NULL, NULL, 0, 'Gatorade Azul', 11.00, 15.00, 'Bebida deportiva sabor azul', NULL, NULL, NULL, 0, 1, 0, 0, 'deny', 5000, 10, 1, 1, 1, 6, 97, '2025-11-21 05:13:57', '2025-12-06 03:07:38'),
(201, 'GAT-15871', NULL, NULL, NULL, NULL, 0, 'Gatorade Mandarina', 11.00, 15.00, 'Bebida deportiva sabor mandarina', NULL, NULL, NULL, 0, 1, 0, 0, 'deny', 5000, 10, 1, 1, 1, 6, 97, '2025-11-21 05:13:57', '2025-12-06 03:07:59'),
(202, 'GAT-78935', NULL, NULL, NULL, NULL, 0, 'Gatorade Tropical', 11.00, 15.00, 'Bebida deportiva sabor tropical', NULL, NULL, NULL, 0, 1, 0, 0, 'deny', 5000, 10, 1, 1, 1, 6, 97, '2025-11-21 05:13:57', '2025-12-06 03:08:16'),
(203, 'AGU-80772', NULL, NULL, NULL, NULL, 0, 'Agua Mineral Mi Brisa', 5.00, 7.00, 'Agua mineral natural', NULL, NULL, NULL, 0, 1, 0, 0, 'deny', 5000, 10, 1, 1, 1, 6, 98, '2025-11-21 05:13:57', '2025-12-06 01:45:03'),
(204, 'AGU-70819', NULL, NULL, NULL, NULL, 0, 'Agua Mineral Heal', 4.50, 6.50, 'Agua mineral purificada', NULL, NULL, NULL, 0, 1, 0, 0, 'deny', 5000, 10, 1, 1, 1, 6, 99, '2025-11-21 05:13:57', '2025-12-06 01:42:46'),
(205, 'REF-55208', NULL, NULL, NULL, NULL, 0, 'Refresco Golden Colita', 2.50, 3.90, 'Refresco sabor colita', NULL, NULL, NULL, 0, 1, 0, 0, 'deny', 5000, 10, 1, 1, 1, 6, 100, '2025-11-21 05:13:57', '2025-12-06 01:24:25'),
(206, 'REF-45290', NULL, NULL, NULL, NULL, 0, 'Refresco Golden Piña', 2.50, 3.90, 'Refresco sabor piña', NULL, NULL, NULL, 0, 1, 0, 0, 'deny', 5000, 10, 1, 1, 1, 6, 100, '2025-11-21 05:13:57', '2025-12-06 01:24:47'),
(207, 'REF-31242', NULL, NULL, NULL, NULL, 0, 'Refresco Golden Manzana', 2.50, 3.90, 'Refresco sabor manzana', NULL, NULL, NULL, 0, 1, 0, 0, 'deny', 5000, 10, 1, 1, 1, 6, 100, '2025-11-21 05:13:57', '2025-12-30 01:16:31'),
(208, 'REF-76921', NULL, NULL, NULL, NULL, 0, 'Refresco Golden 7UP', 2.50, 3.90, 'Refresco sabor lima limón', NULL, NULL, NULL, 0, 1, 0, 0, 'deny', 5000, 10, 1, 1, 1, 6, 100, '2025-11-21 05:13:57', '2025-12-06 01:23:34'),
(209, 'REF-35442', NULL, NULL, NULL, NULL, 0, 'Refresco Frescolita', 2.50, 3.90, 'Refresco sabor fresa', NULL, NULL, NULL, 0, 1, 0, 0, 'deny', 360, 10, 1, 1, 1, 6, 101, '2025-11-21 05:13:57', '2025-12-06 00:58:22'),
(210, 'REF-61449', NULL, NULL, NULL, NULL, 0, 'Refresco Chinotto', 3.50, 5.00, 'Refresco sabor chinotto', NULL, NULL, NULL, 0, 1, 0, 0, 'deny', 320, 10, 1, 1, 1, 6, 102, '2025-11-21 05:13:57', '2025-12-06 00:55:16'),
(211, 'REF-99399', NULL, NULL, NULL, NULL, 0, 'Refresco Fanta Naranja', 2.50, 3.90, 'Refresco sabor naranja', NULL, NULL, NULL, 0, 1, 0, 0, 'deny', 5000, 10, 1, 1, 1, 6, 37, '2025-11-21 05:13:57', '2025-12-06 01:07:38'),
(212, 'REF-79830', NULL, NULL, NULL, NULL, 0, 'Refresco Fanta Uva', 2.50, 3.90, 'Refresco sabor uva', NULL, NULL, NULL, 0, 1, 0, 0, 'deny', 5000, 10, 1, 1, 1, 6, 103, '2025-11-21 05:13:57', '2025-12-06 01:10:07'),
(215, 'DOR-29446', NULL, NULL, NULL, NULL, 0, 'Doritos Mega Queso', 7.00, 9.80, 'Tortilla chips mega queso', NULL, NULL, NULL, 0, 1, 0, 0, 'deny', 5000, 10, 1, 1, 1, 3, 28, '2025-11-21 05:13:57', '2025-12-27 23:21:55'),
(216, 'CHE-78983', NULL, NULL, NULL, NULL, 0, 'Cheese Tris 50g', 5.50, 7.80, 'Snack de queso triangular', NULL, NULL, NULL, 0, 1, 0, 0, 'deny', 5000, 10, 1, 1, 1, 3, 56, '2025-11-21 05:13:57', '2025-12-07 00:09:11'),
(217, 'PUF-70934', NULL, NULL, NULL, NULL, 0, 'Puffy Sabor a Pimienta con Limón', 8.00, 11.50, 'Snack inflado sabor pimienta limón', NULL, NULL, NULL, 0, 1, 0, 0, 'deny', 5000, 10, 1, 1, 1, 3, 89, '2025-11-21 05:13:57', '2025-12-07 00:09:53'),
(218, 'PUF-62852', NULL, NULL, NULL, NULL, 0, 'Puffy Sabor a Queso', 8.00, 11.50, 'Snack inflado sabor queso', NULL, NULL, NULL, 0, 1, 0, 0, 'deny', 5000, 10, 1, 1, 1, 3, 89, '2025-11-21 05:13:57', '2025-12-07 00:10:58'),
(219, 'PUF-10480', NULL, NULL, NULL, NULL, 0, 'Puffy Sabor a Tomate con Albahaca', 8.00, 11.50, 'Snack inflado sabor tomate albahaca', NULL, NULL, NULL, 0, 1, 0, 0, 'deny', 5000, 10, 1, 1, 1, 3, 89, '2025-11-21 05:13:57', '2025-12-07 00:11:16'),
(220, 'SAL-75366', NULL, NULL, NULL, NULL, 0, 'Saltitacos 7 Tacos', 2.00, 2.50, 'Snack salado tipo taco', NULL, NULL, NULL, 0, 1, 0, 0, 'deny', 5000, 10, 1, 1, 1, 3, 90, '2025-11-21 05:13:57', '2025-12-07 00:13:02'),
(221, 'LAY-32461', NULL, NULL, NULL, NULL, 0, 'Lays Clásicas', 10.00, 15.00, 'Papas fritas clásicas con sal', NULL, NULL, NULL, 0, 1, 0, 0, 'deny', 90, 10, 0, 1, 1, 7, 29, '2025-11-21 05:13:57', '2025-12-07 00:06:35'),
(222, 'LAY-36539', NULL, NULL, NULL, NULL, 0, 'Lays Limón', 10.00, 15.00, 'Papas fritas sabor limón', NULL, NULL, NULL, 0, 1, 0, 0, 'deny', 85, 10, 0, 1, 1, 7, 29, '2025-11-21 05:13:57', '2025-12-07 00:06:39'),
(223, 'RUF-10903', NULL, NULL, NULL, NULL, 0, 'Ruffles Original', 10.00, 15.00, 'Papas fritas onduladas originales', NULL, NULL, NULL, 0, 1, 0, 0, 'deny', 80, 10, 0, 1, 1, 7, 30, '2025-11-21 05:13:57', '2025-12-07 00:06:40'),
(224, 'RUF-16260', NULL, NULL, NULL, NULL, 0, 'Ruffles Queso y Cebolla', 10.00, 15.00, 'Papas fritas onduladas sabor queso y cebolla', NULL, NULL, NULL, 0, 1, 0, 0, 'deny', 75, 10, 0, 1, 1, 7, 30, '2025-11-21 05:13:57', '2025-12-07 00:06:41'),
(225, 'CHE-61807', NULL, NULL, NULL, NULL, 0, 'Cheetos Crunchy', 10.00, 15.00, 'Snacks de maíz sabor queso cheddar', NULL, NULL, NULL, 0, 1, 0, 0, 'deny', 85, 10, 0, 1, 1, 7, 31, '2025-11-21 05:13:57', '2025-12-07 00:06:46'),
(226, 'CHE-36232', NULL, NULL, NULL, NULL, 0, 'Cheetos Flamin Hot', 10.00, 15.00, 'Snacks de maíz sabor picante', NULL, NULL, NULL, 0, 1, 0, 0, 'deny', 80, 10, 0, 1, 1, 7, 31, '2025-11-21 05:13:57', '2025-12-07 00:06:49'),
(227, 'ORE-60978', NULL, NULL, NULL, NULL, 0, 'Oreo Original', 10.00, 15.00, 'Galletas de chocolate con crema', NULL, NULL, NULL, 0, 1, 0, 0, 'deny', 70, 10, 0, 1, 1, 7, 32, '2025-11-21 05:13:57', '2025-12-07 00:06:52'),
(228, 'ORE-20067', NULL, NULL, NULL, NULL, 0, 'Oreo Golden', 10.00, 15.00, 'Galletas doradas con crema de vainilla', NULL, NULL, NULL, 0, 1, 0, 0, 'deny', 65, 10, 0, 1, 1, 7, 32, '2025-11-21 05:13:57', '2025-12-07 00:06:53'),
(229, 'RIT-82634', NULL, NULL, NULL, NULL, 0, 'Ritz Crackers Original', 10.00, 15.00, 'Galletas saladas redondas', NULL, NULL, NULL, 0, 1, 0, 0, 'deny', 75, 10, 0, 1, 1, 7, 33, '2025-11-21 05:13:57', '2025-12-07 00:06:54'),
(230, 'RIT-86777', NULL, NULL, NULL, NULL, 0, 'Ritz Crackers Queso', 10.00, 15.00, 'Galletas saladas con sabor a queso', NULL, NULL, NULL, 0, 1, 0, 0, 'deny', 70, 10, 0, 1, 1, 7, 33, '2025-11-21 05:13:57', '2025-12-07 00:06:54'),
(231, 'COR-14062', NULL, NULL, NULL, NULL, 0, 'Corn Flakes Kelloggs', 10.00, 15.00, 'Cereal de maíz tostado', NULL, NULL, NULL, 0, 1, 0, 0, 'deny', 60, 10, 0, 1, 1, 8, 43, '2025-11-21 05:13:57', '2025-12-07 00:28:33'),
(232, 'FRO-77336', NULL, NULL, NULL, NULL, 0, 'Froot Loops Kelloggs', 10.00, 15.00, 'Cereal de colores con sabor a frutas', NULL, NULL, NULL, 0, 1, 0, 0, 'deny', 55, 10, 0, 1, 1, 8, 43, '2025-11-21 05:13:57', '2025-12-07 00:29:18'),
(233, 'SPE-33333', NULL, NULL, NULL, NULL, 0, 'Arroz Blanco Agua Blanca', 25.00, 37.00, 'Arroz blanco 1Kg Agua Blanca', NULL, NULL, NULL, 0, 1, 0, 0, 'deny', 5000, 10, 1, 1, 1, 1, 110, '2025-11-21 05:13:57', '2025-12-06 03:11:34'),
(234, 'AVE-24185', NULL, NULL, NULL, NULL, 0, 'Avena Quaker Original', 10.00, 15.00, 'Avena instantánea natural', NULL, NULL, NULL, 0, 1, 0, 0, 'deny', 80, 10, 0, 1, 1, 8, 44, '2025-11-21 05:13:57', '2025-12-07 00:28:35'),
(235, 'AVE-71919', NULL, NULL, NULL, NULL, 0, 'Avena Quaker Canela', 10.00, 15.00, 'Avena instantánea sabor canela', NULL, NULL, NULL, 0, 1, 0, 0, 'deny', 75, 10, 0, 1, 1, 8, 44, '2025-11-21 05:13:57', '2025-12-07 00:28:36'),
(236, 'NES-63324', NULL, NULL, NULL, NULL, 0, 'Nesquik Chocolate', 10.00, 15.00, 'Polvo para bebida sabor chocolate', NULL, NULL, NULL, 0, 1, 0, 0, 'deny', 65, 10, 0, 1, 1, 8, 38, '2025-11-21 05:13:57', '2025-12-07 00:28:37'),
(237, 'NES-65792', NULL, NULL, NULL, NULL, 0, 'Nesquik Fresa', 10.00, 15.00, 'Polvo para bebida sabor fresa', NULL, NULL, NULL, 0, 1, 0, 0, 'deny', 60, 10, 0, 1, 1, 8, 38, '2025-11-21 05:13:57', '2025-12-07 00:28:38'),
(238, 'JAB-52968', NULL, NULL, NULL, NULL, 0, 'Jabón de Baño Rexona Antibacterial', 10.00, 15.00, 'Jabón antibacterial protección 12h', NULL, NULL, NULL, 0, 1, 0, 0, 'deny', 90, 10, 0, 1, 1, 8, 46, '2025-11-21 05:13:57', '2025-12-07 00:29:05'),
(239, 'JAB-56117', NULL, NULL, NULL, NULL, 0, 'Jabón de Baño Rexona Aloe Vera', 10.00, 15.00, 'Jabón con extracto de aloe vera', NULL, NULL, NULL, 0, 1, 0, 0, 'deny', 85, 10, 0, 1, 1, 8, 46, '2025-11-21 05:13:57', '2025-12-07 00:29:02'),
(240, 'JAB-16927', NULL, NULL, NULL, NULL, 0, 'Jabón de Baño Rexona Glicerina', 10.00, 15.00, 'Jabón con glicerina hidratante', NULL, NULL, NULL, 0, 1, 0, 0, 'deny', 85, 10, 0, 1, 1, 8, 46, '2025-11-21 05:13:57', '2025-12-07 00:28:40'),
(241, 'JAB-86724', NULL, NULL, NULL, NULL, 0, 'Jabón de Baño Rexona Avena', 10.00, 15.00, 'Jabón exfoliante con avena', NULL, NULL, NULL, 0, 1, 0, 0, 'deny', 80, 10, 0, 1, 1, 8, 46, '2025-11-21 05:13:57', '2025-12-07 00:29:07'),
(242, 'JAB-76412', NULL, NULL, NULL, NULL, 0, 'Jabón de Baño Rexona Coco', 10.00, 15.00, 'Jabón hidratante con aceite de coco', NULL, NULL, NULL, 0, 1, 0, 0, 'deny', 80, 10, 0, 1, 1, 8, 46, '2025-11-21 05:13:57', '2025-12-07 00:29:44'),
(243, 'JAB-33181', NULL, NULL, NULL, NULL, 0, 'Jabón de Baño Rexona Surtidos 8x110g', 9.00, 13.00, 'Pack de 8 jabones surtidos de 110g cada uno', NULL, NULL, NULL, 0, 1, 0, 0, 'deny', 5000, 10, 1, 1, 1, 5, 46, '2025-11-21 05:13:57', '2025-12-07 00:32:09'),
(244, 'PAN-35096', NULL, NULL, NULL, NULL, 0, 'Pañales Baby Finger P', 3.50, 5.00, 'Pañales talla P 20 Unidades', NULL, NULL, NULL, 0, 1, 0, 0, 'deny', 5000, 10, 1, 1, 1, 9, 78, '2025-11-21 05:13:57', '2025-12-07 00:16:31'),
(245, 'PAN-72775', NULL, NULL, NULL, NULL, 0, 'Pañales Baby Finger M', 3.50, 5.00, 'Pañales talla M 18 Unidades', NULL, NULL, NULL, 0, 1, 0, 0, 'deny', 5000, 10, 1, 1, 1, 9, 78, '2025-11-21 05:13:57', '2025-12-07 00:17:33'),
(246, 'PAN-37501', NULL, NULL, NULL, NULL, 0, 'Pañales Baby Finger G', 3.50, 5.00, 'Pañales talla G 18 Unidades', NULL, NULL, NULL, 0, 1, 0, 0, 'deny', 5000, 10, 1, 1, 1, 9, 78, '2025-11-21 05:13:57', '2025-12-07 00:18:11'),
(247, 'PAN-18611', NULL, NULL, NULL, NULL, 0, 'Pañales Baby Finger RN', 3.50, 5.00, 'Pañales talla recién nacido 16 Unidades', NULL, NULL, NULL, 0, 1, 0, 0, 'deny', 4000, 10, 1, 1, 1, 9, 78, '2025-11-21 05:13:57', '2025-12-07 00:18:38'),
(248, 'PAN-56938', NULL, NULL, NULL, NULL, 0, 'Pañales Baby Finger XXG', 3.50, 5.00, 'Pañales talla XXG 16 Unidades', NULL, NULL, NULL, 0, 1, 0, 0, 'deny', 5000, 10, 1, 1, 1, 9, 78, '2025-11-21 05:13:57', '2025-12-07 00:19:06'),
(249, 'PAN-90801', NULL, NULL, NULL, NULL, 0, 'Pañales Hugme P', 1.90, 2.50, 'Pañales talla P 12 Unidades', NULL, NULL, NULL, 0, 1, 0, 0, 'deny', 5000, 10, 1, 1, 1, 9, 79, '2025-11-21 05:13:57', '2025-12-07 00:21:01'),
(250, 'PAN-95074', NULL, NULL, NULL, NULL, 0, 'Pañales Hugme M', 1.90, 2.50, 'Pañales talla M 11 Unidades', NULL, NULL, NULL, 0, 1, 0, 0, 'deny', 5000, 10, 1, 1, 1, 9, 79, '2025-11-21 05:13:57', '2025-12-07 00:23:51'),
(251, 'PAN-34946', NULL, NULL, NULL, NULL, 0, 'Pañales Hugme G', 1.90, 2.50, 'Pañales talla G 1 Unidades', NULL, NULL, NULL, 0, 1, 0, 0, 'deny', 5000, 10, 1, 1, 1, 9, 79, '2025-11-21 05:13:57', '2025-12-07 00:24:50'),
(252, 'PAN-20299', NULL, NULL, NULL, NULL, 0, 'Pañales Hugme XG', 1.90, 2.50, 'Pañales talla XG 9 Unidades', NULL, NULL, NULL, 0, 1, 0, 0, 'deny', 5000, 10, 1, 1, 1, 9, 79, '2025-11-21 05:13:57', '2025-12-07 00:25:23'),
(253, 'PAN-63057', NULL, NULL, NULL, NULL, 0, 'Pañales Hugme RN', 1.90, 2.50, 'Pañales recién nacido 20 Unidades', NULL, NULL, NULL, 0, 1, 0, 0, 'deny', 5000, 10, 1, 1, 1, 9, 79, '2025-11-21 05:13:57', '2025-12-07 00:25:58'),
(254, 'TOA-22220', NULL, NULL, NULL, NULL, 0, 'Toallitas Húmedas Hugme', 0.85, 1.20, 'Toallitas húmedas para bebé 50 Unidades', NULL, NULL, NULL, 0, 1, 0, 0, 'deny', 5000, 10, 1, 1, 1, 9, 79, '2025-11-21 05:13:57', '2025-12-07 00:27:47'),
(255, 'SHA-91934', NULL, NULL, NULL, NULL, 0, 'Shampoo Hugme Bebé', 10.00, 15.00, 'Shampoo suave para bebé', NULL, NULL, NULL, 0, 1, 0, 0, 'deny', 75, 10, 0, 1, 1, 9, 79, '2025-11-21 05:13:57', '2025-12-02 12:37:34'),
(256, 'JAB-15282', NULL, NULL, NULL, NULL, 0, 'Jabón Líquido Hugme', 10.00, 15.00, 'Jabón líquido para bebé', NULL, NULL, NULL, 0, 1, 0, 0, 'deny', 85, 10, 0, 1, 1, 9, 79, '2025-11-21 05:13:57', '2025-12-02 12:37:38'),
(257, 'CRE-96653', NULL, NULL, NULL, NULL, 0, 'Crema Hugme Bebé', 10.00, 15.00, 'Crema hidratante para bebé', NULL, NULL, NULL, 0, 1, 0, 0, 'deny', 65, 10, 0, 1, 1, 9, 79, '2025-11-21 05:13:57', '2025-12-07 00:13:35'),
(258, 'ACE-18261', NULL, NULL, NULL, NULL, 0, 'Aceite Hugme Bebé', 10.00, 15.00, 'Aceite corporal para bebé', NULL, NULL, NULL, 0, 1, 0, 0, 'deny', 90, 10, 0, 1, 1, 9, 79, '2025-11-21 05:13:57', '2025-12-02 12:37:38'),
(259, 'PROD-000259', NULL, NULL, NULL, NULL, 0, 'Aceite La Lucha de Soja 900ML', 30.00, 38.00, 'Aceite de Soja La Lucha', NULL, NULL, NULL, 0, 1, 0, 0, 'deny', 5000, 10, 1, 1, 1, 1, 83, '2025-11-21 05:29:57', '2025-12-07 01:33:43'),
(260, 'PROD-000260', NULL, NULL, NULL, NULL, 0, 'Azucar Montalban 1 KG', 24.00, 34.00, 'Azucar Montalban 1 Kg', NULL, NULL, NULL, 0, 1, 0, 0, 'deny', 5000, 10, 1, 1, 1, 1, 54, '2025-11-21 05:46:00', '2025-12-07 01:32:36'),
(261, 'PROD-000261', NULL, NULL, NULL, NULL, 0, 'Cremor 395 MG', 26.00, 38.00, 'Cremor 395 MG\n', NULL, NULL, NULL, 0, 1, 0, 0, 'deny', 5000, 10, 1, 1, 1, 1, 59, '2025-11-21 05:54:43', '2025-12-07 01:32:23'),
(262, 'PROD-000262', NULL, NULL, NULL, NULL, 0, 'Cubitos Maggi 70x1', 12.00, 15.00, 'Cubitos Maggi', NULL, NULL, NULL, 0, 1, 0, 0, 'deny', 5000, 10, 1, 1, 1, 1, 39, '2025-11-21 05:55:51', '2025-12-07 01:31:01'),
(263, 'PROD-000263', NULL, NULL, NULL, NULL, 0, 'Diablito Under Wood 115G', 28.00, 38.00, 'Diablito Under Wood 115G', NULL, NULL, NULL, 0, 1, 0, 0, 'deny', 5000, 10, 1, 1, 1, 1, 60, '2025-11-21 05:57:17', '2025-12-07 01:30:17'),
(264, 'Q6BO52VG', NULL, NULL, NULL, NULL, 0, 'Diablito Under Wood 54G', 25.00, 33.00, 'Diablito Under Wood 54G', NULL, NULL, NULL, 0, 1, 0, 0, 'deny', 5000, 10, 1, 1, 1, 1, 60, '2025-11-21 05:58:09', '2025-12-07 01:29:55'),
(265, 'PROD-000265', NULL, NULL, NULL, NULL, 0, 'Don Kat Adulto', 10.00, 15.00, 'Don Kat Adulto', NULL, NULL, NULL, 0, 1, 0, 0, 'deny', 5000, 10, 0, 1, 1, 10, 61, '2025-11-21 06:15:56', '2025-12-07 01:15:56'),
(266, 'PROD-000266', NULL, NULL, NULL, NULL, 0, 'Huevo Santa Maria doble 12x1', 27.00, 37.00, 'Huevo Santa Maria doble 12x1\n', NULL, NULL, NULL, 0, 1, 0, 0, 'deny', 5000, 10, 1, 1, 1, 1, 66, '2025-11-21 06:31:31', '2025-12-07 01:28:25'),
(267, 'PROD-000267', NULL, NULL, NULL, NULL, 0, 'Mantequilla Deline, 250 MG', 21.00, 32.00, 'Mantequilla Deline, 250 MG\n', NULL, NULL, NULL, 0, 1, 0, 0, 'deny', 5000, 10, 1, 1, 1, 1, 74, '2025-11-21 07:18:24', '2025-12-07 01:26:05'),
(268, 'MAY-1763695160', NULL, NULL, NULL, NULL, 0, 'Mayonesa 445 MG', 25.00, 26.00, 'Mayonesa 445 MG', NULL, NULL, NULL, 0, 1, 0, 0, 'deny', 5000, 10, 1, 1, 1, 1, 1, '2025-11-21 07:19:20', '2025-12-07 01:24:30'),
(269, 'PROD-000269', NULL, NULL, NULL, NULL, 0, 'Mirringo Adulto', 3.50, 5.00, 'Mirringo Adulto alimento para gatos\n', NULL, NULL, NULL, 0, 1, 0, 0, 'deny', 5000, 10, 1, 1, 1, 10, 75, '2025-11-21 07:26:38', '2025-12-07 01:15:49'),
(270, 'PROD-000270', NULL, NULL, NULL, NULL, 0, 'Nutribella15 Acondicionador Nutrición 12x1  Devuelve la Belleza Natural', 2.50, 3.50, 'Nutribella15 Acondicionador Nutrición 12x1  Devuelve la Belleza Natural\n', NULL, NULL, NULL, 0, 1, 0, 0, 'deny', 5000, 10, 1, 1, 1, 5, 25, '2025-11-21 07:39:23', '2025-12-07 00:39:24'),
(271, 'PROD-000271', NULL, NULL, NULL, NULL, 0, 'Nutribella15 Acondicionador Termoproteccion 12x1', 2.50, 3.50, 'Nutribella15 Acondicionador Termoproteccion 12x1\n', NULL, NULL, NULL, 0, 1, 0, 0, 'deny', 5000, 10, 1, 1, 1, 5, 25, '2025-11-21 07:41:39', '2025-12-07 00:38:05'),
(272, 'PROD-1764290601', NULL, NULL, NULL, NULL, 0, 'Aceite Ideal', 23.00, 37.00, 'Aceite comestible Ideal', NULL, NULL, NULL, 0, 1, 0, 0, 'deny', 5000, 10, 1, 1, 1, 1, 82, '2025-11-28 00:43:21', '2025-12-07 01:23:27'),
(273, 'PROD-000273', NULL, NULL, NULL, NULL, 0, 'Panelada', 10.00, 15.00, 'Bebida en polvo a base de Panela con sabor a limón', NULL, NULL, NULL, 0, 1, 0, 0, 'deny', 5000, 10, 0, 1, 1, 6, 105, '2025-11-28 02:11:34', '2025-12-06 01:58:19'),
(274, 'PROD-000274', NULL, NULL, NULL, NULL, 0, 'Pasta Allegri ricatones', 17.50, 25.00, 'Pasta Allegri ricatones 12X500Mg', NULL, NULL, NULL, 0, 1, 0, 0, 'deny', 5000, 10, 1, 1, 1, 1, 7, '2025-11-28 02:30:34', '2025-12-07 01:20:38'),
(275, 'PROD-1764297049', NULL, NULL, NULL, NULL, 0, 'Pasta Allegri Tubo', 17.50, 25.00, 'Pasta Allegri Tubo Liso 12X500Mg', NULL, NULL, NULL, 0, 1, 0, 0, 'deny', 5000, 10, 1, 1, 1, 1, 7, '2025-11-28 02:30:49', '2025-12-07 01:20:29'),
(276, 'PROD-1764297147', NULL, NULL, NULL, NULL, 0, 'Pasta Allegri Vercimelli', 15.00, 23.00, 'Pasta Allegri Vercimelli 12X500Mg', NULL, NULL, NULL, 0, 1, 0, 0, 'deny', 5000, 10, 1, 1, 1, 1, 7, '2025-11-28 02:32:27', '2025-12-07 01:20:07'),
(277, 'PROD-1764297221', NULL, NULL, NULL, NULL, 0, 'Pasta Allegri Linguini', 10.00, 15.00, 'Pasta Allegri Linguini 12X500Mg', NULL, NULL, NULL, 0, 1, 0, 0, 'deny', 5000, 10, 1, 1, 1, 1, 7, '2025-11-28 02:33:41', '2025-12-30 00:35:23'),
(278, 'PROD-1764297304', NULL, NULL, NULL, NULL, 0, 'Pasta Allegri Codos', 17.50, 25.00, 'Pasta Allegri Codos 12X500Mg', NULL, NULL, NULL, 0, 1, 0, 0, 'deny', 5000, 10, 1, 1, 1, 1, 7, '2025-11-28 02:35:04', '2025-12-07 01:18:43'),
(279, 'PROD-764297307', NULL, NULL, NULL, NULL, 0, 'Pasta Allegri Espirales', 10.00, 15.00, 'Pasta Allegri Espirales 12X500Mg', NULL, NULL, NULL, 0, 1, 0, 0, 'deny', 5000, 10, 1, 1, 1, 1, 7, '2025-11-28 02:35:07', '2025-11-28 02:37:01'),
(280, 'PROD-1764297320', NULL, NULL, NULL, NULL, 0, 'Pasta Allegri Plumita', 10.00, 15.00, 'Pasta Allegri Plumita 12X500Mg', NULL, NULL, NULL, 0, 1, 0, 0, 'deny', 5000, 10, 1, 1, 1, 1, 7, '2025-11-28 02:35:20', '2025-11-28 02:38:33'),
(281, 'PROD-1764297468', NULL, NULL, NULL, NULL, 0, 'Pasta Allegri Tornillo ', 10.00, 15.00, 'Pasta Allegri Tornillo 12X500Mg', NULL, NULL, NULL, 0, 1, 0, 0, 'deny', 5000, 10, 1, 1, 1, 1, 7, '2025-11-28 02:37:48', '2025-11-28 02:39:17');
INSERT INTO `productos` (`id`, `code`, `sku`, `barcode`, `batch_number`, `expiry_date`, `requires_batch_tracking`, `name`, `price`, `precio_bs`, `description`, `tags`, `meta_title`, `meta_description`, `has_variants`, `track_inventory`, `featured`, `allow_backorder`, `inventory_policy`, `quantity`, `quantity_alert`, `status`, `empresa_id`, `sucursal_id`, `categoria_id`, `marca_id`, `created_at`, `updated_at`) VALUES
(282, 'PROD-000282', NULL, NULL, NULL, NULL, 0, 'Super Pega', 10.00, 15.00, 'Super pega 12x8', NULL, NULL, NULL, 0, 1, 0, 0, 'deny', 5000, 10, 1, 1, 1, 11, 87, '2025-11-28 02:55:39', '2025-11-28 02:55:39'),
(283, 'PROD-000283', NULL, NULL, NULL, NULL, 0, 'Cloro Kris', 10.00, 15.00, 'Cloro Kris 1 Lt', NULL, NULL, NULL, 0, 1, 0, 0, 'deny', 5000, 0, 0, 1, 1, 5, 108, '2025-11-28 19:45:20', '2025-12-07 00:54:45'),
(284, 'PROD-000284', NULL, NULL, NULL, NULL, 0, 'Papel Higiénico El Rosal Plus', 7.00, 10.50, 'Papel Higiénico de 4 rollos', NULL, NULL, NULL, 0, 1, 0, 0, 'deny', 5000, 0, 1, 1, 1, 5, 109, '2025-11-28 19:48:40', '2025-12-07 00:51:29'),
(285, 'PROD-000285', NULL, NULL, NULL, NULL, 0, 'Jabón de baño Anita 12x1 125G', 9.00, 12.50, 'Jabón de baño Anita 12 Unidades', NULL, NULL, NULL, 0, 1, 0, 0, 'deny', 5000, 10, 1, 1, 1, 5, 23, '2025-11-28 19:50:29', '2025-12-07 00:46:15'),
(286, 'PROD-000286', NULL, NULL, NULL, NULL, 0, 'DETERGENTE OSO BLANCO ', 10.00, 15.00, 'DETERGENTE OSO BLANCO', NULL, NULL, NULL, 0, 1, 0, 0, 'deny', 5000, 10, 0, 1, 1, 5, 24, '2025-11-28 19:53:05', '2025-12-30 00:37:30'),
(287, 'PROD-000287', NULL, NULL, NULL, NULL, 0, 'LAVAPLATOS TAPA AMARILLA', 10.00, 15.00, 'Lavaplatos en gel', NULL, NULL, NULL, 0, 1, 0, 0, 'deny', 5000, 10, 1, 1, 1, 11, 45, '2025-11-28 20:04:21', '2025-11-28 20:04:21'),
(288, 'PROD-000288', NULL, NULL, NULL, NULL, 0, 'Boka Bebidas Instantáneas De Frutas', 2.00, 3.00, 'Boka Bebidas Instantáneas\n', NULL, NULL, NULL, 0, 1, 0, 0, 'deny', 5000, 0, 1, 1, 1, 6, 11, '2025-11-28 21:18:14', '2025-12-06 00:11:40'),
(289, 'ARR-1764696886', NULL, NULL, NULL, NULL, 0, 'Arroz Blanco Mary Premium', 38.00, 57.00, 'Arroz blanco Mary Premium', NULL, NULL, NULL, 0, 1, 0, 0, 'deny', 5000, 10, 1, 1, 1, 1, 2, '2025-12-02 17:34:46', '2025-12-06 03:10:44'),
(290, 'ARR-1764696933', NULL, NULL, NULL, NULL, 0, 'Arroz Blanco Mary Esmeralda', 40.00, 59.00, 'Arroz blanco Mary Esmeralda', NULL, NULL, NULL, 0, 1, 0, 0, 'deny', 5000, 10, 1, 1, 1, 1, 2, '2025-12-02 17:35:33', '2025-12-06 03:10:21'),
(291, 'ARR-1764696997', NULL, NULL, NULL, NULL, 0, 'Arroz Santoni Premium', 10.00, 15.00, 'Arroz Santoni Premium', NULL, NULL, NULL, 0, 1, 0, 0, 'deny', 150, 10, 0, 1, 1, 1, 2, '2025-12-02 17:36:37', '2025-12-30 00:35:52'),
(292, 'HAR-1764697100', NULL, NULL, NULL, NULL, 0, 'Harina de Maíz Pantera', 10.00, 15.00, 'Harina de maíz precocida para arepas', NULL, NULL, NULL, 0, 1, 0, 0, 'deny', 200, 10, 0, 1, 1, 1, 111, '2025-12-02 17:38:20', '2025-12-30 00:36:49'),
(293, 'CAF-1764697260', NULL, NULL, NULL, NULL, 0, 'Café Amanecer 100 MG ', 47.00, 62.00, 'Café molido Amanecer 100 MG \n', NULL, NULL, NULL, 0, 1, 0, 0, 'deny', 5000, 10, 1, 1, 1, 1, 5, '2025-12-02 17:41:00', '2025-12-07 01:17:37'),
(294, 'CAF-1764697392', NULL, NULL, NULL, NULL, 0, 'Café Amanecer 200 MG ', 44.00, 60.00, 'Café molido Amanecer 200 MG \n', NULL, NULL, NULL, 0, 1, 0, 0, 'deny', 5000, 10, 1, 1, 1, 1, 5, '2025-12-02 17:43:13', '2025-12-07 01:17:26'),
(295, 'HAR-1764697494', NULL, NULL, NULL, NULL, 0, 'Salsa de tomate Pampero 397G', 36.00, 51.00, 'Salsa de tomate Pampero 397 G\n', NULL, NULL, NULL, 0, 1, 0, 0, 'deny', 5000, 10, 1, 1, 1, 1, 9, '2025-12-02 17:44:54', '2025-12-07 01:16:47'),
(296, 'GLU-1764980583', NULL, NULL, NULL, NULL, 0, 'Glup Piña', 3.50, 5.00, 'Refresco sabor colita', NULL, NULL, NULL, 0, 1, 0, 0, 'deny', 5000, 10, 1, 1, 1, 6, 92, '2025-12-06 00:23:03', '2025-12-06 00:49:25'),
(297, 'GLUP-1764980901', NULL, NULL, NULL, NULL, 0, 'Glup Manzana Roja', 3.50, 5.00, 'Refresco sabor manzana roja', NULL, NULL, NULL, 0, 1, 0, 0, 'deny', 5000, 10, 1, 1, 1, 6, 92, '2025-12-06 00:28:21', '2025-12-06 00:30:22'),
(298, 'MAL-38613-COPY-1764983520', NULL, NULL, NULL, NULL, 0, 'Malta 1.5 Lt Maltin Polar', 7.50, 10.50, 'Malta en botella de 1.5 litros', NULL, NULL, NULL, 0, 1, 0, 0, 'deny', 5000, 10, 1, 1, 1, 6, 1, '2025-12-06 01:12:00', '2025-12-06 01:13:17'),
(299, 'AGU-1764986167', NULL, NULL, NULL, NULL, 0, 'Agua Mineral Cool 15x600ML', 2.00, 3.00, 'Agua mineral natural en botella de 600 ML', NULL, NULL, NULL, 0, 1, 0, 0, 'deny', 5000, 10, 1, 1, 1, 6, 50, '2025-12-06 01:56:07', '2025-12-06 01:56:53'),
(300, 'FRU-1764987312', NULL, NULL, NULL, NULL, 0, 'Fruttsy Frutas Tropicales 250ml', 6.50, 10.00, 'Bebida de frutas tropicales', NULL, NULL, NULL, 0, 1, 0, 0, 'deny', 5000, 10, 1, 1, 1, 6, 64, '2025-12-06 02:15:12', '2025-12-06 02:16:18'),
(301, 'FRU-1764987387', NULL, NULL, NULL, NULL, 0, 'Fruttsy Frutas Mango 250ml', 6.50, 10.00, 'Bebida sabor a mango', NULL, NULL, NULL, 0, 1, 0, 0, 'deny', 5000, 10, 1, 1, 1, 6, 64, '2025-12-06 02:16:27', '2025-12-06 02:17:19'),
(302, 'FRU-1764988873', NULL, NULL, NULL, NULL, 0, 'Frutys Mango 1.5L ', 8.00, 11.50, 'Néctar de Mango ', NULL, NULL, NULL, 0, 1, 0, 0, 'deny', 5000, 10, 1, 1, 1, 6, 65, '2025-12-06 02:41:13', '2025-12-06 02:41:36'),
(304, 'JUG-1764989533', NULL, NULL, NULL, NULL, 0, 'Jugo Valencia Manzana', 10.00, 15.00, 'Jugo de manzana', NULL, NULL, NULL, 0, 1, 0, 0, 'deny', 5000, 10, 1, 1, 1, 6, 94, '2025-12-06 02:52:13', '2025-12-06 02:53:02'),
(305, 'JUG-1764989708', NULL, NULL, NULL, NULL, 0, 'Jugo Justy Mandarina', 8.00, 12.00, 'Jugo de naranja natural', NULL, NULL, NULL, 0, 1, 0, 0, 'deny', 5000, 10, 1, 1, 1, 6, 95, '2025-12-06 02:55:08', '2025-12-06 02:56:10'),
(306, 'JUG-1764989776', NULL, NULL, NULL, NULL, 0, 'Jugo Justy Tamarindo', 8.00, 12.00, 'Jugo de Tamarindo natural', NULL, NULL, NULL, 0, 1, 0, 0, 'deny', 5000, 10, 1, 1, 1, 6, 95, '2025-12-06 02:56:16', '2025-12-06 02:56:50'),
(307, 'JUG-1764989817', NULL, NULL, NULL, NULL, 0, 'Jugo Justy Patilla', 8.00, 12.00, 'Jugo sabor a Patilla', NULL, NULL, NULL, 0, 1, 0, 0, 'deny', 5000, 10, 1, 1, 1, 6, 95, '2025-12-06 02:56:57', '2025-12-06 02:57:43'),
(308, 'JUG-1764989871', NULL, NULL, NULL, NULL, 0, 'Jugo Justy Durazno', 8.00, 12.00, 'Jugo sabor a Durazno', NULL, NULL, NULL, 0, 1, 0, 0, 'deny', 5000, 10, 1, 1, 1, 6, 95, '2025-12-06 02:57:51', '2025-12-06 02:58:15'),
(309, 'PROD-000309', NULL, NULL, NULL, NULL, 0, 'Hojilla Dorco Azul Original 100x10.', 3.00, 10.00, 'Hojilla Dorco Azul Original 100x10. ', NULL, NULL, NULL, 0, 1, 0, 0, 'deny', 3000, 10, 1, 1, 1, 5, 93, '2025-12-17 18:36:56', '2025-12-17 18:36:56'),
(310, 'PROD-000310', NULL, NULL, NULL, NULL, 0, 'Afeitadoras Dorco 4x24', 5.00, 10.00, 'Afeitadoras Dorco 4x24', NULL, NULL, NULL, 0, 1, 0, 0, 'deny', 5000, 10, 1, 1, NULL, 5, 21, '2025-12-17 18:40:50', '2025-12-17 18:40:50'),
(311, 'PROD-000311', NULL, NULL, NULL, NULL, 0, 'Afeitadoras Max Confortable Azul 1x12', 3.00, 10.00, 'Afeitadoras Max Confortable Azul 1x12', NULL, NULL, NULL, 0, 1, 0, 0, 'deny', 5000, 10, 1, 1, NULL, 5, 52, '2025-12-17 18:42:45', '2025-12-17 18:42:45'),
(312, 'PROD-1765996972', NULL, NULL, NULL, NULL, 0, 'Afeitadoras Max Confortable Rosa 1x12 ', 3.00, 10.00, 'Afeitadoras Max Confortable Rosa 1x12', NULL, NULL, NULL, 0, 1, 0, 0, 'deny', 5000, 10, 1, 1, NULL, 5, 52, '2025-12-17 18:42:52', '2025-12-17 18:43:23'),
(313, 'PROD-000313', NULL, NULL, NULL, NULL, 0, 'Cinta Transparente Grande 1x6', 3.00, 10.00, 'Cinta Transparente Grande 1x6', NULL, NULL, NULL, 0, 1, 0, 0, 'deny', 5000, 10, 1, 1, 1, 11, 52, '2025-12-17 18:45:14', '2025-12-17 18:45:14'),
(314, 'PROD-000314', NULL, NULL, NULL, NULL, 0, 'Aceite IXORA x bidón de 20 LTS', 37.00, 58.00, 'Aceite IXORA x bidón de 20 LTS', NULL, NULL, NULL, 0, 1, 0, 0, 'deny', 5000, 10, 1, 1, 1, 1, 6, '2025-12-17 18:47:54', '2025-12-30 01:13:39'),
(315, 'PROD-1765997415', NULL, NULL, NULL, NULL, 0, 'Mantequilla Mavesa, 250 MG', 21.00, 32.00, 'Mantequilla Mavesa, 250 MG\n', NULL, NULL, NULL, 0, 1, 0, 0, 'deny', 5000, 10, 1, 1, 1, 1, 74, '2025-12-17 18:50:15', '2025-12-17 18:50:51'),
(316, 'PROD-000316', NULL, NULL, NULL, NULL, 0, 'Yesqueros Hugme X 50 Electronicos', 5.00, 10.00, 'Yesqueros Hugme X 50 Electronicos', NULL, NULL, NULL, 0, 1, 0, 0, 'deny', 5000, 10, 1, 1, 1, 11, 79, '2025-12-17 18:52:42', '2025-12-17 18:52:42'),
(317, 'PROD-1765997951', NULL, NULL, NULL, NULL, 0, 'Papel Higiénico XG 600 Hojas Maple 4 Und', 3.50, 5.50, 'Papel Higiénico XG 600 Hojas Maple 4 Und', NULL, NULL, NULL, 0, 1, 0, 0, 'deny', 5000, 0, 1, 1, 1, 5, 109, '2025-12-17 18:59:11', '2025-12-30 01:10:47'),
(318, 'PROD-000318', NULL, NULL, NULL, NULL, 0, 'Sal del Mar 1Kg', 8.00, 12.00, 'Sal del Mar 1Kg', NULL, NULL, NULL, 0, 1, 0, 0, 'deny', 5000, 10, 1, 1, 1, 1, 12, '2025-12-17 19:01:01', '2025-12-30 01:11:22'),
(319, 'PROD-000OAXY', NULL, NULL, NULL, NULL, 0, 'Afeitadoras Max Confortable Rosa 1x12', 3.00, 5.50, 'Afeitadoras Max Confortable Rosa 1x12', NULL, NULL, NULL, 0, 1, 0, 0, 'deny', 5000, 10, 1, 1, 1, 5, 52, '2025-12-28 12:27:38', '2025-12-30 01:12:59'),
(320, 'PROD-1766924878', NULL, NULL, NULL, NULL, 0, 'Afeitadoras Max Confortable Azul 1x12', 3.00, 5.50, 'Afeitadoras Max Confortable Rosa 1x12', NULL, NULL, NULL, 0, 1, 0, 0, 'deny', 5000, 10, 1, 1, 1, 5, 52, '2025-12-28 12:27:58', '2025-12-30 01:12:44'),
(321, 'PROD-1766924972', NULL, NULL, NULL, NULL, 0, 'Afeitadoras Dorco 4x24', 6.00, 8.50, 'Afeitadoras Dorco 4x24', NULL, NULL, NULL, 0, 1, 0, 0, 'deny', 5000, 10, 1, 1, 1, 5, 52, '2025-12-28 12:29:32', '2025-12-30 01:31:11');

-- --------------------------------------------------------

--
-- Estructura de tabla para la tabla `producto_inventory_settings`
--

CREATE TABLE IF NOT EXISTS `producto_inventory_settings` (
  `id` bigint(20) UNSIGNED NOT NULL AUTO_INCREMENT,
  `producto_id` bigint(20) UNSIGNED NOT NULL,
  `track_inventory` tinyint(1) NOT NULL DEFAULT 1,
  `allow_backorder` tinyint(1) NOT NULL DEFAULT 0,
  `inventory_policy` varchar(255) NOT NULL DEFAULT 'deny',
  `low_stock_threshold` int(11) NOT NULL DEFAULT 5,
  `empresa_id` bigint(20) UNSIGNED NOT NULL,
  `created_at` timestamp NULL DEFAULT NULL,
  `updated_at` timestamp NULL DEFAULT NULL,
  PRIMARY KEY (`id`),
  KEY `producto_inventory_settings_producto_id_index` (`producto_id`),
  KEY `producto_inventory_settings_empresa_id_index` (`empresa_id`)
) ENGINE=InnoDB AUTO_INCREMENT=18 DEFAULT CHARSET=utf8mb4 COLLATE=utf8mb4_unicode_ci;

--
-- Truncar tablas antes de insertar `producto_inventory_settings`
--

TRUNCATE TABLE `producto_inventory_settings`;
--
-- Volcado de datos para la tabla `producto_inventory_settings`
--

INSERT INTO `producto_inventory_settings` (`id`, `producto_id`, `track_inventory`, `allow_backorder`, `inventory_policy`, `low_stock_threshold`, `empresa_id`, `created_at`, `updated_at`) VALUES
(1, 273, 1, 0, 'deny', 5, 1, '2025-11-28 02:11:34', '2025-11-28 02:11:34'),
(2, 274, 1, 0, 'deny', 5, 1, '2025-11-28 02:30:34', '2025-12-07 01:20:38'),
(3, 282, 1, 0, 'deny', 5, 1, '2025-11-28 02:55:39', '2025-12-17 18:31:14'),
(4, 283, 1, 0, 'deny', 5, 1, '2025-11-28 19:45:20', '2025-11-28 19:45:20'),
(5, 284, 1, 0, 'deny', 5, 1, '2025-11-28 19:48:40', '2025-12-07 00:51:29'),
(6, 285, 1, 0, 'deny', 5, 1, '2025-11-28 19:50:29', '2025-12-07 00:49:48'),
(7, 286, 1, 0, 'deny', 5, 1, '2025-11-28 19:53:05', '2025-11-28 19:57:33'),
(8, 287, 1, 0, 'deny', 5, 1, '2025-11-28 20:04:21', '2025-11-28 20:05:23'),
(9, 288, 1, 0, 'deny', 5, 1, '2025-11-28 21:18:14', '2025-12-06 00:11:40'),
(10, 309, 1, 0, 'deny', 5, 1, '2025-12-17 18:36:56', '2025-12-17 18:36:56'),
(11, 310, 1, 0, 'deny', 5, 1, '2025-12-17 18:40:50', '2025-12-17 18:40:50'),
(12, 311, 1, 0, 'deny', 5, 1, '2025-12-17 18:42:45', '2025-12-17 18:42:45'),
(13, 313, 1, 0, 'deny', 5, 1, '2025-12-17 18:45:14', '2025-12-17 18:45:14'),
(14, 314, 1, 0, 'deny', 5, 1, '2025-12-17 18:47:54', '2025-12-30 01:13:39'),
(15, 316, 1, 0, 'deny', 5, 1, '2025-12-17 18:52:42', '2025-12-17 18:52:42'),
(16, 318, 1, 0, 'deny', 5, 1, '2025-12-17 19:01:01', '2025-12-30 01:11:22'),
(17, 319, 1, 0, 'deny', 5, 1, '2025-12-28 12:27:38', '2025-12-30 01:12:59');

-- --------------------------------------------------------

--
-- Estructura de tabla para la tabla `producto_seo`
--

CREATE TABLE IF NOT EXISTS `producto_seo` (
  `id` bigint(20) UNSIGNED NOT NULL AUTO_INCREMENT,
  `producto_id` bigint(20) UNSIGNED NOT NULL,
  `sku` varchar(255) DEFAULT NULL,
  `barcode` varchar(255) DEFAULT NULL,
  `meta_title` varchar(255) DEFAULT NULL,
  `meta_description` text DEFAULT NULL,
  `tags` text DEFAULT NULL,
  `featured` tinyint(1) NOT NULL DEFAULT 0,
  `empresa_id` bigint(20) UNSIGNED NOT NULL,
  `created_at` timestamp NULL DEFAULT NULL,
  `updated_at` timestamp NULL DEFAULT NULL,
  PRIMARY KEY (`id`),
  KEY `producto_seo_producto_id_index` (`producto_id`),
  KEY `producto_seo_empresa_id_index` (`empresa_id`),
  KEY `producto_seo_sku_index` (`sku`),
  KEY `producto_seo_barcode_index` (`barcode`)
) ENGINE=InnoDB AUTO_INCREMENT=208 DEFAULT CHARSET=utf8mb4 COLLATE=utf8mb4_unicode_ci;

--
-- Truncar tablas antes de insertar `producto_seo`
--

TRUNCATE TABLE `producto_seo`;
--
-- Volcado de datos para la tabla `producto_seo`
--

INSERT INTO `producto_seo` (`id`, `producto_id`, `sku`, `barcode`, `meta_title`, `meta_description`, `tags`, `featured`, `empresa_id`, `created_at`, `updated_at`) VALUES
(1, 81, 'ALIVE-TOALLAS-FEMENINAS-THTI', '', '', '', '', 0, 1, '2025-11-27 23:35:45', '2025-11-27 23:35:45'),
(2, 80, 'ALIVE-ROSADO-4XJS', '', '', '', '', 0, 1, '2025-11-27 23:36:17', '2025-11-27 23:36:17'),
(3, 79, 'ALIVE-BLANCO-IX9P', '', '', '', '', 0, 1, '2025-11-27 23:36:39', '2025-11-27 23:36:39'),
(4, 76, 'ALIVE-VERDE-PAC4', '', '', '', '', 0, 1, '2025-11-27 23:40:27', '2025-11-27 23:40:27'),
(5, 75, 'ALIVE-MORADO-V3GU', '', '', '', '', 0, 1, '2025-11-27 23:40:47', '2025-11-27 23:40:47'),
(6, 74, 'ALIVE-AZUL-EGNJ', '', '', '', '', 0, 1, '2025-11-27 23:42:29', '2025-11-27 23:42:29'),
(7, 179, 'JUGO-NATULAC-DURAZNO-BBU1', '', '', '', '', 0, 1, '2025-11-27 23:49:32', '2025-11-27 23:49:32'),
(8, 178, 'JUGO-NATULAC-MANZANA-FBIB', '', '', '', '', 0, 1, '2025-11-27 23:50:24', '2025-11-27 23:50:24'),
(9, 177, 'NATULAC-PERA-JPIV', '', '', '', '', 0, 1, '2025-11-27 23:51:31', '2025-11-27 23:51:31'),
(10, 203, 'AGUA-MINERAL-MI-BRISA-V216', '', '', '', '', 0, 1, '2025-11-28 00:31:41', '2025-11-28 00:31:41'),
(11, 204, 'AGUA-MINERAL-HEAL-BLB0', '', '', '', '', 0, 1, '2025-11-28 00:33:32', '2025-11-28 00:33:32'),
(12, 4, '', '', '', '', '', 0, 1, '2025-11-28 00:43:10', '2025-11-28 00:43:10'),
(13, 272, 'ACEITE-IDEAL-MVXK', '', '', '', '', 0, 1, '2025-11-28 00:46:40', '2025-11-28 00:46:40'),
(14, 188, 'ALDOR-TAMARINDO-100X1-5X4X', '', '', '', '', 0, 1, '2025-11-28 01:09:57', '2025-11-28 01:09:57'),
(15, 124, 'ALIDENT-GEL-VERDE-FRESCO-5SVD', '', '', '', '', 0, 1, '2025-11-28 01:10:55', '2025-11-28 01:10:55'),
(16, 123, 'ALIDENT-GEL-AZUL-HTLT', '', '', '', '', 0, 1, '2025-11-28 01:11:40', '2025-11-28 01:11:40'),
(17, 122, 'ALIDENT-GEL-TRIPLE-ACCION-K6JI', '', '', '', '', 0, 1, '2025-11-28 01:12:06', '2025-11-28 01:12:06'),
(18, 99, 'SUAVITEL-CUIDADO-SUPERIOR-FRESA-Y-CHOCOLATE-QQGY', '', '', '', '', 0, 1, '2025-11-28 01:13:51', '2025-11-28 01:13:51'),
(19, 98, 'SUAVITEL-CUIDADO-SUPERIOR-FRESCURA-DE-PRIMAVERA-7F2N', '', '', '', '', 0, 1, '2025-11-28 01:14:18', '2025-11-28 01:14:18'),
(20, 97, 'SUAVITEL-CUIDADO-SUPERIOR-FRESCURA-DE-MANZANA-Z6D6', '', '', '', '', 0, 1, '2025-11-28 01:14:40', '2025-11-28 01:14:40'),
(21, 84, 'OSO-BLANCO-CLORO-GEL-W6L5', '', '', '', '', 0, 1, '2025-11-28 01:17:19', '2025-11-28 01:17:19'),
(23, 86, 'OSO-BLANCO-LAVAVAJILLAS-RVHS', '', '', '', '', 0, 1, '2025-11-28 01:20:38', '2025-11-28 01:20:38'),
(24, 90, 'OSO-BLANCO-DESINFECTANTE-LAVANDA-RRWM', '', '', '', '', 0, 1, '2025-11-28 01:26:30', '2025-11-28 01:26:30'),
(25, 91, 'OSO-BLANCO-DESINFECTANTE-MANZANA-B9Y8', '', '', '', '', 0, 1, '2025-11-28 01:27:00', '2025-11-28 01:27:00'),
(26, 93, 'OSO-BLANCO-DESINFECTANTE-FRESCA-SENSACION-EVPI', '', '', '', '', 0, 1, '2025-11-28 01:30:57', '2025-11-28 01:30:57'),
(27, 94, 'DESINFECTANTE-OSO-BLANCO-INTENSA-FLORAL-WIFI', '', '', '', '', 0, 1, '2025-11-28 01:31:28', '2025-11-28 01:31:28'),
(28, 215, 'DORITOS-MEGA-QUESO-2FYD', '', '', '', '', 0, 1, '2025-11-28 01:35:17', '2025-11-28 01:35:17'),
(29, 216, 'CHEESE-TRIS-50G-JDXF', '', '', '', '', 0, 1, '2025-11-28 01:36:55', '2025-11-28 01:36:55'),
(30, 51, 'CIGARROS-20UND-UNIVERSAL-9NXB', '', '', '', '', 0, 1, '2025-11-28 01:37:30', '2025-11-28 01:37:30'),
(31, 172, 'JUGOS-EL-VALLE-NARANJA-15L-SE0C', '', '', '', '', 0, 1, '2025-11-28 01:45:03', '2025-11-28 01:45:03'),
(32, 126, 'LADY-SPEED-STICK-18G-SSN5', '', '', '', '', 0, 1, '2025-11-28 01:45:52', '2025-11-28 01:45:52'),
(33, 111, 'NUTRIBELLA15-TRATAMIENTO-CAPILAR-12X1-YAQI', '', '', '', '', 0, 1, '2025-11-28 02:04:37', '2025-11-28 02:04:37'),
(34, 115, 'NUTRIBELLA15-ACONDICIONADOR-12X18ML-PRO-HIALURONICO-91BO', '', '', '', '', 0, 1, '2025-11-28 02:08:10', '2025-11-28 02:08:10'),
(35, 273, 'PANELADA-HI3K', NULL, NULL, NULL, 'bebida', 0, 1, '2025-11-28 02:11:34', '2025-11-28 02:11:34'),
(36, 244, 'PANALES-BABY-FINGER-P-OIO9', '', '', '', '', 0, 1, '2025-11-28 02:13:52', '2025-11-28 02:13:52'),
(37, 245, 'PANALES-BABY-FINGER-M-DFLO', '', '', '', '', 0, 1, '2025-11-28 02:15:24', '2025-11-28 02:15:24'),
(38, 246, 'PANALES-BABY-FINGER-G-VW9W', '', '', '', '', 0, 1, '2025-11-28 02:16:19', '2025-11-28 02:16:19'),
(39, 247, 'PANALES-BABY-FINGER-RN-TOPX', '', '', '', '', 0, 1, '2025-11-28 02:16:53', '2025-11-28 02:16:53'),
(40, 248, 'PANALES-BABY-FINGER-XXG-JJF0', '', '', '', '', 0, 1, '2025-11-28 02:17:15', '2025-11-28 02:17:15'),
(41, 249, 'PANALES-HUGME-P-LASC', '', '', '', '', 0, 1, '2025-11-28 02:22:33', '2025-11-28 02:22:33'),
(42, 250, 'PANALES-HUGME-M-TSAB', '', '', '', '', 0, 1, '2025-11-28 02:23:07', '2025-11-28 02:23:07'),
(43, 251, 'PANALES-HUGME-G-NC7X', '', '', '', '', 0, 1, '2025-11-28 02:26:07', '2025-11-28 02:26:07'),
(44, 252, 'PANALES-HUGME-XG-NKWW', '', '', '', '', 0, 1, '2025-11-28 02:27:04', '2025-11-28 02:27:04'),
(45, 253, 'PANALES-HUGME-RN-Y1VR', '', '', '', '', 0, 1, '2025-11-28 02:28:02', '2025-11-28 02:28:02'),
(46, 274, 'PASTA-ALLEGRI-RICATONES-LSGR', '', '', '', '', 0, 1, '2025-11-28 02:30:34', '2025-12-07 01:20:38'),
(47, 275, 'PASTA-ALLEGRI-TUBO-0YAH', '', '', '', '', 0, 1, '2025-11-28 02:32:14', '2025-11-28 02:32:14'),
(48, 276, '', '', '', '', '', 0, 1, '2025-11-28 02:33:17', '2025-11-28 02:33:17'),
(49, 277, 'PASTA-ALLEGRI-LINGUINI-JAPY', '', '', '', '', 0, 1, '2025-11-28 02:34:53', '2025-11-28 02:34:53'),
(50, 278, '', '', '', '', '', 0, 1, '2025-11-28 02:36:19', '2025-11-28 02:36:19'),
(51, 279, 'PASTA-ALLEGRI-LINGUINI-COPIA-GYZO', '', '', '', '', 0, 1, '2025-11-28 02:37:01', '2025-11-28 02:37:01'),
(52, 280, '', '', '', '', '', 0, 1, '2025-11-28 02:38:33', '2025-11-28 02:38:33'),
(53, 281, '', '', '', '', '', 0, 1, '2025-11-28 02:39:17', '2025-11-28 02:39:17'),
(54, 68, 'PIN-POP-BOMBA-GIGANTE-24X1-YFEU', '', '', '', '', 0, 1, '2025-11-28 02:41:01', '2025-11-28 02:41:01'),
(55, 69, 'PIN-POP-BOMBA-GIGANTE-48X1-FQIX', '', '', '', '', 0, 1, '2025-11-28 02:41:37', '2025-11-28 02:41:37'),
(56, 70, 'PIN-POP-BOMBA-SURTIDOS-AYXO', '', '', '', '', 0, 1, '2025-11-28 02:42:07', '2025-11-28 02:42:07'),
(57, 71, 'PIN-POP-GIGANTE-MORA-FRESA-24X1-WTRV', '', '', '', '', 0, 1, '2025-11-28 02:43:12', '2025-11-28 02:43:12'),
(58, 187, 'POWER-MAX-400ML-X14S', '', '', '', '', 0, 1, '2025-11-28 02:44:23', '2025-11-28 02:44:23'),
(59, 219, 'PUFFY-SABOR-A-TOMATE-CON-ALBAHACA-VRVS', '', '', '', '', 0, 1, '2025-11-28 02:45:52', '2025-11-28 02:45:52'),
(60, 218, 'PUFFY-SABOR-A-QUESO-TZUX', '', '', '', '', 0, 1, '2025-11-28 02:46:22', '2025-11-28 02:46:22'),
(61, 217, 'PUFFY-SABOR-A-PIMIENTA-CON-LIMON-R2JD', '', '', '', '', 0, 1, '2025-11-28 02:46:45', '2025-11-28 02:46:45'),
(62, 11, 'SALSA-DE-TOMATE-L4DE', '', '', '', '', 0, 1, '2025-11-28 02:48:13', '2025-11-28 02:48:13'),
(63, 31, 'SALSA-DE-TOMATE-PAMPERO-XZFH', '', '', '', '', 0, 1, '2025-11-28 02:50:19', '2025-11-28 02:50:19'),
(64, 220, 'SALTITACOS-X4O5', '', '', '', '', 0, 1, '2025-11-28 02:51:01', '2025-11-28 02:51:01'),
(65, 127, 'SPEED-STICK-18G-SQKC', '', '', '', '', 0, 1, '2025-11-28 02:52:47', '2025-12-07 00:58:04'),
(66, 282, 'SUPER-PEGA-QIN5', '', '', '', '', 0, 1, '2025-11-28 02:55:39', '2025-12-17 18:31:14'),
(67, 72, 'TAM-CIKOLATAM-83G-ARNC', '', '', '', '', 0, 1, '2025-11-28 02:56:47', '2025-11-28 02:56:47'),
(68, 101, 'NUTRIBELA-BIOKERATINA-BE4N', '', '', '', '', 0, 1, '2025-11-28 02:59:43', '2025-11-28 02:59:43'),
(69, 102, 'NUTRIBELA-ENZIMOTERAPIA-GQGI', '', '', '', '', 0, 1, '2025-11-28 03:00:59', '2025-11-28 03:00:59'),
(70, 103, 'NUTRIBELA-CELULAS-MADRES-CIV2', '', '', '', '', 0, 1, '2025-11-28 03:01:48', '2025-11-28 03:01:48'),
(71, 104, 'NUTRIBELA-PRO-HIALURONICO-9OPM', '', '', '', '', 0, 1, '2025-11-28 03:02:40', '2025-11-28 03:02:40'),
(73, 107, 'NUTRIBELA-NUTRICION-AVANZADA-MP8U', '', '', '', '', 0, 1, '2025-11-28 03:04:46', '2025-11-28 03:04:46'),
(74, 108, 'NUTRIBELA-REPOLARIZACION-EN-FRIO-WB2B', '', '', '', '', 0, 1, '2025-11-28 03:05:46', '2025-11-28 03:05:46'),
(75, 151, 'AGUA-MINALBA-600ML-GJ2R', '', '', '', '', 0, 1, '2025-11-28 03:11:14', '2025-11-28 03:11:14'),
(76, 283, 'CLORO-KRIS-SWWW', NULL, NULL, NULL, NULL, 0, 1, '2025-11-28 19:45:20', '2025-11-28 19:45:20'),
(77, 73, 'CLORO-LIMPIEZA-EXTREMA-1L-D7ZR', '', '', '', '', 0, 1, '2025-11-28 19:45:57', '2025-11-28 19:45:57'),
(78, 284, 'PAPEL-HIGIENICO-EL-ROSAL-PLUS-PYST', '', '', '', '', 0, 1, '2025-11-28 19:48:40', '2025-12-07 00:51:29'),
(79, 285, '', '', '', '', '', 0, 1, '2025-11-28 19:50:29', '2025-12-07 00:46:15'),
(80, 286, 'DETERGENTE-OSO-BLANCO-8GVQ', '', '', '', '', 0, 1, '2025-11-28 19:53:05', '2025-11-28 19:56:44'),
(81, 287, 'LAVAPLATOS-TAPA-AMARILLA-ZTCN', '', '', '', '', 0, 1, '2025-11-28 20:04:21', '2025-11-28 20:05:23'),
(82, 180, 'JUGO-VALENCIA-COCTEL-FGCN', '', '', '', '', 0, 1, '2025-11-28 20:10:42', '2025-11-28 20:10:42'),
(83, 182, 'JUGO-VALENCIA-DURAZNO-YPIK', '', '', '', '', 0, 1, '2025-11-28 20:16:38', '2025-11-28 20:16:38'),
(84, 183, 'JUGO-VALENCIA-PERA-NNAQ', '', '', '', '', 0, 1, '2025-11-28 20:16:54', '2025-11-28 20:16:54'),
(85, 212, 'REFRESCO-HIT-UVA-DSTD', '', '', '', '', 0, 1, '2025-11-28 20:19:02', '2025-11-28 20:19:02'),
(86, 211, 'REFRESCO-HIT-NARANJA-XYHH', '', '', '', '', 0, 1, '2025-11-28 20:20:52', '2025-11-28 20:20:52'),
(87, 210, 'REFRESCO-CHINOTTO-GH24', '', '', '', '', 0, 1, '2025-11-28 20:24:09', '2025-11-28 20:24:09'),
(88, 209, 'REFRESCO-FRESCOLITA-QUUO', '', '', '', '', 0, 1, '2025-11-28 20:28:57', '2025-11-28 20:28:57'),
(89, 208, 'REFRESCO-GOLDEN-7UP-GTHQ', '', '', '', '', 0, 1, '2025-11-28 20:32:56', '2025-11-28 20:32:56'),
(90, 207, 'REFRESCO-GOLDEN-MANZANA-JUUX', '', '', '', '', 0, 1, '2025-11-28 20:36:17', '2025-11-28 20:36:17'),
(91, 206, 'REFRESCO-GOLDEN-PINA-MAQ4', '', '', '', '', 0, 1, '2025-11-28 20:38:09', '2025-11-28 20:38:09'),
(92, 205, 'REFRESCO-GOLDEN-COLITA-P9TI', '', '', '', '', 0, 1, '2025-11-28 20:39:34', '2025-11-28 20:39:34'),
(93, 199, 'GLUP-FRESH-AI0Q', '', '', '', '', 0, 1, '2025-11-28 20:41:03', '2025-11-28 20:41:03'),
(94, 198, 'GLUP-COLITA-ANRJ', '', '', '', '', 0, 1, '2025-11-28 20:44:19', '2025-12-06 00:32:16'),
(95, 197, 'GLUP-COLA-NEGRA-SKL6', '', '', '', '', 0, 1, '2025-11-28 20:45:50', '2025-12-06 00:48:30'),
(96, 194, 'GLUP-MANZANA-VERDE-5GTH', '', '', '', '', 0, 1, '2025-11-28 20:46:39', '2025-12-06 00:26:20'),
(97, 193, 'GLUP-UVA-TNXA', '', '', '', '', 0, 1, '2025-11-28 20:47:30', '2025-11-28 20:47:30'),
(98, 150, 'REFRESCO-FRUT-COLA-2L-M9HZ', '', '', '', '', 0, 1, '2025-11-28 21:08:48', '2025-11-28 21:08:48'),
(99, 191, 'GLUP-NARANJA-ED2H', '', '', '', '', 0, 1, '2025-11-28 21:11:21', '2025-12-06 00:16:10'),
(100, 137, 'REFRESCO-PEPSI-COLA-UH4L', '', '', '', '', 0, 1, '2025-11-28 21:12:26', '2025-12-06 02:01:24'),
(101, 288, 'BOKA-BEBIDAS-INSTANTANEAS-DE-FRUTAS-1BP1', '', '', '', '', 0, 1, '2025-11-28 21:18:14', '2025-11-28 21:19:40'),
(102, 189, 'JUGO-FRUTON-FRUIT-PUNCH-6X15L-GYIQ', '', '', '', '', 0, 1, '2025-12-02 12:48:59', '2025-12-02 12:48:59'),
(103, 190, 'JUGO-FRUTON-CITRUS-PUNCH-6X15L-G1EN', '', '', '', '', 0, 1, '2025-12-02 12:50:24', '2025-12-02 12:50:24'),
(104, 41, 'HARINA-DE-MAIZ-PRECOCIDA-TOM-AFJG', '', '', '', '', 0, 1, '2025-12-02 13:12:34', '2025-12-02 13:12:34'),
(105, 2, 'HARINA-DE-MAIZ-PRECOCIDA-POLAR-J9ZO', '', '', '', '', 0, 1, '2025-12-02 13:12:58', '2025-12-02 13:12:58'),
(106, 233, 'ARROZ-BLANCO-AGUA-BLANCA-YMSK', '', '', '', '', 0, 1, '2025-12-02 13:19:05', '2025-12-02 13:19:05'),
(107, 20, 'ARROZ-BLANCO-MONICA-QNQL', '', '', '', '', 0, 1, '2025-12-02 13:19:44', '2025-12-06 03:11:57'),
(108, 22, 'ARROZ-BLANCO-AMANECER-JWT4', '', '', '', '', 1, 1, '2025-12-02 13:20:09', '2025-12-02 13:20:28'),
(109, 16, 'ARROZ-BLANCO-MARY-PJBU', '', '', '', '', 1, 1, '2025-12-02 17:34:36', '2025-12-02 17:34:36'),
(110, 289, 'ARROZ-BLANCO-MARY-SUPERIOR-COPIA-CVN5', '', '', '', '', 0, 1, '2025-12-02 17:35:25', '2025-12-02 17:35:25'),
(111, 290, 'ARROZ-BLANCO-MARY-ESMERALDA-A4HX', '', '', '', '', 0, 1, '2025-12-02 17:36:05', '2025-12-02 17:36:05'),
(112, 291, 'ARROZ-SANTONI-PREMIUM-D9OC', '', '', '', '', 0, 1, '2025-12-02 17:37:17', '2025-12-02 17:37:17'),
(113, 292, 'HARINA-DE-MAIZ-PANTERA-0IKZ', '', '', '', '', 0, 1, '2025-12-02 17:40:28', '2025-12-02 17:40:28'),
(114, 293, 'CAFE-CERRO-DEL-SANTO-100-MG-6JV3', '', '', '', '', 0, 1, '2025-12-02 17:42:30', '2025-12-02 17:42:30'),
(115, 294, 'CAFE-AMANECER-200-MG-JHLC', '', '', '', '', 0, 1, '2025-12-02 17:43:41', '2025-12-02 17:43:41'),
(116, 295, 'SALSA-DE-TOMATE-PAMPERO-198-ML-COPIA-F5JV', '', '', '', '', 0, 1, '2025-12-02 17:45:34', '2025-12-02 17:45:34'),
(117, 142, 'MALTA-RETORNABLE-36X222ML-MALTIL-POLAR-BSQ0', '', '', '', '', 0, 1, '2025-12-02 17:47:14', '2025-12-02 17:47:14'),
(118, 144, 'MALTA-DE-LATA-24X330ML-MALTIN-POLAR-1SFJ', '', '', '', '', 0, 1, '2025-12-02 17:47:36', '2025-12-02 17:47:36'),
(119, 143, 'MALTA-DESECHABLE-12X250ML-MALTIN-POLAR-KBVE', '', '', '', '', 0, 1, '2025-12-02 17:47:54', '2025-12-02 17:47:54'),
(120, 163, 'FRUTEA-LIMON-15L-PAH7', '', '', '', '', 0, 1, '2025-12-02 17:50:25', '2025-12-02 17:50:25'),
(121, 164, 'FRUTEA-DURAZNO-15L-IPRD', '', '', '', '', 0, 1, '2025-12-02 17:50:53', '2025-12-02 17:50:53'),
(122, 131, 'COCA-COLA-ORIGINAL-UO1P', '', '', '', '', 0, 1, '2025-12-06 00:02:24', '2025-12-06 00:02:24'),
(123, 296, 'GLUP-PINA-Z2VB', '', '', '', '', 0, 1, '2025-12-06 00:23:45', '2025-12-06 00:23:45'),
(124, 297, 'GLUP-MANZANA-ROJA-GL1S', '', '', '', '', 0, 1, '2025-12-06 00:30:22', '2025-12-06 00:30:22'),
(125, 298, '', '', '', '', '', 0, 1, '2025-12-06 01:13:17', '2025-12-06 01:13:17'),
(126, 145, '', '', '', '', '', 0, 1, '2025-12-06 01:15:10', '2025-12-06 01:15:10'),
(127, 152, 'AGUA-MINERAL-COOL-1L-IJBK', '', '', '', '', 0, 1, '2025-12-06 01:53:09', '2025-12-06 01:53:09'),
(128, 299, '', '', '', '', '', 0, 1, '2025-12-06 01:56:54', '2025-12-06 01:56:54'),
(129, 147, '', '', '', '', '', 0, 1, '2025-12-06 02:02:46', '2025-12-06 02:02:46'),
(130, 161, 'FRUBYS-MANZANA-12X15L-QHLJ', '', '', '', '', 0, 1, '2025-12-06 02:04:37', '2025-12-06 02:04:37'),
(131, 162, 'FRUBYS-PERA-12X15L-UDWO', '', '', '', '', 0, 1, '2025-12-06 02:05:00', '2025-12-06 02:05:00'),
(132, 165, 'FRUTTSY-PASSION-MIX-250ML-FRRK', '', '', '', '', 0, 1, '2025-12-06 02:11:17', '2025-12-06 02:11:17'),
(133, 166, 'FRUTTSY-FRUTOS-ROJOS-250ML-S3KS', '', '', '', '', 0, 1, '2025-12-06 02:14:19', '2025-12-06 02:14:19'),
(134, 167, '', '', '', '', '', 0, 1, '2025-12-06 02:15:04', '2025-12-06 02:15:04'),
(135, 300, '', '', '', '', '', 0, 1, '2025-12-06 02:16:19', '2025-12-06 02:16:19'),
(136, 301, 'FRUTTSY-FRUTAS-MANGO-250ML-TKQR', '', '', '', '', 0, 1, '2025-12-06 02:17:19', '2025-12-06 02:17:19'),
(137, 171, 'FRUTYS-MANDARINA-15L-HMAW', '', '', '', '', 0, 1, '2025-12-06 02:40:07', '2025-12-06 02:40:19'),
(138, 170, 'FRUTYS-NARANJA-15L-UXXJ', '', '', '', '', 0, 1, '2025-12-06 02:40:49', '2025-12-06 02:40:49'),
(139, 302, '', '', '', '', '', 0, 1, '2025-12-06 02:41:36', '2025-12-06 02:41:36'),
(140, 173, 'LIPTON-ICE-TEA-DURAZNO-500ML-MNAG', '', '', '', '', 0, 1, '2025-12-06 02:43:16', '2025-12-06 02:43:16'),
(141, 174, 'LIPTON-ICE-TEA-LIMON-500ML-6WVB', '', '', '', '', 0, 1, '2025-12-06 02:45:36', '2025-12-06 02:45:36'),
(142, 175, 'JUCOSA-REFRESCANTE-PERA-CEJ2', '', '', '', '', 0, 1, '2025-12-06 02:47:51', '2025-12-06 02:47:51'),
(143, 176, 'JUCOSA-REFRESCANTE-MANZANA-99HW', '', '', '', '', 0, 1, '2025-12-06 02:48:40', '2025-12-06 02:48:40'),
(144, 304, 'JUGO-VALENCIA-MANZANA-YGCX', '', '', '', '', 0, 1, '2025-12-06 02:53:02', '2025-12-06 02:53:02'),
(145, 184, 'JUGO-JUSTY-NARANJA-RTJF', '', '', '', '', 0, 1, '2025-12-06 02:55:47', '2025-12-06 02:55:47'),
(146, 305, 'JUGO-JUSTY-MANDARINA-1ZIF', '', '', '', '', 0, 1, '2025-12-06 02:56:10', '2025-12-06 03:02:41'),
(147, 306, '', '', '', '', '', 0, 1, '2025-12-06 02:56:36', '2025-12-06 02:56:36'),
(148, 307, '', '', '', '', '', 0, 1, '2025-12-06 02:57:43', '2025-12-06 02:57:43'),
(149, 308, 'JUGO-JUSTY-DURAZNO-2TP1', '', '', '', '', 0, 1, '2025-12-06 02:58:15', '2025-12-06 03:03:25'),
(150, 185, '', '', '', '', '', 0, 1, '2025-12-06 03:05:01', '2025-12-06 03:05:01'),
(151, 186, 'JUGO-SPEED-LATA-HSMH', '', '', '', '', 0, 1, '2025-12-06 03:05:22', '2025-12-06 03:05:22'),
(152, 200, 'GATORADE-AZUL-W8YI', '', '', '', '', 0, 1, '2025-12-06 03:07:38', '2025-12-06 03:07:38'),
(153, 201, 'GATORADE-MANDARINA-PI2C', '', '', '', '', 0, 1, '2025-12-06 03:07:59', '2025-12-06 03:07:59'),
(154, 202, 'GATORADE-TROPICAL-QVQQ', '', '', '', '', 0, 1, '2025-12-06 03:08:16', '2025-12-06 03:08:16'),
(155, 52, 'CIGARRILLOS-COSMIC-20UND-HCHD', '', '', '', '', 0, 1, '2025-12-06 23:40:45', '2025-12-06 23:40:45'),
(156, 49, 'CIGARRILLOS-GRANDES-PALL-MALL-NSGB', '', '', '', '', 0, 1, '2025-12-06 23:42:05', '2025-12-06 23:48:13'),
(157, 44, 'CIGARRILLOS-NOVA-LUCKY-STRIKE-WEPY', '', '', '', '', 0, 1, '2025-12-06 23:43:37', '2025-12-06 23:43:37'),
(158, 42, 'CHIMO-EL-APURENO-MOPR', '', '', '', '', 0, 1, '2025-12-06 23:44:42', '2025-12-06 23:44:42'),
(159, 46, 'CIGARROS-ECLIPSE-LUCKY-STRIKE-UBJI', '', '', '', '', 0, 1, '2025-12-06 23:46:22', '2025-12-06 23:46:22'),
(160, 48, '', '', '', '', '', 0, 1, '2025-12-06 23:47:50', '2025-12-06 23:47:50'),
(161, 66, 'TOSTONES-CON-AJO-TOM-JW0Q', '', '', '', '', 0, 1, '2025-12-06 23:52:03', '2025-12-06 23:52:03'),
(162, 254, 'TOALLITAS-HUMEDAS-HUGME-YSRT', '', '', '', '', 0, 1, '2025-12-07 00:27:47', '2025-12-07 00:27:47'),
(163, 243, '', '', '', '', '', 0, 1, '2025-12-07 00:32:09', '2025-12-07 00:32:09'),
(164, 109, '', '', '', '', '', 0, 1, '2025-12-07 00:33:33', '2025-12-07 00:33:33'),
(165, 110, '', '', '', '', '', 0, 1, '2025-12-07 00:33:58', '2025-12-07 00:33:58'),
(166, 112, '', '', '', '', '', 0, 1, '2025-12-07 00:34:37', '2025-12-07 00:34:37'),
(167, 113, '', '', '', '', '', 0, 1, '2025-12-07 00:35:12', '2025-12-07 00:35:12'),
(168, 114, '', '', '', '', '', 0, 1, '2025-12-07 00:35:33', '2025-12-07 00:35:33'),
(169, 118, '', '', '', '', '', 0, 1, '2025-12-07 00:36:08', '2025-12-07 00:36:08'),
(170, 121, '', '', '', '', '', 0, 1, '2025-12-07 00:36:33', '2025-12-07 00:36:33'),
(171, 271, '', '', '', '', '', 0, 1, '2025-12-07 00:38:05', '2025-12-07 00:38:05'),
(172, 270, '', '', '', '', '', 0, 1, '2025-12-07 00:39:24', '2025-12-07 00:39:24'),
(174, 85, 'PAPEL-HIGIENICO-LUCIANO-WOE0', '', '', '', '', 0, 1, '2025-12-07 00:54:24', '2025-12-07 00:54:24'),
(175, 125, '', '', '', '', '', 0, 1, '2025-12-07 00:57:23', '2025-12-07 00:57:23'),
(176, 82, '', '', '', '', '', 0, 1, '2025-12-07 01:06:06', '2025-12-07 01:06:06'),
(177, 92, '', '', '', '', '', 0, 1, '2025-12-07 01:08:51', '2025-12-07 01:08:51'),
(178, 96, 'LIMPIAPISOS-EN-POLVO-AROMAX-E9XN', '', '', '', '', 0, 1, '2025-12-07 01:12:22', '2025-12-07 01:12:22'),
(179, 100, 'SERVILLETAS-BLUE-SOFTY-HHHG', '', '', '', '', 0, 1, '2025-12-07 01:15:17', '2025-12-07 01:15:17'),
(180, 269, 'MIRRINGO-ADULTO-NNU9', '', '', '', '', 0, 1, '2025-12-07 01:15:49', '2025-12-07 01:15:49'),
(181, 268, '', '', '', '', '', 0, 1, '2025-12-07 01:24:30', '2025-12-07 01:24:30'),
(182, 12, 'MAYONESA-175-MG-NHFS', '', '', '', '', 0, 1, '2025-12-07 01:25:29', '2025-12-07 01:25:29'),
(183, 267, '', '', '', '', '', 0, 1, '2025-12-07 01:26:05', '2025-12-07 01:26:05'),
(184, 266, 'HUEVO-SANTA-MARIA-DOBLE-12X1-QMBA', '', '', '', '', 0, 1, '2025-12-07 01:28:25', '2025-12-07 01:28:25'),
(185, 264, '', '', '', '', '', 0, 1, '2025-12-07 01:29:55', '2025-12-07 01:29:55'),
(186, 263, '', '', '', '', '', 0, 1, '2025-12-07 01:30:17', '2025-12-07 01:30:17'),
(187, 262, 'CUBITOS-MAGGI-70X1-ABRS', '', '', '', '', 0, 1, '2025-12-07 01:31:01', '2025-12-07 01:32:08'),
(188, 261, '', '', '', '', '', 0, 1, '2025-12-07 01:32:23', '2025-12-07 01:32:23'),
(189, 260, '', '', '', '', '', 0, 1, '2025-12-07 01:32:36', '2025-12-07 01:32:36'),
(190, 259, '', '', '', '', '', 0, 1, '2025-12-07 01:33:43', '2025-12-07 01:33:43'),
(191, 6, 'AZUCAR-AMANECER-IKG-UWKV', '', '', '', '', 0, 1, '2025-12-07 01:35:18', '2025-12-07 01:35:18'),
(192, 8, '', '', '', '', '', 0, 1, '2025-12-07 01:35:43', '2025-12-07 01:35:43'),
(193, 309, 'HOJILLA-DORCO-AZUL-ORIGINAL-100X10-QLSI', NULL, NULL, NULL, NULL, 0, 1, '2025-12-17 18:36:56', '2025-12-17 18:36:56'),
(194, 310, 'AFEITADORAS-DORCO-4X24-F8VH', NULL, NULL, NULL, NULL, 0, 1, '2025-12-17 18:40:50', '2025-12-17 18:40:50'),
(195, 311, NULL, NULL, NULL, NULL, NULL, 0, 1, '2025-12-17 18:42:45', '2025-12-17 18:42:45'),
(196, 312, '', '', '', '', '', 0, 1, '2025-12-17 18:43:24', '2025-12-17 18:43:24'),
(197, 313, 'CINTA-TRANSPARENTE-GRANDE-1X6-7MPD', NULL, NULL, NULL, NULL, 1, 1, '2025-12-17 18:45:14', '2025-12-17 18:45:14'),
(198, 314, 'ACEITE-IXORA-X-BIDON-DE-20-LTS-MOWY', '', '', '', '', 0, 1, '2025-12-17 18:47:54', '2025-12-30 01:13:39'),
(199, 315, '', '', '', '', '', 0, 1, '2025-12-17 18:50:51', '2025-12-17 18:50:51'),
(200, 316, 'YESQUEROS-HUGME-X-50-ELECTRONICOS-VMRN', NULL, NULL, NULL, NULL, 0, 1, '2025-12-17 18:52:42', '2025-12-17 18:52:42'),
(201, 317, '', '', '', '', '', 0, 1, '2025-12-17 18:59:45', '2025-12-17 18:59:45'),
(202, 318, 'SAL-DEL-MAR-1KG-KTA8', '', '', '', '', 0, 1, '2025-12-17 19:01:01', '2025-12-30 01:11:22'),
(203, 319, 'AFEITADORAS-MAX-CONFORTABLE-ROSA-1X12-OAXY', '', '', '', '', 0, 1, '2025-12-28 12:27:38', '2025-12-30 01:12:59'),
(204, 320, '', '', '', '', '', 0, 1, '2025-12-28 12:29:07', '2025-12-28 12:29:07'),
(205, 321, '', '', '', '', '', 0, 1, '2025-12-28 12:31:02', '2025-12-28 12:31:02'),
(206, 7, 'SAL-DEL-MAR-1KG-21X8', '', '', '', '', 0, 1, '2025-12-28 12:32:45', '2025-12-28 12:32:45'),
(207, 14, '', '', '', '', '', 0, 1, '2025-12-30 01:06:17', '2025-12-30 01:06:17');

-- --------------------------------------------------------

--
-- Estructura de tabla para la tabla `producto_variants`
--

CREATE TABLE IF NOT EXISTS `producto_variants` (
  `id` bigint(20) UNSIGNED NOT NULL AUTO_INCREMENT,
  `producto_id` bigint(20) UNSIGNED NOT NULL,
  `name` varchar(255) NOT NULL,
  `values` longtext CHARACTER SET utf8mb4 COLLATE utf8mb4_bin NOT NULL,
  `sku` varchar(255) DEFAULT NULL,
  `price_adjustment` decimal(10,2) NOT NULL DEFAULT 0.00,
  `precio_bs` decimal(10,2) DEFAULT NULL,
  `quantity` int(11) NOT NULL DEFAULT 0,
  `image_path` varchar(255) DEFAULT NULL,
  `image_thumbnail_path` varchar(255) DEFAULT NULL,
  `alt_text` varchar(255) DEFAULT NULL,
  `empresa_id` bigint(20) UNSIGNED NOT NULL,
  `created_at` timestamp NULL DEFAULT NULL,
  `updated_at` timestamp NULL DEFAULT NULL,
  PRIMARY KEY (`id`),
  KEY `producto_variants_producto_id_index` (`producto_id`),
  KEY `producto_variants_empresa_id_index` (`empresa_id`)
) ;

--
-- Truncar tablas antes de insertar `producto_variants`
--

TRUNCATE TABLE `producto_variants`;
--
-- Volcado de datos para la tabla `producto_variants`
--

INSERT INTO `producto_variants` (`id`, `producto_id`, `name`, `values`, `sku`, `price_adjustment`, `precio_bs`, `quantity`, `image_path`, `image_thumbnail_path`, `alt_text`, `empresa_id`, `created_at`, `updated_at`) VALUES
(8, 5, 'Peso: 500gr', '{\"Peso\": \"500gr\"}', 'PAS-POL-500', 0.00, NULL, 110, NULL, NULL, 'Peso: 500gr - Pasta Larga tipo Spaghetti Santa Rita', 1, '2025-11-21 05:13:56', '2025-11-21 05:13:56'),
(12, 9, 'Peso: 400gr', '{\"Peso\": \"400gr\"}', 'LEC-POL-400', 0.00, NULL, 75, NULL, NULL, 'Peso: 400gr - Leche en Polvo', 1, '2025-11-21 05:13:56', '2025-11-21 05:13:56'),
(13, 9, 'Peso: 800gr', '{\"Peso\": \"800gr\"}', 'LEC-POL-800', 0.00, NULL, 50, NULL, NULL, 'Peso: 800gr - Leche en Polvo', 1, '2025-11-21 05:13:56', '2025-11-21 05:13:56'),
(14, 10, 'Peso: 250gr', '{\"Peso\": \"250gr\"}', 'GAL-POL-250', 0.00, NULL, 120, NULL, NULL, 'Peso: 250gr - Galletas Saladas', 1, '2025-11-21 05:13:56', '2025-11-21 05:13:56'),
(17, 13, 'Peso: 454gr', '{\"Peso\": \"454gr\"}', 'MER-POL-454', 0.00, NULL, 70, NULL, NULL, 'Peso: 454gr - Mermelada Fresa', 1, '2025-11-21 05:13:56', '2025-11-21 05:13:56'),
(18, 14, 'presentacion', '{\"Presentacion\":\"Media Caja (24 Unidades)\"}', '', 26.00, 44.00, 5000, NULL, NULL, 'Peso: 160gr - Atún en Agua', 1, '2025-11-21 05:13:56', '2025-12-30 01:07:26'),
(19, 15, 'Peso: 120gr', '{\"Peso\": \"120gr\"}', 'SAR-POL-120', 0.00, NULL, 80, NULL, NULL, 'Peso: 120gr - Sardinas en Aceite', 1, '2025-11-21 05:13:56', '2025-11-21 05:13:56'),
(73, 43, 'Cantidad: 1 und', '{\"Cantidad: 1 und\": \"1 und\"}', 'CHIMO-EL-TIGRITO-AMARILLO-DZIS', 0.00, 0.00, 200, NULL, NULL, 'Cantidad: 1 und - Chimo El Tigrito Amarillo', 1, '2025-11-21 05:13:56', '2025-11-28 13:49:27'),
(75, 45, 'Cantidad: 1 und', '{\"Cantidad\": \"1 und\"}', 'CIG-LUC-RED', 0.00, NULL, 100, NULL, NULL, 'Cantidad: 1 und - Cigarrillos Lucky Strike Red', 1, '2025-11-21 05:13:56', '2025-11-21 05:13:56'),
(77, 47, 'Cantidad: 10 und', '{\"Cantidad\": \"10 und\"}', 'CIG-BEL-10', 0.00, NULL, 100, NULL, NULL, 'Cantidad: 10 und - Cigarros 10und Belmont', 1, '2025-11-21 05:13:56', '2025-11-21 05:13:56'),
(80, 50, 'Cantidad: 1 und', '{\"Cantidad\": \"1 und\"}', 'CIG-VIC-UND', 0.00, NULL, 100, NULL, NULL, 'Cantidad: 1 und - Cigarros Viceroy', 1, '2025-11-21 05:13:56', '2025-11-21 05:13:56'),
(83, 53, 'Cantidad: 20 und', '{\"Cantidad\": \"20 und\"}', 'MAR-RED-20', 0.00, NULL, 80, NULL, NULL, 'Cantidad: 20 und - Marlboro Red 20und', 1, '2025-11-21 05:13:56', '2025-11-21 05:13:56'),
(84, 54, 'Cantidad: 20 und', '{\"Cantidad\": \"20 und\"}', 'MAR-GOL-20', 0.00, NULL, 75, NULL, NULL, 'Cantidad: 20 und - Marlboro Gold 20und', 1, '2025-11-21 05:13:56', '2025-11-21 05:13:56'),
(85, 55, 'Cantidad: 20 und', '{\"Cantidad\": \"20 und\"}', 'MAR-MEN-20', 0.00, NULL, 70, NULL, NULL, 'Cantidad: 20 und - Marlboro Menthol 20und', 1, '2025-11-21 05:13:56', '2025-11-21 05:13:56'),
(86, 56, 'Cantidad: 20 und', '{\"Cantidad\": \"20 und\"}', 'CAM-BLU-20', 0.00, NULL, 85, NULL, NULL, 'Cantidad: 20 und - Camel Blue 20und', 1, '2025-11-21 05:13:56', '2025-11-21 05:13:56'),
(87, 57, 'Cantidad: 20 und', '{\"Cantidad\": \"20 und\"}', 'CAM-YEL-20', 0.00, NULL, 80, NULL, NULL, 'Cantidad: 20 und - Camel Yellow 20und', 1, '2025-11-21 05:13:56', '2025-11-21 05:13:56'),
(88, 58, 'Peso: 110g', '{\"Peso\": \"110g\"}', 'PRI-ORI-110', 0.00, NULL, 100, NULL, NULL, 'Peso: 110g - Pringles Original', 1, '2025-11-21 05:13:56', '2025-11-21 05:13:56'),
(89, 58, 'Peso: 158g', '{\"Peso\": \"158g\"}', 'PRI-ORI-158', 1.20, NULL, 80, NULL, NULL, 'Peso: 158g - Pringles Original', 1, '2025-11-21 05:13:56', '2025-11-21 05:13:56'),
(90, 59, 'Peso: 110g', '{\"Peso\": \"110g\"}', 'PRI-CYC-110', 0.00, NULL, 100, NULL, NULL, 'Peso: 110g - Pringles Crema y Cebolla', 1, '2025-11-21 05:13:56', '2025-11-21 05:13:56'),
(91, 59, 'Peso: 158g', '{\"Peso\": \"158g\"}', 'PRI-CYC-158', 1.20, NULL, 80, NULL, NULL, 'Peso: 158g - Pringles Crema y Cebolla', 1, '2025-11-21 05:13:56', '2025-11-21 05:13:56'),
(92, 60, 'Peso: 110g', '{\"Peso\": \"110g\"}', 'PRI-QUE-110', 0.00, NULL, 100, NULL, NULL, 'Peso: 110g - Pringles Queso Cheddar', 1, '2025-11-21 05:13:57', '2025-11-21 05:13:57'),
(93, 60, 'Peso: 158g', '{\"Peso\": \"158g\"}', 'PRI-QUE-158', 1.20, NULL, 80, NULL, NULL, 'Peso: 158g - Pringles Queso Cheddar', 1, '2025-11-21 05:13:57', '2025-11-21 05:13:57'),
(94, 61, 'Peso: 110g', '{\"Peso\": \"110g\"}', 'PRI-BBQ-110', 0.00, NULL, 100, NULL, NULL, 'Peso: 110g - Pringles Barbacoa BBQ', 1, '2025-11-21 05:13:57', '2025-11-21 05:13:57'),
(95, 61, 'Peso: 158g', '{\"Peso\": \"158g\"}', 'PRI-BBQ-158', 1.20, NULL, 80, NULL, NULL, 'Peso: 158g - Pringles Barbacoa BBQ', 1, '2025-11-21 05:13:57', '2025-11-21 05:13:57'),
(98, 63, 'Peso: 110g', '{\"Peso\": \"110g\"}', 'PRI-PIZ-110', 0.00, NULL, 100, NULL, NULL, 'Peso: 110g - Pringles Pizza', 1, '2025-11-21 05:13:57', '2025-11-21 05:13:57'),
(99, 63, 'Peso: 158g', '{\"Peso\": \"158g\"}', 'PRI-PIZ-158', 1.20, NULL, 80, NULL, NULL, 'Peso: 158g - Pringles Pizza', 1, '2025-11-21 05:13:57', '2025-11-21 05:13:57'),
(100, 64, 'Peso: 124g', '{\"Peso\": \"124g\"}', 'PRI-ENC-124', 0.00, NULL, 100, NULL, NULL, 'Peso: 124g - Pringles Enchilada', 1, '2025-11-21 05:13:57', '2025-11-21 05:13:57'),
(102, 66, 'peso', '{\"Peso\":\"140gr\"}', 'TOSTONES-CON-AJO-TOM-JW0Q', 6.00, 7.50, 5000, NULL, NULL, 'Peso: 140gr - Tostones con Ajo Tom', 1, '2025-11-21 05:13:57', '2025-12-06 23:52:03'),
(103, 66, 'peso', '{\"Peso\":\"80gr\"}', 'TOSTONES-CON-AJO-TOM-JW0Q', 4.50, 6.20, 5000, NULL, NULL, 'Peso: 80gr - Tostones con Ajo Tom', 1, '2025-11-21 05:13:57', '2025-12-06 23:52:03'),
(104, 66, 'peso', '{\"Peso\":\"28gr\"}', 'TOSTONES-CON-AJO-TOM-JW0Q', 3.00, 3.80, 5000, NULL, NULL, 'Peso: 28gr - Tostones con Ajo Tom', 1, '2025-11-21 05:13:57', '2025-12-06 23:52:03'),
(108, 68, 'unidades', '{\"Unidades\":\"24 x 1 und\"}', 'PIN-POP-BOMBA-GIGANTE-24X1-YFEU', 2.00, 2.50, 5000, NULL, NULL, 'Caja: 24 x 1 und - Pin Pop Bomba Gigante 24x1', 1, '2025-11-21 05:13:57', '2025-12-06 23:55:03'),
(113, 73, 'Volumen: 1L', '{\"Volumen: 1L\": \"1L\"}', 'CLORO-LIMPIEZA-EXTREMA-1L-D7ZR', 0.00, 0.00, 75, NULL, NULL, 'Volumen: 1L - Cloro Limpieza Extrema 1L', 1, '2025-11-21 05:13:57', '2025-11-28 19:45:57'),
(145, 96, 'sabor', '{\"Sabor\":\"Lavanda\"}', 'LIMPIAPISOS-EN-POLVO-AROMAX-E9XN', 4.00, 6.00, 5000, NULL, NULL, 'Lavanda', 1, '2025-11-21 05:13:57', '2025-12-07 01:12:22'),
(186, 129, 'Peso: 110g', '{\"Peso\": \"110g\"}', '', 0.00, NULL, 95, NULL, NULL, 'Peso: 110g - Jabón Frita Azul', 1, '2025-11-21 05:13:57', '2025-11-21 06:44:53'),
(188, 131, 'volumen', '{\"Volumen\":\"1Lt\"}', 'COCA-COLA-ORIGINAL-UO1P', 4.00, 5.50, 5000, 'productos/1764979551_variant_0.jpg', 'productos/thumb_1764979551_variant_0.jpg', 'Volumen: 1 Lt - Coca Cola Original 1Lt', 1, '2025-11-21 05:13:57', '2025-12-06 00:05:51'),
(200, 137, 'volumen', '{\"Volumen\":\"1L\"}', 'REFRESCO-PEPSI-COLA-UH4L', 3.50, 5.00, 5000, 'productos/1764986484_variant_0.jpg', 'productos/thumb_1764986484_variant_0.jpg', 'Volumen: 1L - Refresco Pepsi Cola', 1, '2025-11-21 05:13:57', '2025-12-06 02:01:24'),
(202, 137, 'volumen', '{\"Volumen\":\"2L\"}', 'REFRESCO-PEPSI-COLA-UH4L', 4.50, 6.00, 5000, 'productos/1764986484_variant_1.jpg', 'productos/thumb_1764986484_variant_1.jpg', 'Volumen: 2L - Refresco Pepsi Cola', 1, '2025-11-21 05:13:57', '2025-12-06 02:01:24'),
(207, 142, 'Caja: 36 x 222ml', '{\"Caja: 36 x 222ml\":\"36 x 222ml\"}', 'MALTA-RETORNABLE-36X222ML-MALTIL-POLAR-BSQ0', 0.00, 0.00, 20, NULL, NULL, 'Caja: 36 x 222ml - Malta Retornable 36x222ml Maltil Polar', 1, '2025-11-21 05:13:57', '2025-12-06 01:20:12'),
(208, 143, 'Caja: 12 x 250ml', '{\"Caja: 12 x 250ml\":\"12 x 250ml\"}', 'MALTA-DESECHABLE-12X250ML-MALTIN-POLAR-KBVE', 0.00, 0.00, 30, NULL, NULL, 'Caja: 12 x 250ml - Malta Desechable 12x250ml Maltin Polar', 1, '2025-11-21 05:13:57', '2025-12-06 01:17:13'),
(209, 144, 'Caja: 24 x 330ml', '{\"Caja: 24 x 330ml\":\"24 x 330ml\"}', 'MALTA-DE-LATA-24X330ML-MALTIN-POLAR-1SFJ', 0.00, 0.00, 25, NULL, NULL, 'Caja: 24 x 330ml - Malta de Lata 24x330ml Maltin Polar', 1, '2025-11-21 05:13:57', '2025-12-06 01:19:27'),
(215, 150, 'Volumen: 2L', '{\"Volumen: 2L\": \"2L\"}', 'REFRESCO-FRUT-COLA-2L-M9HZ', 0.00, 0.00, 50, NULL, NULL, 'Volumen: 2L - Refresco Frut Cola 2L', 1, '2025-11-21 05:13:57', '2025-11-28 21:10:35'),
(219, 154, 'Volumen: 1.5L', '{\"Volumen\": \"1.5L\"}', 'AGU-VIS-1.5L', 0.00, NULL, 80, NULL, NULL, 'Volumen: 1.5L - Agua Vista 1.5L', 1, '2025-11-21 05:13:57', '2025-11-21 05:13:57'),
(246, 181, 'Volumen: 1L', '{\"Volumen\": \"1L\"}', 'JUG-VAL-NAR-1L', 0.00, NULL, 55, NULL, NULL, 'Volumen: 1L - Jugo Valencia Naranjada', 1, '2025-11-21 05:13:57', '2025-11-21 05:13:57'),
(247, 182, 'Volumen: 1L', '{\"Volumen: 1L\": \"1L\"}', 'JUGO-VALENCIA-DURAZNO-YPIK', 0.00, 0.00, 50, NULL, NULL, 'Volumen: 1L - Jugo Valencia Durazno', 1, '2025-11-21 05:13:57', '2025-11-28 20:16:38'),
(253, 188, 'Caja: 100 x 1 und', '{\"Caja: 100 x 1 und\": \"100 x 1 und\"}', 'ALDOR-TAMARINDO-100X1-5X4X', 0.00, 0.00, 10, NULL, NULL, 'Caja: 100 x 1 und - Aldor Tamarindo 100x1', 1, '2025-11-21 05:13:57', '2025-11-28 01:09:57'),
(271, 194, 'volumen', '{\"Volumen\":\"1LT\"}', 'GLUP-MANZANA-VERDE-5GTH', 4.80, 7.00, 5000, NULL, NULL, 'Volumen: 1L - Glup Manzana', 1, '2025-11-21 05:13:57', '2025-12-06 00:46:19'),
(281, 197, 'volumen', '{\"Volumen\":\"1L\"}', 'GLUP-COLA-NEGRA-SKL6', 5.50, 7.90, 65, 'productos/1765995292_variant_0.jpg', 'productos/thumb_1765995292_variant_0.jpg', 'Volumen: 1L - Glup Cola Negra', 1, '2025-11-21 05:13:57', '2025-12-17 18:14:52'),
(283, 197, 'volumen', '{\"Volumen\":\"400ML\"}', 'GLUP-COLA-NEGRA-SKL6', 3.80, 5.20, 35, 'productos/1765995292_variant_1.jpg', 'productos/thumb_1765995292_variant_1.jpg', 'Volumen: 400Ml - Glup Cola Negra', 1, '2025-11-21 05:13:57', '2025-12-17 18:14:52'),
(291, 199, 'volumen', '{\"Volumen\":\"1L\"}', 'GLUP-FRESH-AI0Q', 4.80, 7.00, 5000, 'productos/1765995138_variant_0.jpg', 'productos/thumb_1765995138_variant_0.jpg', 'Volumen: 1L - Glup Fresh', 1, '2025-11-21 05:13:57', '2025-12-17 18:12:18'),
(307, 204, 'volumen', '{\"Volumen\":\"330 ML \"}', 'AGUA-MINERAL-HEAL-BLB0', 3.90, 5.50, 5000, NULL, NULL, 'Volumen: 330 ML - Agua Mineral Heal', 1, '2025-11-21 05:13:57', '2025-12-06 01:44:06'),
(309, 204, 'volumen', '{\"Volumen\":\"5LT\"}', 'AGUA-MINERAL-HEAL-BLB0', 3.00, 5.00, 5000, 'productos/1764985366_variant_1.jpg', 'productos/thumb_1764985366_variant_1.jpg', 'Volumen: 5LT - Agua Mineral Heal', 1, '2025-11-21 05:13:57', '2025-12-06 01:44:06'),
(347, 212, 'volumen', '{\"Volumen\":\"2Lt\"}', 'REFRESCO-HIT-UVA-DSTD', 3.50, 5.00, 5000, NULL, NULL, 'Volumen: 2L - Refresco Fanta Uva', 1, '2025-11-21 05:13:57', '2025-12-06 01:10:07'),
(358, 221, 'Peso: 140g', '{\"Peso\": \"140g\"}', 'LAY-CLA-140', 0.00, NULL, 90, NULL, NULL, 'Peso: 140g - Lays Clásicas', 1, '2025-11-21 05:13:57', '2025-11-21 05:13:57'),
(359, 222, 'Peso: 140g', '{\"Peso\": \"140g\"}', 'LAY-LIM-140', 0.00, NULL, 85, NULL, NULL, 'Peso: 140g - Lays Limón', 1, '2025-11-21 05:13:57', '2025-11-21 05:13:57'),
(360, 223, 'Peso: 150g', '{\"Peso\": \"150g\"}', 'RUF-ORI-150', 0.00, NULL, 80, NULL, NULL, 'Peso: 150g - Ruffles Original', 1, '2025-11-21 05:13:57', '2025-11-21 05:13:57'),
(361, 224, 'Peso: 150g', '{\"Peso\": \"150g\"}', 'RUF-QUE-150', 0.00, NULL, 75, NULL, NULL, 'Peso: 150g - Ruffles Queso y Cebolla', 1, '2025-11-21 05:13:57', '2025-11-21 05:13:57'),
(362, 225, 'Peso: 130g', '{\"Peso\": \"130g\"}', 'CHE-CRU-130', 0.00, NULL, 85, NULL, NULL, 'Peso: 130g - Cheetos Crunchy', 1, '2025-11-21 05:13:57', '2025-11-21 05:13:57'),
(363, 226, 'Peso: 130g', '{\"Peso\": \"130g\"}', 'CHE-FLA-130', 0.00, NULL, 80, NULL, NULL, 'Peso: 130g - Cheetos Flamin Hot', 1, '2025-11-21 05:13:57', '2025-11-21 05:13:57'),
(364, 227, 'Peso: 154g', '{\"Peso\": \"154g\"}', 'ORE-ORI-154', 0.00, NULL, 70, NULL, NULL, 'Peso: 154g - Oreo Original', 1, '2025-11-21 05:13:57', '2025-11-21 05:13:57'),
(365, 228, 'Peso: 154g', '{\"Peso\": \"154g\"}', 'ORE-GOL-154', 0.00, NULL, 65, NULL, NULL, 'Peso: 154g - Oreo Golden', 1, '2025-11-21 05:13:57', '2025-11-21 05:13:57'),
(366, 229, 'Peso: 200g', '{\"Peso\": \"200g\"}', 'RIT-ORI-200', 0.00, NULL, 75, NULL, NULL, 'Peso: 200g - Ritz Crackers Original', 1, '2025-11-21 05:13:57', '2025-11-21 05:13:57'),
(367, 230, 'Peso: 200g', '{\"Peso\": \"200g\"}', 'RIT-QUE-200', 0.00, NULL, 70, NULL, NULL, 'Peso: 200g - Ritz Crackers Queso', 1, '2025-11-21 05:13:57', '2025-11-21 05:13:57'),
(368, 231, 'Peso: 350g', '{\"Peso\": \"350g\"}', 'KEL-COR-350', 0.00, NULL, 60, NULL, NULL, 'Peso: 350g - Corn Flakes Kelloggs', 1, '2025-11-21 05:13:57', '2025-11-21 05:13:57'),
(369, 232, 'Peso: 345g', '{\"Peso\": \"345g\"}', 'KEL-FRO-345', 0.00, NULL, 55, NULL, NULL, 'Peso: 345g - Froot Loops Kelloggs', 1, '2025-11-21 05:13:57', '2025-11-21 05:13:57'),
(371, 234, 'Peso: 400g', '{\"Peso\": \"400g\"}', 'QUA-AVE-400', 0.00, NULL, 80, NULL, NULL, 'Peso: 400g - Avena Quaker Original', 1, '2025-11-21 05:13:57', '2025-11-21 05:13:57'),
(372, 235, 'Peso: 400g', '{\"Peso\": \"400g\"}', 'QUA-CAN-400', 0.00, NULL, 75, NULL, NULL, 'Peso: 400g - Avena Quaker Canela', 1, '2025-11-21 05:13:57', '2025-11-21 05:13:57'),
(373, 236, 'Peso: 400g', '{\"Peso\": \"400g\"}', 'NES-CHO-400', 0.00, NULL, 65, NULL, NULL, 'Peso: 400g - Nesquik Chocolate', 1, '2025-11-21 05:13:57', '2025-11-21 05:13:57'),
(374, 237, 'Peso: 400g', '{\"Peso\": \"400g\"}', 'NES-FRE-400', 0.00, NULL, 60, NULL, NULL, 'Peso: 400g - Nesquik Fresa', 1, '2025-11-21 05:13:57', '2025-11-21 05:13:57'),
(375, 238, 'Peso: 110g', '{\"Peso\": \"110g\"}', 'JAB-REX-ANT-110', 0.00, NULL, 90, NULL, NULL, 'Peso: 110g - Jabón de Baño Rexona Antibacterial', 1, '2025-11-21 05:13:57', '2025-11-21 05:13:57'),
(376, 239, 'Peso: 110g', '{\"Peso\": \"110g\"}', 'JAB-REX-ALO-110', 0.00, NULL, 85, NULL, NULL, 'Peso: 110g - Jabón de Baño Rexona Aloe Vera', 1, '2025-11-21 05:13:57', '2025-11-21 05:13:57'),
(377, 240, 'Peso: 110g', '{\"Peso\": \"110g\"}', 'JAB-REX-GLI-110', 0.00, NULL, 85, NULL, NULL, 'Peso: 110g - Jabón de Baño Rexona Glicerina', 1, '2025-11-21 05:13:57', '2025-11-21 05:13:57'),
(378, 241, 'Peso: 110g', '{\"Peso\": \"110g\"}', 'JAB-REX-AVE-110', 0.00, NULL, 80, NULL, NULL, 'Peso: 110g - Jabón de Baño Rexona Avena', 1, '2025-11-21 05:13:57', '2025-11-21 05:13:57'),
(379, 242, 'Peso: 110g', '{\"Peso\": \"110g\"}', 'JAB-REX-COC-110', 0.00, NULL, 80, NULL, NULL, 'Peso: 110g - Jabón de Baño Rexona Coco', 1, '2025-11-21 05:13:57', '2025-11-21 05:13:57'),
(398, 255, 'Volumen: 200ml', '{\"Volumen\": \"200ml\"}', 'SHA-HUG-200', 0.00, NULL, 45, NULL, NULL, 'Volumen: 200ml - Shampoo Hugme Bebé', 1, '2025-11-21 05:13:57', '2025-11-21 05:13:57'),
(399, 255, 'Volumen: 400ml', '{\"Volumen\": \"400ml\"}', 'SHA-HUG-400', 3.50, NULL, 30, NULL, NULL, 'Volumen: 400ml - Shampoo Hugme Bebé', 1, '2025-11-21 05:13:57', '2025-11-21 05:13:57'),
(400, 256, 'Volumen: 250ml', '{\"Volumen\": \"250ml\"}', 'JAB-HUG-250', 0.00, NULL, 50, NULL, NULL, 'Volumen: 250ml - Jabón Líquido Hugme', 1, '2025-11-21 05:13:57', '2025-11-21 05:13:57'),
(401, 256, 'Volumen: 500ml', '{\"Volumen\": \"500ml\"}', 'JAB-HUG-500', 3.75, NULL, 35, NULL, NULL, 'Volumen: 500ml - Jabón Líquido Hugme', 1, '2025-11-21 05:13:57', '2025-11-21 05:13:57'),
(402, 257, 'Peso: 100g', '{\"Peso\": \"100g\"}', 'CRE-HUG-100', 0.00, NULL, 40, NULL, NULL, 'Peso: 100g - Crema Hugme Bebé', 1, '2025-11-21 05:13:57', '2025-11-21 05:13:57'),
(403, 257, 'Peso: 200g', '{\"Peso\": \"200g\"}', 'CRE-HUG-200', 4.25, NULL, 25, NULL, NULL, 'Peso: 200g - Crema Hugme Bebé', 1, '2025-11-21 05:13:57', '2025-11-21 05:13:57'),
(404, 258, 'Volumen: 100ml', '{\"Volumen\": \"100ml\"}', 'ACE-HUG-100', 0.00, NULL, 55, NULL, NULL, 'Volumen: 100ml - Aceite Hugme Bebé', 1, '2025-11-21 05:13:57', '2025-11-21 05:13:57'),
(405, 258, 'Volumen: 200ml', '{\"Volumen\": \"200ml\"}', 'ACE-HUG-200', 2.50, NULL, 35, NULL, NULL, 'Volumen: 200ml - Aceite Hugme Bebé', 1, '2025-11-21 05:13:57', '2025-11-21 05:13:57'),
(406, 83, 'size', '\"[]\"', 'TOALLAS-ALIVE-DIARIA-S8TK', 0.00, 0.00, 0, NULL, NULL, '', 1, '2025-11-27 23:26:19', '2025-11-27 23:26:19'),
(407, 272, 'volumen', '{\"Volumen\":\"100 ML\"}', 'ACEITE-IDEAL-MVXK', 11.00, 15.00, 5000, 'public/productos/272/variants/1764291958_variant_0.jpg', 'public/productos/272/variants/thumb_1764291958_variant_0.jpg', 'Volumen: Aceite comestible Ideal 110 ML', 1, '2025-11-28 00:46:40', '2025-12-07 01:23:27'),
(408, 272, 'volumen', '{\"Volumen\":\"250 ML\"}', 'ACEITE-IDEAL-MVXK', 15.00, 23.00, 5000, 'public/productos/272/variants/1764292125_variant_1.jpg', 'public/productos/272/variants/thumb_1764292125_variant_1.jpg', 'Volumen: Aceite comestible Ideal 250 ML', 1, '2025-11-28 00:46:40', '2025-12-07 01:23:27'),
(409, 272, 'volumen', '{\"Volumen\":\"430 ML\"}', 'ACEITE-IDEAL-MVXK', 23.00, 36.00, 5000, 'public/productos/272/variants/1764292125_variant_2.jpg', 'public/productos/272/variants/thumb_1764292125_variant_2.jpg', 'Volumen: Aceite comestible Ideal 430 ML', 1, '2025-11-28 00:46:40', '2025-12-07 01:23:27'),
(410, 272, 'volumen', '{\"Volumen\":\"900 ML\"}', 'ACEITE-IDEAL-MVXK', 23.00, 37.00, 5000, 'public/productos/272/variants/1764292125_variant_3.jpg', 'public/productos/272/variants/thumb_1764292125_variant_3.jpg', 'Volumen: Aceite comestible Ideal 900 ML', 1, '2025-11-28 00:46:40', '2025-12-07 01:23:27'),
(411, 86, 'size', '\"{\\\"Size\\\":\\\"450 Ml\\\"}\"', 'OSO-BLANCO-LAVAVAJILLAS-RVHS', 0.00, 0.00, 0, 'public/productos/86/variants/1764292971_variant_0.jpg', 'public/productos/86/variants/thumb_1764292971_variant_0.jpg', 'Presentacion: 450 Ml  Oso Blanco Lavavajillas', 1, '2025-11-28 01:22:51', '2025-11-28 01:22:51'),
(412, 86, 'size', '\"{\\\"Size\\\":\\\"800 ML\\\"}\"', 'OSO-BLANCO-LAVAVAJILLAS-RVHS', 0.00, 0.00, 0, 'public/productos/86/variants/1764292971_variant_1.jpg', 'public/productos/86/variants/thumb_1764292971_variant_1.jpg', 'Presentacion: 800 ML Oso Blanco Lavavajillas', 1, '2025-11-28 01:22:51', '2025-11-28 01:22:51'),
(415, 286, 'peso', '{\"Peso\": \"400g\"}', 'DETERGENTE-OSO-BLANCO-8GVQ', 0.00, 0.00, 0, 'productos/1764359804_variant_0.jpg', 'productos/thumb_1764359804_variant_0.jpg', '', 1, '2025-11-28 19:56:44', '2025-11-28 19:57:33'),
(416, 286, 'peso', '\"{\\\"Peso\\\":\\\"800g\\\"}\"', 'DETERGENTE-OSO-BLANCO-8GVQ', 0.00, 0.00, 0, 'productos/1764359853_variant_1.jpg', 'productos/thumb_1764359853_variant_1.jpg', '', 1, '2025-11-28 19:57:33', '2025-11-28 19:57:33'),
(417, 287, 'volumen', '{\"Volumen\": \"450ml\"}', 'LAVAPLATOS-TAPA-AMARILLA-ZTCN', 0.00, 0.00, 0, NULL, NULL, '', 1, '2025-11-28 20:04:21', '2025-11-28 20:05:23'),
(418, 287, 'volumen', '\"{\\\"Volumen\\\":\\\"900ml\\\"}\"', 'LAVAPLATOS-TAPA-AMARILLA-ZTCN', 0.00, 0.00, 0, 'productos/1764360323_variant_1.jpg', 'productos/thumb_1764360323_variant_1.jpg', '', 1, '2025-11-28 20:05:23', '2025-11-28 20:05:23'),
(420, 211, 'volumen', '{\"Volumen\":\"2L\"}', 'REFRESCO-HIT-NARANJA-XYHH', 3.50, 5.00, 0, 'productos/1764361292_variant_1.jpg', 'productos/thumb_1764361292_variant_1.jpg', '', 1, '2025-11-28 20:21:32', '2025-12-06 01:07:38'),
(421, 210, 'volumen', '{\"Volumen\":\"1L\"}', 'REFRESCO-CHINOTTO-GH24', 2.50, 3.90, 5000, 'productos/1764982516_variant_0.jpg', 'productos/thumb_1764982516_variant_0.jpg', '', 1, '2025-11-28 20:26:38', '2025-12-06 00:55:17'),
(423, 210, 'volumen', '{\"Volumen\":\"2L\"}', 'REFRESCO-CHINOTTO-GH24', 3.50, 5.00, 0, 'productos/1764361598_variant_2.jpg', 'productos/thumb_1764361598_variant_2.jpg', '', 1, '2025-11-28 20:26:38', '2025-12-06 00:55:17'),
(425, 209, 'volumen', '{\"Volumen\":\"2L\"}', 'REFRESCO-FRESCOLITA-QUUO', 3.50, 5.00, 5000, 'productos/1764361901_variant_1.jpg', 'productos/thumb_1764361901_variant_1.jpg', '', 1, '2025-11-28 20:31:41', '2025-12-06 00:58:22'),
(428, 199, 'volumen', '{\"Volumen\":\"400ml\"}', 'GLUP-FRESH-AI0Q', 3.80, 5.20, 5000, 'productos/1765995138_variant_1.jpg', 'productos/thumb_1765995138_variant_1.jpg', '', 1, '2025-11-28 20:41:03', '2025-12-17 18:12:18'),
(429, 288, 'sabor', '{\"Sabor\":\"Guanabana\"}', 'BOKA-BEBIDAS-INSTANTANEAS-DE-FRUTAS-1BP1', 2.00, 3.00, 0, NULL, NULL, '', 1, '2025-11-28 21:18:14', '2025-12-06 00:11:40'),
(430, 288, 'sabor', '{\"Sabor\":\"Durazno\"}', 'BOKA-BEBIDAS-INSTANTANEAS-DE-FRUTAS-1BP1', 2.00, 3.00, 0, 'productos/1764364884_variant_1.jpg', 'productos/thumb_1764364884_variant_1.jpg', '', 1, '2025-11-28 21:18:14', '2025-12-06 00:11:40'),
(431, 288, 'sabor', '{\"Sabor\":\"Lim\\u00f3n\"}', 'BOKA-BEBIDAS-INSTANTANEAS-DE-FRUTAS-1BP1', 2.00, 3.00, 0, 'productos/1764364884_variant_2.jpg', 'productos/thumb_1764364884_variant_2.jpg', '', 1, '2025-11-28 21:18:14', '2025-12-06 00:11:40'),
(432, 288, 'sabor', '{\"Sabor\":\"Maracuy\\u00e1\"}', 'BOKA-BEBIDAS-INSTANTANEAS-DE-FRUTAS-1BP1', 2.00, 3.00, 5000, 'productos/1764364884_variant_3.jpg', 'productos/thumb_1764364884_variant_3.jpg', '', 1, '2025-11-28 21:18:14', '2025-12-06 00:11:40'),
(433, 288, 'sabor', '{\"Sabor\":\"Naranja\"}', 'BOKA-BEBIDAS-INSTANTANEAS-DE-FRUTAS-1BP1', 2.00, 3.00, 5000, 'productos/1764364884_variant_4.jpg', 'productos/thumb_1764364884_variant_4.jpg', '', 1, '2025-11-28 21:18:14', '2025-12-06 00:11:40'),
(434, 288, 'sabor', '{\"Sabor\":\"Panela de limon\"}', 'BOKA-BEBIDAS-INSTANTANEAS-DE-FRUTAS-1BP1', 2.00, 3.00, 5000, 'productos/1764364885_variant_5.jpg', 'productos/thumb_1764364885_variant_5.jpg', '', 1, '2025-11-28 21:19:41', '2025-12-06 00:11:40'),
(435, 288, 'sabor', '{\"Sabor\":\"Salpicon de frutas\"}', 'BOKA-BEBIDAS-INSTANTANEAS-DE-FRUTAS-1BP1', 2.00, 3.00, 5000, 'productos/1764364885_variant_6.jpg', 'productos/thumb_1764364885_variant_6.jpg', '', 1, '2025-11-28 21:19:41', '2025-12-06 00:11:40'),
(436, 288, 'sabor', '{\"Sabor\":\"Tamarindo\"}', 'BOKA-BEBIDAS-INSTANTANEAS-DE-FRUTAS-1BP1', 2.00, 3.00, 5000, 'productos/1764364885_variant_7.jpg', 'productos/thumb_1764364885_variant_7.jpg', '', 1, '2025-11-28 21:19:41', '2025-12-06 00:11:40'),
(437, 131, 'volumen', '{\"Volumen\":\"1.5Lt\"}', 'COCA-COLA-ORIGINAL-UO1P', 5.00, 7.00, 5000, 'productos/1764979551_variant_1.jpg', 'productos/thumb_1764979551_variant_1.jpg', 'Volumen: 1.5Lt', 1, '2025-12-06 00:02:24', '2025-12-06 00:05:51'),
(438, 131, 'volumen', '{\"Volumen\":\"355 ML\"}', 'COCA-COLA-ORIGINAL-UO1P', 7.50, 10.50, 5000, 'productos/1764979551_variant_2.jpg', 'productos/thumb_1764979551_variant_2.jpg', '355 ML', 1, '2025-12-06 00:02:24', '2025-12-06 00:05:51'),
(439, 191, 'volumen', '{\"Volumen\":\"1L\"}', 'GLUP-NARANJA-ED2H', 4.80, 7.00, 5000, 'productos/1765995479_variant_0.jpg', 'productos/thumb_1765995479_variant_0.jpg', 'Glup sabor a Naranja 1LT', 1, '2025-12-06 00:16:11', '2025-12-17 18:18:19'),
(440, 193, 'volumen', '{\"Volumen\":\"1L\"}', 'GLUP-UVA-TNXA', 4.80, 7.00, 5000, NULL, NULL, 'Refresco Glup sabor a Uva 1Lt', 1, '2025-12-06 00:21:46', '2025-12-06 00:46:10'),
(441, 193, 'volumen', '{\"Volumen\":\"400ml\"}', 'GLUP-UVA-TNXA', 3.80, 5.20, 5000, NULL, NULL, 'Refresco Glup sabor a Uva 400 ML', 1, '2025-12-06 00:21:46', '2025-12-06 00:46:10'),
(442, 194, 'volumen', '{\"Volumen\":\"400ml\"}', 'GLUP-MANZANA-VERDE-5GTH', 3.80, 5.20, 5000, NULL, NULL, '', 1, '2025-12-06 00:26:20', '2025-12-06 00:46:19'),
(443, 297, 'volumen', '{\"Volumen\":\"1L\"}', 'GLUP-MANZANA-ROJA-GL1S', 4.80, 7.00, 0, 'productos/1765995374_variant_0.jpg', 'productos/thumb_1765995374_variant_0.jpg', 'Refresco Glup Manzana Roja 1LT', 1, '2025-12-06 00:30:22', '2025-12-17 18:16:14'),
(444, 297, 'volumen', '{\"Volumen\":\"400ml\"}', 'GLUP-MANZANA-ROJA-GL1S', 3.80, 5.20, 5000, 'productos/1765995374_variant_1.jpg', 'productos/thumb_1765995374_variant_1.jpg', 'Refresco Glup Manzana Roja 400 Ml', 1, '2025-12-06 00:30:22', '2025-12-17 18:16:14'),
(445, 198, 'volumen', '{\"Volumen\":\"1L\"}', 'GLUP-COLITA-ANRJ', 4.80, 7.00, 0, 'productos/1765995053_variant_0.jpg', 'productos/thumb_1765995053_variant_0.jpg', '', 1, '2025-12-06 00:32:16', '2025-12-17 18:10:53'),
(446, 198, 'volumen', '{\"Volumen\":\"400ml\"}', 'GLUP-COLITA-ANRJ', 3.80, 5.20, 0, 'productos/1765995053_variant_1.jpg', 'productos/thumb_1765995053_variant_1.jpg', '', 1, '2025-12-06 00:32:16', '2025-12-17 18:10:53'),
(447, 296, 'volumen', '{\"Volumen\":\"1L\"}', 'GLUP-PINA-Z2VB', 4.80, 7.00, 5000, 'productos/1765995245_variant_0.jpg', 'productos/thumb_1765995245_variant_0.jpg', 'Refresco sabor a Colita', 1, '2025-12-06 00:38:33', '2025-12-17 18:14:05'),
(448, 296, 'volumen', '{\"Volumen\":\"400ml\"}', 'GLUP-PINA-Z2VB', 3.80, 5.20, 5000, NULL, NULL, 'Refresco sabor a Colita', 1, '2025-12-06 00:38:33', '2025-12-17 18:14:05'),
(449, 191, 'volumen', '{\"Volumen\":\"400ml\"}', 'GLUP-NARANJA-ED2H', 3.80, 5.20, 0, NULL, NULL, '', 1, '2025-12-06 00:45:52', '2025-12-17 18:18:19'),
(450, 204, 'volumen', '{\"Volumen\":\"500ml\"}', 'AGUA-MINERAL-HEAL-BLB0', 5.50, 6.50, 5000, 'productos/1764985366_variant_2.png', 'productos/thumb_1764985366_variant_2.png', '', 1, '2025-12-06 01:42:46', '2025-12-06 01:44:06'),
(451, 285, 'peso', '\"{\\\"Peso\\\":\\\"125g\\\"}\"', '', 9.00, 12.50, 5000, NULL, NULL, '', 1, '2025-12-07 00:49:48', '2025-12-07 00:49:48'),
(452, 285, 'peso', '\"{\\\"Peso\\\":\\\"80g\\\"}\"', '', 6.00, 8.50, 5000, NULL, NULL, '', 1, '2025-12-07 00:49:48', '2025-12-07 00:49:48'),
(453, 96, 'sabor', '\"{\\\"Sabor\\\":\\\"Manzana\\\"}\"', 'LIMPIAPISOS-EN-POLVO-AROMAX-E9XN', 4.00, 6.00, 5000, 'productos/1765069942_variant_1.webp', 'productos/thumb_1765069942_variant_1.webp', 'Manzana', 1, '2025-12-07 01:12:22', '2025-12-07 01:12:22'),
(454, 189, 'volumen', '{\"Volumen\":\"400ml\"}', 'JUGO-FRUTON-FRUIT-PUNCH-6X15L-GYIQ', 2.50, 5.00, 3000, 'productos/1765996101_variant_0.jpg', 'productos/thumb_1765996101_variant_0.jpg', '', 1, '2025-12-17 18:27:42', '2025-12-17 18:28:21'),
(455, 190, 'volumen', '\"{\\\"Volumen\\\":\\\"400ml\\\"}\"', 'JUGO-FRUTON-CITRUS-PUNCH-6X15L-G1EN', 2.50, 5.00, 3000, 'productos/1765996194_variant_0.jpg', 'productos/thumb_1765996194_variant_0.jpg', '', 1, '2025-12-17 18:29:54', '2025-12-17 18:29:54'),
(456, 2, 'tipo', '{\"Tipo\":\"Medio Bulto (10 Unidades)\"}', 'HARINA-DE-MAIZ-PRECOCIDA-POLAR-J9ZO', 10.00, 14.00, 5000, NULL, NULL, '', 1, '2025-12-30 00:42:37', '2025-12-30 00:44:57'),
(457, 41, 'tipo', '\"{\\\"Tipo\\\":\\\"Medio Bulto (10 Unidades)\\\"}\"', 'HARINA-DE-MAIZ-PRECOCIDA-TOM-AFJG', 18.00, 26.00, 5000, NULL, NULL, '', 1, '2025-12-30 00:44:21', '2025-12-30 00:44:21'),
(458, 289, 'tipo', '\"{\\\"Tipo\\\":\\\"Medio Bulto (12 Unidades)\\\"}\"', 'ARROZ-BLANCO-MARY-SUPERIOR-COPIA-CVN5', 37.00, 58.00, 5000, NULL, NULL, '', 1, '2025-12-30 00:47:18', '2025-12-30 00:47:18'),
(459, 290, 'tipo', '{\"Tipo\":\"Medio Bulto (12 Unidades)\"}', 'ARROZ-BLANCO-MARY-ESMERALDA-A4HX', 39.00, 60.00, 5000, NULL, NULL, '', 1, '2025-12-30 00:48:17', '2025-12-30 00:48:37'),
(460, 233, 'tipo', '\"{\\\"Tipo\\\":\\\"Medio Bulto (12 Unidades)\\\"}\"', 'ARROZ-BLANCO-AGUA-BLANCA-YMSK', 24.00, 38.00, 5000, NULL, NULL, '', 1, '2025-12-30 00:49:38', '2025-12-30 00:49:38'),
(461, 20, 'tipo', '\"{\\\"Tipo\\\":\\\"Medio Bulto (12 Unidades)\\\"}\"', 'ARROZ-BLANCO-MONICA-QNQL', 25.00, 38.00, 5000, NULL, NULL, '', 1, '2025-12-30 00:51:50', '2025-12-30 00:51:50'),
(462, 16, 'tipo', '\"{\\\"Tipo\\\":\\\"Medio Bulto (12 Unidades)\\\"}\"', 'ARROZ-BLANCO-MARY-PJBU', 24.00, 37.00, 5000, NULL, NULL, '', 1, '2025-12-30 01:03:57', '2025-12-30 01:03:57');

-- --------------------------------------------------------

--
-- Estructura de tabla para la tabla `product_reviews`
--

CREATE TABLE IF NOT EXISTS `product_reviews` (
  `id` bigint(20) UNSIGNED NOT NULL AUTO_INCREMENT,
  `producto_id` bigint(20) UNSIGNED NOT NULL,
  `user_id` bigint(20) UNSIGNED NOT NULL,
  `rating` tinyint(3) UNSIGNED NOT NULL,
  `title` varchar(255) DEFAULT NULL,
  `comment` text DEFAULT NULL,
  `verified_purchase` tinyint(1) NOT NULL DEFAULT 0,
  `is_approved` tinyint(1) NOT NULL DEFAULT 1,
  `created_at` timestamp NULL DEFAULT NULL,
  `updated_at` timestamp NULL DEFAULT NULL,
  PRIMARY KEY (`id`),
  UNIQUE KEY `product_reviews_producto_id_user_id_unique` (`producto_id`,`user_id`),
  KEY `product_reviews_user_id_foreign` (`user_id`),
  KEY `product_reviews_producto_id_is_approved_index` (`producto_id`,`is_approved`)
) ENGINE=InnoDB DEFAULT CHARSET=utf8mb4 COLLATE=utf8mb4_unicode_ci;

--
-- Truncar tablas antes de insertar `product_reviews`
--

TRUNCATE TABLE `product_reviews`;
-- --------------------------------------------------------

--
-- Estructura de tabla para la tabla `referencias_bancarias`
--

CREATE TABLE IF NOT EXISTS `referencias_bancarias` (
  `id` bigint(20) UNSIGNED NOT NULL AUTO_INCREMENT,
  `pedido_id` bigint(20) UNSIGNED NOT NULL,
  `tipo_pago` enum('pago_movil','transferencia') NOT NULL,
  `banco_id` bigint(20) UNSIGNED NOT NULL,
  `documento` varchar(255) DEFAULT NULL,
  `numero_telefono` varchar(255) DEFAULT NULL,
  `numero_cuenta` varchar(255) DEFAULT NULL,
  `tipo_cuenta` enum('ahorro','corriente') DEFAULT NULL,
  `referencia` varchar(255) NOT NULL,
  `monto_efectivo` decimal(10,2) DEFAULT NULL,
  `monto_restante` decimal(10,2) DEFAULT NULL,
  `created_at` timestamp NULL DEFAULT NULL,
  `updated_at` timestamp NULL DEFAULT NULL,
  PRIMARY KEY (`id`),
  KEY `referencias_bancarias_pedido_id_foreign` (`pedido_id`),
  KEY `referencias_bancarias_banco_id_foreign` (`banco_id`)
) ENGINE=InnoDB DEFAULT CHARSET=utf8mb4 COLLATE=utf8mb4_unicode_ci;

--
-- Truncar tablas antes de insertar `referencias_bancarias`
--

TRUNCATE TABLE `referencias_bancarias`;
-- --------------------------------------------------------

--
-- Estructura de tabla para la tabla `resenas`
--

CREATE TABLE IF NOT EXISTS `resenas` (
  `id` bigint(20) UNSIGNED NOT NULL AUTO_INCREMENT,
  `pedido_id` bigint(20) UNSIGNED NOT NULL,
  `user_id` bigint(20) UNSIGNED NOT NULL,
  `producto_id` bigint(20) UNSIGNED NOT NULL,
  `calificacion` tinyint(3) UNSIGNED NOT NULL COMMENT '1-5 estrellas',
  `comentario` text DEFAULT NULL,
  `aprobada` tinyint(1) NOT NULL DEFAULT 0,
  `created_at` timestamp NULL DEFAULT NULL,
  `updated_at` timestamp NULL DEFAULT NULL,
  PRIMARY KEY (`id`),
  KEY `resenas_user_id_foreign` (`user_id`),
  KEY `resenas_producto_id_foreign` (`producto_id`),
  KEY `resenas_pedido_id_producto_id_index` (`pedido_id`,`producto_id`),
  KEY `resenas_calificacion_index` (`calificacion`),
  KEY `resenas_aprobada_index` (`aprobada`)
) ENGINE=InnoDB DEFAULT CHARSET=utf8mb4 COLLATE=utf8mb4_unicode_ci;

--
-- Truncar tablas antes de insertar `resenas`
--

TRUNCATE TABLE `resenas`;
-- --------------------------------------------------------

--
-- Estructura de tabla para la tabla `reunions`
--

CREATE TABLE IF NOT EXISTS `reunions` (
  `id` bigint(20) UNSIGNED NOT NULL AUTO_INCREMENT,
  `titulo` varchar(255) NOT NULL,
  `descripcion` text DEFAULT NULL,
  `fecha_inicio` datetime NOT NULL,
  `fecha_fin` datetime NOT NULL,
  `ubicacion` varchar(255) DEFAULT NULL,
  `estado` enum('programada','en_curso','finalizada','cancelada') NOT NULL DEFAULT 'programada',
  `color` varchar(7) NOT NULL DEFAULT '#007bff',
  `participantes` longtext CHARACTER SET utf8mb4 COLLATE utf8mb4_bin DEFAULT NULL,
  `creado_por` bigint(20) UNSIGNED NOT NULL,
  `empresa_id` bigint(20) UNSIGNED NOT NULL,
  `sucursal_id` bigint(20) UNSIGNED NOT NULL,
  `created_at` timestamp NULL DEFAULT NULL,
  `updated_at` timestamp NULL DEFAULT NULL,
  PRIMARY KEY (`id`),
  KEY `reunions_creado_por_foreign` (`creado_por`),
  KEY `reunions_empresa_id_foreign` (`empresa_id`),
  KEY `reunions_sucursal_id_foreign` (`sucursal_id`)
) ;

--
-- Truncar tablas antes de insertar `reunions`
--

TRUNCATE TABLE `reunions`;
-- --------------------------------------------------------

--
-- Estructura de tabla para la tabla `reviews`
--

CREATE TABLE IF NOT EXISTS `reviews` (
  `id` bigint(20) UNSIGNED NOT NULL AUTO_INCREMENT,
  `producto_id` bigint(20) UNSIGNED NOT NULL,
  `user_id` bigint(20) UNSIGNED NOT NULL,
  `rating` int(10) UNSIGNED NOT NULL DEFAULT 5,
  `title` varchar(255) NOT NULL,
  `comment` text NOT NULL,
  `approved` tinyint(1) NOT NULL DEFAULT 0,
  `empresa_id` bigint(20) UNSIGNED NOT NULL,
  `created_at` timestamp NULL DEFAULT NULL,
  `updated_at` timestamp NULL DEFAULT NULL,
  PRIMARY KEY (`id`),
  KEY `reviews_empresa_id_foreign` (`empresa_id`),
  KEY `reviews_producto_id_approved_index` (`producto_id`,`approved`),
  KEY `reviews_user_id_index` (`user_id`)
) ENGINE=InnoDB DEFAULT CHARSET=utf8mb4 COLLATE=utf8mb4_unicode_ci;

--
-- Truncar tablas antes de insertar `reviews`
--

TRUNCATE TABLE `reviews`;
-- --------------------------------------------------------

--
-- Estructura de tabla para la tabla `roles`
--

CREATE TABLE IF NOT EXISTS `roles` (
  `id` bigint(20) UNSIGNED NOT NULL AUTO_INCREMENT,
  `name` varchar(255) NOT NULL,
  `guard_name` varchar(255) NOT NULL,
  `created_at` timestamp NULL DEFAULT NULL,
  `updated_at` timestamp NULL DEFAULT NULL,
  PRIMARY KEY (`id`),
  UNIQUE KEY `roles_name_guard_name_unique` (`name`,`guard_name`)
) ENGINE=InnoDB AUTO_INCREMENT=6 DEFAULT CHARSET=utf8mb4 COLLATE=utf8mb4_unicode_ci;

--
-- Truncar tablas antes de insertar `roles`
--

TRUNCATE TABLE `roles`;
--
-- Volcado de datos para la tabla `roles`
--

INSERT INTO `roles` (`id`, `name`, `guard_name`, `created_at`, `updated_at`) VALUES
(1, 'Super Administrador', 'web', '2025-11-26 14:20:02', '2025-11-26 14:20:02'),
(2, 'Administrador', 'web', '2025-11-26 14:20:02', '2025-11-26 14:20:02'),
(3, 'Recepcionista', 'web', '2025-11-26 14:20:02', '2025-11-26 14:20:02'),
(4, 'Cliente', 'web', '2025-11-26 14:20:02', '2025-11-26 14:20:02'),
(5, 'Empleado', 'web', '2025-11-26 14:20:02', '2025-11-26 14:20:02');

-- --------------------------------------------------------

--
-- Estructura de tabla para la tabla `role_has_permissions`
--

CREATE TABLE IF NOT EXISTS `role_has_permissions` (
  `permission_id` bigint(20) UNSIGNED NOT NULL,
  `role_id` bigint(20) UNSIGNED NOT NULL,
  PRIMARY KEY (`permission_id`,`role_id`),
  KEY `role_has_permissions_role_id_foreign` (`role_id`)
) ENGINE=InnoDB DEFAULT CHARSET=utf8mb4 COLLATE=utf8mb4_unicode_ci;

--
-- Truncar tablas antes de insertar `role_has_permissions`
--

TRUNCATE TABLE `role_has_permissions`;
--
-- Volcado de datos para la tabla `role_has_permissions`
--

INSERT INTO `role_has_permissions` (`permission_id`, `role_id`) VALUES
(1, 1),
(1, 2),
(2, 1),
(2, 2),
(3, 1),
(3, 2),
(4, 1),
(4, 2),
(5, 1),
(5, 2),
(6, 1),
(6, 2),
(7, 1),
(7, 2),
(8, 1),
(8, 2),
(9, 1),
(9, 2),
(10, 1),
(10, 2),
(11, 1),
(11, 2),
(12, 1),
(12, 2),
(13, 1),
(13, 2),
(14, 1),
(14, 2),
(15, 1),
(15, 2),
(16, 1),
(16, 2),
(17, 1),
(17, 2),
(18, 1),
(18, 2),
(19, 1),
(19, 2),
(20, 1),
(20, 2),
(21, 1),
(22, 1),
(22, 2),
(23, 1),
(23, 2),
(24, 1),
(24, 2),
(25, 1),
(25, 2),
(26, 1),
(27, 1),
(27, 2),
(28, 1),
(28, 2),
(29, 1),
(29, 2),
(30, 1),
(30, 2),
(31, 1),
(31, 2),
(32, 1),
(32, 2),
(33, 1),
(33, 2),
(34, 1),
(34, 2),
(35, 1),
(35, 2),
(36, 1),
(36, 2),
(37, 1),
(37, 2),
(38, 1),
(38, 2),
(39, 1),
(39, 2),
(40, 1),
(40, 2),
(41, 1),
(41, 2),
(42, 1),
(42, 2),
(43, 1),
(43, 2),
(43, 3),
(44, 1),
(44, 2),
(44, 3),
(45, 1),
(45, 2),
(45, 3),
(46, 1),
(46, 2),
(46, 3),
(47, 1),
(47, 2),
(47, 3),
(48, 1),
(48, 2),
(48, 3),
(49, 1),
(49, 2),
(49, 3),
(50, 1),
(50, 2),
(50, 3),
(51, 1),
(51, 2),
(52, 1),
(52, 2),
(53, 1),
(53, 2),
(54, 1),
(54, 2),
(55, 1),
(55, 2),
(56, 1),
(56, 2),
(57, 1),
(57, 2),
(58, 1),
(58, 2),
(59, 1),
(59, 2),
(60, 1),
(60, 2),
(61, 1),
(61, 2),
(62, 1),
(62, 2),
(63, 1),
(63, 2),
(64, 1),
(64, 2),
(65, 1),
(65, 2),
(66, 1),
(66, 2),
(67, 1),
(67, 2),
(68, 1),
(68, 2),
(69, 1),
(69, 2),
(69, 3),
(70, 1),
(70, 2),
(70, 3),
(71, 1),
(71, 2),
(71, 3),
(72, 1),
(72, 2),
(72, 3),
(73, 1),
(73, 2),
(73, 3),
(74, 1),
(74, 2),
(74, 3),
(75, 1),
(75, 2),
(75, 3),
(76, 1),
(76, 2),
(76, 3),
(77, 1),
(77, 2),
(77, 3),
(78, 1),
(78, 2),
(78, 3),
(79, 1),
(79, 2),
(79, 3),
(80, 1),
(80, 2),
(81, 1),
(81, 2),
(82, 1),
(82, 2),
(83, 1),
(83, 2),
(84, 1),
(84, 2),
(85, 1),
(85, 2),
(86, 1),
(86, 2),
(87, 1),
(87, 2),
(88, 1),
(88, 2),
(89, 1),
(89, 2),
(90, 1),
(90, 2),
(91, 1),
(91, 2),
(92, 1),
(92, 2),
(93, 1),
(93, 2),
(94, 1),
(94, 2),
(95, 1),
(95, 2),
(96, 1),
(96, 2),
(97, 1),
(97, 2),
(98, 1),
(98, 2),
(99, 1),
(99, 2),
(100, 1),
(100, 2),
(101, 1),
(101, 2),
(102, 1),
(102, 2),
(103, 1),
(103, 2),
(104, 1),
(104, 2),
(105, 1),
(105, 2),
(106, 1),
(106, 2),
(107, 1),
(107, 2),
(108, 1),
(108, 2),
(109, 1),
(109, 2),
(110, 1),
(110, 2),
(111, 1),
(111, 2),
(112, 1),
(112, 2),
(113, 1),
(113, 2),
(114, 1),
(114, 2),
(115, 1),
(115, 2),
(116, 1),
(116, 2),
(117, 1),
(117, 2),
(118, 1),
(118, 2),
(119, 1),
(119, 2),
(120, 1),
(120, 2),
(121, 1),
(121, 2),
(122, 1),
(122, 2),
(123, 1),
(123, 2),
(124, 1),
(124, 2),
(125, 1),
(125, 2),
(126, 1),
(126, 2),
(127, 1),
(127, 2),
(128, 1),
(128, 2),
(129, 1),
(129, 2),
(130, 1),
(130, 2),
(131, 1),
(131, 2),
(132, 1),
(132, 2),
(133, 1),
(133, 2),
(134, 1),
(134, 2),
(135, 1),
(135, 2),
(136, 1),
(136, 2),
(137, 1),
(137, 2),
(137, 4),
(137, 5),
(138, 1),
(138, 2),
(138, 4),
(138, 5),
(139, 1),
(139, 2),
(139, 4),
(139, 5),
(140, 1),
(140, 2),
(140, 4),
(140, 5),
(141, 1),
(141, 2),
(141, 4),
(141, 5),
(142, 1),
(142, 2),
(142, 4),
(142, 5),
(143, 1),
(143, 2),
(143, 4),
(143, 5),
(144, 1),
(144, 2),
(144, 4),
(144, 5),
(145, 1),
(145, 2),
(145, 4),
(145, 5),
(146, 1),
(146, 2),
(146, 4),
(146, 5),
(147, 1),
(147, 2),
(147, 4),
(147, 5),
(148, 1),
(148, 2),
(148, 4),
(148, 5),
(149, 1),
(149, 2),
(149, 4),
(149, 5),
(150, 1),
(150, 2),
(150, 4),
(151, 1),
(151, 2),
(151, 4),
(152, 1),
(152, 2),
(153, 1),
(153, 2),
(154, 1),
(154, 2),
(155, 1),
(155, 2),
(156, 1),
(156, 2),
(157, 1),
(157, 2),
(158, 1),
(158, 2),
(159, 1),
(159, 2),
(160, 1),
(160, 2),
(161, 1),
(161, 2),
(162, 1),
(162, 2),
(163, 1),
(163, 2),
(164, 1),
(164, 2),
(165, 1),
(165, 2),
(166, 1),
(166, 2),
(167, 1),
(167, 2),
(168, 1),
(168, 2),
(169, 1),
(169, 2),
(170, 1),
(170, 2),
(171, 1),
(171, 2),
(172, 1),
(172, 2),
(173, 1),
(173, 2),
(174, 1),
(174, 2),
(175, 1),
(175, 2),
(176, 1),
(176, 2),
(177, 1),
(177, 2),
(178, 1),
(178, 2),
(179, 1),
(179, 2),
(180, 1),
(180, 2),
(181, 1),
(181, 2),
(182, 1),
(182, 2),
(183, 1),
(183, 2),
(184, 1),
(184, 2),
(185, 1),
(185, 2),
(186, 1),
(186, 2),
(187, 1),
(187, 2),
(188, 1),
(188, 2);

-- --------------------------------------------------------

--
-- Estructura de tabla para la tabla `series`
--

CREATE TABLE IF NOT EXISTS `series` (
  `id` bigint(20) UNSIGNED NOT NULL AUTO_INCREMENT,
  `tipo_documento` varchar(255) NOT NULL,
  `serie` varchar(10) NOT NULL,
  `correlativo_actual` int(11) NOT NULL DEFAULT 0,
  `longitud_correlativo` int(11) NOT NULL DEFAULT 8,
  `activo` tinyint(1) NOT NULL DEFAULT 1,
  `empresa_id` bigint(20) UNSIGNED NOT NULL,
  `sucursal_id` bigint(20) UNSIGNED NOT NULL,
  `created_at` timestamp NULL DEFAULT NULL,
  `updated_at` timestamp NULL DEFAULT NULL,
  PRIMARY KEY (`id`),
  UNIQUE KEY `series_serie_empresa_id_sucursal_id_unique` (`serie`,`empresa_id`,`sucursal_id`),
  KEY `series_empresa_id_foreign` (`empresa_id`),
  KEY `series_sucursal_id_foreign` (`sucursal_id`),
  KEY `series_tipo_documento_empresa_id_sucursal_id_activo_index` (`tipo_documento`,`empresa_id`,`sucursal_id`,`activo`)
) ENGINE=InnoDB AUTO_INCREMENT=5 DEFAULT CHARSET=utf8mb4 COLLATE=utf8mb4_unicode_ci;

--
-- Truncar tablas antes de insertar `series`
--

TRUNCATE TABLE `series`;
--
-- Volcado de datos para la tabla `series`
--

INSERT INTO `series` (`id`, `tipo_documento`, `serie`, `correlativo_actual`, `longitud_correlativo`, `activo`, `empresa_id`, `sucursal_id`, `created_at`, `updated_at`) VALUES
(1, 'factura', '58', 0, 8, 1, 1, 1, '2025-11-26 14:20:03', '2025-12-30 20:45:32'),
(2, 'boleta', 'B001', 0, 8, 1, 1, 1, '2025-11-26 14:20:03', '2025-11-26 14:20:03'),
(3, 'nota_credito', 'NC01', 0, 8, 1, 1, 1, '2025-11-26 14:20:03', '2025-11-26 14:20:03'),
(4, 'recibo', 'R001', 0, 8, 1, 1, 1, '2025-11-26 14:20:03', '2025-11-26 14:20:03');

-- --------------------------------------------------------

--
-- Estructura de tabla para la tabla `sessions`
--

CREATE TABLE IF NOT EXISTS `sessions` (
  `id` varchar(255) NOT NULL,
  `user_id` bigint(20) UNSIGNED DEFAULT NULL,
  `ip_address` varchar(45) DEFAULT NULL,
  `user_agent` text DEFAULT NULL,
  `payload` longtext NOT NULL,
  `last_activity` int(11) NOT NULL,
  PRIMARY KEY (`id`),
  KEY `sessions_user_id_index` (`user_id`),
  KEY `sessions_last_activity_index` (`last_activity`)
) ENGINE=InnoDB DEFAULT CHARSET=utf8mb4 COLLATE=utf8mb4_unicode_ci;

--
-- Truncar tablas antes de insertar `sessions`
--

TRUNCATE TABLE `sessions`;
--
-- Volcado de datos para la tabla `sessions`
--

INSERT INTO `sessions` (`id`, `user_id`, `ip_address`, `user_agent`, `payload`, `last_activity`) VALUES
('3DWfMq7gNLiFEjm3971u1qxMaNMPytuRIfSRYjvF', NULL, '45.186.209.166', 'Mozilla/5.0 (Linux; Android 16; SM-A556E Build/BP2A.250605.031.A3; wv) AppleWebKit/537.36 (KHTML, like Gecko) Version/4.0 Chrome/143.0.7499.146 Mobile Safari/537.36 median', 'YTo2OntzOjY6Il90b2tlbiI7czo0MDoiR1NrTUFhRU9rdWx2RHk5dEpIdm8zSkNEbWFFelpYZEM2bDJHRHFtSSI7czoxODoiY3VycmVudF9lbXByZXNhX2lkIjtpOjE7czoxNToiY3VycmVudF9wYWlzX2lkIjtpOjIwO3M6MjI6InJlZ2lvbmFsX2NvbmZpZ3VyYXRpb24iO2E6MTI6e3M6NDoicGFpcyI7TzoxNToiQXBwXE1vZGVsc1xQYWlzIjozNTp7czoxMzoiACoAY29ubmVjdGlvbiI7czo1OiJteXNxbCI7czo4OiIAKgB0YWJsZSI7czo0OiJwYWlzIjtzOjEzOiIAKgBwcmltYXJ5S2V5IjtzOjI6ImlkIjtzOjEwOiIAKgBrZXlUeXBlIjtzOjM6ImludCI7czoxMjoiaW5jcmVtZW50aW5nIjtiOjE7czo3OiIAKgB3aXRoIjthOjA6e31zOjEyOiIAKgB3aXRoQ291bnQiO2E6MDp7fXM6MTk6InByZXZlbnRzTGF6eUxvYWRpbmciO2I6MDtzOjEwOiIAKgBwZXJQYWdlIjtpOjE1O3M6NjoiZXhpc3RzIjtiOjE7czoxODoid2FzUmVjZW50bHlDcmVhdGVkIjtiOjA7czoyODoiACoAZXNjYXBlV2hlbkNhc3RpbmdUb1N0cmluZyI7YjowO3M6MTM6IgAqAGF0dHJpYnV0ZXMiO2E6MTk6e3M6MjoiaWQiO2k6MjA7czo2OiJub21icmUiO3M6OToiVmVuZXp1ZWxhIjtzOjExOiJjb2RpZ29faXNvMiI7czoyOiJWRSI7czoxMToiY29kaWdvX2lzbzMiO3M6MzoiVkVOIjtzOjE3OiJjb2RpZ29fdGVsZWZvbmljbyI7czozOiIrNTgiO3M6MTY6Im1vbmVkYV9wcmluY2lwYWwiO3M6MzoiVkVTIjtzOjE0OiJzaW1ib2xvX21vbmVkYSI7czoxOiIkIjtzOjE2OiJpZGlvbWFfcHJpbmNpcGFsIjtzOjI6ImVzIjtzOjEwOiJjb250aW5lbnRlIjtzOjE2OiJBbcOpcmljYSBkZWwgU3VyIjtzOjEyOiJ6b25hX2hvcmFyaWEiO3M6MTU6IkFtZXJpY2EvQ2FyYWNhcyI7czoxMzoiZm9ybWF0b19mZWNoYSI7czoxMDoiZGQvbW0veXl5eSI7czoxNDoiZm9ybWF0b19tb25lZGEiO3M6MTI6IkJzLiAxLjIzNCw1NiI7czoyMzoiaW1wdWVzdG9fcHJlZGV0ZXJtaW5hZG8iO3M6NToiMTYuMDAiO3M6MTU6InNlcGFyYWRvcl9taWxlcyI7czoxOiIuIjtzOjE5OiJzZXBhcmFkb3JfZGVjaW1hbGVzIjtzOjE6IiwiO3M6MTY6ImRlY2ltYWxlc19tb25lZGEiO2k6MjtzOjY6ImFjdGl2byI7aToxO3M6MTA6ImNyZWF0ZWRfYXQiO3M6MTk6IjIwMjUtMTEtMjYgMTA6MjA6MDIiO3M6MTA6InVwZGF0ZWRfYXQiO3M6MTk6IjIwMjUtMTEtMjYgMTA6MjA6MDIiO31zOjExOiIAKgBvcmlnaW5hbCI7YToxOTp7czoyOiJpZCI7aToyMDtzOjY6Im5vbWJyZSI7czo5OiJWZW5lenVlbGEiO3M6MTE6ImNvZGlnb19pc28yIjtzOjI6IlZFIjtzOjExOiJjb2RpZ29faXNvMyI7czozOiJWRU4iO3M6MTc6ImNvZGlnb190ZWxlZm9uaWNvIjtzOjM6Iis1OCI7czoxNjoibW9uZWRhX3ByaW5jaXBhbCI7czozOiJWRVMiO3M6MTQ6InNpbWJvbG9fbW9uZWRhIjtzOjE6IiQiO3M6MTY6ImlkaW9tYV9wcmluY2lwYWwiO3M6MjoiZXMiO3M6MTA6ImNvbnRpbmVudGUiO3M6MTY6IkFtw6lyaWNhIGRlbCBTdXIiO3M6MTI6InpvbmFfaG9yYXJpYSI7czoxNToiQW1lcmljYS9DYXJhY2FzIjtzOjEzOiJmb3JtYXRvX2ZlY2hhIjtzOjEwOiJkZC9tbS95eXl5IjtzOjE0OiJmb3JtYXRvX21vbmVkYSI7czoxMjoiQnMuIDEuMjM0LDU2IjtzOjIzOiJpbXB1ZXN0b19wcmVkZXRlcm1pbmFkbyI7czo1OiIxNi4wMCI7czoxNToic2VwYXJhZG9yX21pbGVzIjtzOjE6Ii4iO3M6MTk6InNlcGFyYWRvcl9kZWNpbWFsZXMiO3M6MToiLCI7czoxNjoiZGVjaW1hbGVzX21vbmVkYSI7aToyO3M6NjoiYWN0aXZvIjtpOjE7czoxMDoiY3JlYXRlZF9hdCI7czoxOToiMjAyNS0xMS0yNiAxMDoyMDowMiI7czoxMDoidXBkYXRlZF9hdCI7czoxOToiMjAyNS0xMS0yNiAxMDoyMDowMiI7fXM6MTA6IgAqAGNoYW5nZXMiO2E6MDp7fXM6MTE6IgAqAHByZXZpb3VzIjthOjA6e31zOjg6IgAqAGNhc3RzIjthOjM6e3M6NjoiYWN0aXZvIjtzOjc6ImJvb2xlYW4iO3M6MjM6ImltcHVlc3RvX3ByZWRldGVybWluYWRvIjtzOjk6ImRlY2ltYWw6MiI7czoxNjoiZGVjaW1hbGVzX21vbmVkYSI7czo3OiJpbnRlZ2VyIjt9czoxNzoiACoAY2xhc3NDYXN0Q2FjaGUiO2E6MDp7fXM6MjE6IgAqAGF0dHJpYnV0ZUNhc3RDYWNoZSI7YTowOnt9czoxMzoiACoAZGF0ZUZvcm1hdCI7TjtzOjEwOiIAKgBhcHBlbmRzIjthOjA6e31zOjE5OiIAKgBkaXNwYXRjaGVzRXZlbnRzIjthOjA6e31zOjE0OiIAKgBvYnNlcnZhYmxlcyI7YTowOnt9czoxMjoiACoAcmVsYXRpb25zIjthOjA6e31zOjEwOiIAKgB0b3VjaGVzIjthOjA6e31zOjI3OiIAKgByZWxhdGlvbkF1dG9sb2FkQ2FsbGJhY2siO047czoyNjoiACoAcmVsYXRpb25BdXRvbG9hZENvbnRleHQiO047czoxMDoidGltZXN0YW1wcyI7YjoxO3M6MTM6InVzZXNVbmlxdWVJZHMiO2I6MDtzOjk6IgAqAGhpZGRlbiI7YTowOnt9czoxMDoiACoAdmlzaWJsZSI7YTowOnt9czoxMToiACoAZmlsbGFibGUiO2E6MTY6e2k6MDtzOjY6Im5vbWJyZSI7aToxO3M6MTE6ImNvZGlnb19pc28yIjtpOjI7czoxMToiY29kaWdvX2lzbzMiO2k6MztzOjE3OiJjb2RpZ29fdGVsZWZvbmljbyI7aTo0O3M6MTY6Im1vbmVkYV9wcmluY2lwYWwiO2k6NTtzOjE0OiJzaW1ib2xvX21vbmVkYSI7aTo2O3M6MTY6ImlkaW9tYV9wcmluY2lwYWwiO2k6NztzOjEwOiJjb250aW5lbnRlIjtpOjg7czoxMjoiem9uYV9ob3JhcmlhIjtpOjk7czoxMzoiZm9ybWF0b19mZWNoYSI7aToxMDtzOjE0OiJmb3JtYXRvX21vbmVkYSI7aToxMTtzOjIzOiJpbXB1ZXN0b19wcmVkZXRlcm1pbmFkbyI7aToxMjtzOjE1OiJzZXBhcmFkb3JfbWlsZXMiO2k6MTM7czoxOToic2VwYXJhZG9yX2RlY2ltYWxlcyI7aToxNDtzOjE2OiJkZWNpbWFsZXNfbW9uZWRhIjtpOjE1O3M6NjoiYWN0aXZvIjt9czoxMDoiACoAZ3VhcmRlZCI7YToxOntpOjA7czoxOiIqIjt9czoxNjoiACoAb2xkQXR0cmlidXRlcyI7YTowOnt9czoyNToiZW5hYmxlTG9nZ2luZ01vZGVsc0V2ZW50cyI7YjoxO31zOjg6InRpbWV6b25lIjtzOjE1OiJBbWVyaWNhL0NhcmFjYXMiO3M6ODoiY3VycmVuY3kiO3M6MzoiVkVTIjtzOjE1OiJjdXJyZW5jeV9zeW1ib2wiO3M6MToiJCI7czoxMToiZGF0ZV9mb3JtYXQiO3M6MTA6ImRkL21tL3l5eXkiO3M6MTU6ImN1cnJlbmN5X2Zvcm1hdCI7czoxMjoiQnMuIDEuMjM0LDU2IjtzOjE3OiJkZWNpbWFsX3NlcGFyYXRvciI7czoxOiIsIjtzOjE4OiJ0aG91c2FuZF9zZXBhcmF0b3IiO3M6MToiLiI7czo4OiJkZWNpbWFscyI7aToyO3M6MTE6ImRlZmF1bHRfdGF4IjtzOjU6IjE2LjAwIjtzOjEzOiJkdWFsX2N1cnJlbmN5IjtiOjE7czoxODoic2Vjb25kYXJ5X2N1cnJlbmN5IjtzOjM6IlVTRCI7fXM6OToiX3ByZXZpb3VzIjthOjI6e3M6MzoidXJsIjtzOjQzOiJodHRwczovL2FwcC5hYmFzdG9sb3N0cmluaXMuY29tL2Zyb250L3N0b3JlIjtzOjU6InJvdXRlIjtzOjExOiJmcm9udC5zdG9yZSI7fXM6NjoiX2ZsYXNoIjthOjI6e3M6Mzoib2xkIjthOjA6e31zOjM6Im5ldyI7YTowOnt9fX0=', 1767122862),
('iXUxdiiKI30XUya2Yy4IEQimmcaMcvUIDjchxyeH', NULL, '103.84.91.57', 'Mozilla/5.0 (Windows NT 10.0; Win64; x64) AppleWebKit/537.36 (KHTML, like Gecko) Chrome/91.0.4472.124 Safari/537.36', 'YTo2OntzOjY6Il90b2tlbiI7czo0MDoiaWp3Z3F3dm1NN2NEakpiZXpuNWhiSExDQ1d5eG0wNEVQeGZUUlhWSiI7czoxODoiY3VycmVudF9lbXByZXNhX2lkIjtpOjE7czoxNToiY3VycmVudF9wYWlzX2lkIjtpOjIwO3M6MjI6InJlZ2lvbmFsX2NvbmZpZ3VyYXRpb24iO2E6MTI6e3M6NDoicGFpcyI7TzoxNToiQXBwXE1vZGVsc1xQYWlzIjozNTp7czoxMzoiACoAY29ubmVjdGlvbiI7czo1OiJteXNxbCI7czo4OiIAKgB0YWJsZSI7czo0OiJwYWlzIjtzOjEzOiIAKgBwcmltYXJ5S2V5IjtzOjI6ImlkIjtzOjEwOiIAKgBrZXlUeXBlIjtzOjM6ImludCI7czoxMjoiaW5jcmVtZW50aW5nIjtiOjE7czo3OiIAKgB3aXRoIjthOjA6e31zOjEyOiIAKgB3aXRoQ291bnQiO2E6MDp7fXM6MTk6InByZXZlbnRzTGF6eUxvYWRpbmciO2I6MDtzOjEwOiIAKgBwZXJQYWdlIjtpOjE1O3M6NjoiZXhpc3RzIjtiOjE7czoxODoid2FzUmVjZW50bHlDcmVhdGVkIjtiOjA7czoyODoiACoAZXNjYXBlV2hlbkNhc3RpbmdUb1N0cmluZyI7YjowO3M6MTM6IgAqAGF0dHJpYnV0ZXMiO2E6MTk6e3M6MjoiaWQiO2k6MjA7czo2OiJub21icmUiO3M6OToiVmVuZXp1ZWxhIjtzOjExOiJjb2RpZ29faXNvMiI7czoyOiJWRSI7czoxMToiY29kaWdvX2lzbzMiO3M6MzoiVkVOIjtzOjE3OiJjb2RpZ29fdGVsZWZvbmljbyI7czozOiIrNTgiO3M6MTY6Im1vbmVkYV9wcmluY2lwYWwiO3M6MzoiVkVTIjtzOjE0OiJzaW1ib2xvX21vbmVkYSI7czoxOiIkIjtzOjE2OiJpZGlvbWFfcHJpbmNpcGFsIjtzOjI6ImVzIjtzOjEwOiJjb250aW5lbnRlIjtzOjE2OiJBbcOpcmljYSBkZWwgU3VyIjtzOjEyOiJ6b25hX2hvcmFyaWEiO3M6MTU6IkFtZXJpY2EvQ2FyYWNhcyI7czoxMzoiZm9ybWF0b19mZWNoYSI7czoxMDoiZGQvbW0veXl5eSI7czoxNDoiZm9ybWF0b19tb25lZGEiO3M6MTI6IkJzLiAxLjIzNCw1NiI7czoyMzoiaW1wdWVzdG9fcHJlZGV0ZXJtaW5hZG8iO3M6NToiMTYuMDAiO3M6MTU6InNlcGFyYWRvcl9taWxlcyI7czoxOiIuIjtzOjE5OiJzZXBhcmFkb3JfZGVjaW1hbGVzIjtzOjE6IiwiO3M6MTY6ImRlY2ltYWxlc19tb25lZGEiO2k6MjtzOjY6ImFjdGl2byI7aToxO3M6MTA6ImNyZWF0ZWRfYXQiO3M6MTk6IjIwMjUtMTEtMjYgMTA6MjA6MDIiO3M6MTA6InVwZGF0ZWRfYXQiO3M6MTk6IjIwMjUtMTEtMjYgMTA6MjA6MDIiO31zOjExOiIAKgBvcmlnaW5hbCI7YToxOTp7czoyOiJpZCI7aToyMDtzOjY6Im5vbWJyZSI7czo5OiJWZW5lenVlbGEiO3M6MTE6ImNvZGlnb19pc28yIjtzOjI6IlZFIjtzOjExOiJjb2RpZ29faXNvMyI7czozOiJWRU4iO3M6MTc6ImNvZGlnb190ZWxlZm9uaWNvIjtzOjM6Iis1OCI7czoxNjoibW9uZWRhX3ByaW5jaXBhbCI7czozOiJWRVMiO3M6MTQ6InNpbWJvbG9fbW9uZWRhIjtzOjE6IiQiO3M6MTY6ImlkaW9tYV9wcmluY2lwYWwiO3M6MjoiZXMiO3M6MTA6ImNvbnRpbmVudGUiO3M6MTY6IkFtw6lyaWNhIGRlbCBTdXIiO3M6MTI6InpvbmFfaG9yYXJpYSI7czoxNToiQW1lcmljYS9DYXJhY2FzIjtzOjEzOiJmb3JtYXRvX2ZlY2hhIjtzOjEwOiJkZC9tbS95eXl5IjtzOjE0OiJmb3JtYXRvX21vbmVkYSI7czoxMjoiQnMuIDEuMjM0LDU2IjtzOjIzOiJpbXB1ZXN0b19wcmVkZXRlcm1pbmFkbyI7czo1OiIxNi4wMCI7czoxNToic2VwYXJhZG9yX21pbGVzIjtzOjE6Ii4iO3M6MTk6InNlcGFyYWRvcl9kZWNpbWFsZXMiO3M6MToiLCI7czoxNjoiZGVjaW1hbGVzX21vbmVkYSI7aToyO3M6NjoiYWN0aXZvIjtpOjE7czoxMDoiY3JlYXRlZF9hdCI7czoxOToiMjAyNS0xMS0yNiAxMDoyMDowMiI7czoxMDoidXBkYXRlZF9hdCI7czoxOToiMjAyNS0xMS0yNiAxMDoyMDowMiI7fXM6MTA6IgAqAGNoYW5nZXMiO2E6MDp7fXM6MTE6IgAqAHByZXZpb3VzIjthOjA6e31zOjg6IgAqAGNhc3RzIjthOjM6e3M6NjoiYWN0aXZvIjtzOjc6ImJvb2xlYW4iO3M6MjM6ImltcHVlc3RvX3ByZWRldGVybWluYWRvIjtzOjk6ImRlY2ltYWw6MiI7czoxNjoiZGVjaW1hbGVzX21vbmVkYSI7czo3OiJpbnRlZ2VyIjt9czoxNzoiACoAY2xhc3NDYXN0Q2FjaGUiO2E6MDp7fXM6MjE6IgAqAGF0dHJpYnV0ZUNhc3RDYWNoZSI7YTowOnt9czoxMzoiACoAZGF0ZUZvcm1hdCI7TjtzOjEwOiIAKgBhcHBlbmRzIjthOjA6e31zOjE5OiIAKgBkaXNwYXRjaGVzRXZlbnRzIjthOjA6e31zOjE0OiIAKgBvYnNlcnZhYmxlcyI7YTowOnt9czoxMjoiACoAcmVsYXRpb25zIjthOjA6e31zOjEwOiIAKgB0b3VjaGVzIjthOjA6e31zOjI3OiIAKgByZWxhdGlvbkF1dG9sb2FkQ2FsbGJhY2siO047czoyNjoiACoAcmVsYXRpb25BdXRvbG9hZENvbnRleHQiO047czoxMDoidGltZXN0YW1wcyI7YjoxO3M6MTM6InVzZXNVbmlxdWVJZHMiO2I6MDtzOjk6IgAqAGhpZGRlbiI7YTowOnt9czoxMDoiACoAdmlzaWJsZSI7YTowOnt9czoxMToiACoAZmlsbGFibGUiO2E6MTY6e2k6MDtzOjY6Im5vbWJyZSI7aToxO3M6MTE6ImNvZGlnb19pc28yIjtpOjI7czoxMToiY29kaWdvX2lzbzMiO2k6MztzOjE3OiJjb2RpZ29fdGVsZWZvbmljbyI7aTo0O3M6MTY6Im1vbmVkYV9wcmluY2lwYWwiO2k6NTtzOjE0OiJzaW1ib2xvX21vbmVkYSI7aTo2O3M6MTY6ImlkaW9tYV9wcmluY2lwYWwiO2k6NztzOjEwOiJjb250aW5lbnRlIjtpOjg7czoxMjoiem9uYV9ob3JhcmlhIjtpOjk7czoxMzoiZm9ybWF0b19mZWNoYSI7aToxMDtzOjE0OiJmb3JtYXRvX21vbmVkYSI7aToxMTtzOjIzOiJpbXB1ZXN0b19wcmVkZXRlcm1pbmFkbyI7aToxMjtzOjE1OiJzZXBhcmFkb3JfbWlsZXMiO2k6MTM7czoxOToic2VwYXJhZG9yX2RlY2ltYWxlcyI7aToxNDtzOjE2OiJkZWNpbWFsZXNfbW9uZWRhIjtpOjE1O3M6NjoiYWN0aXZvIjt9czoxMDoiACoAZ3VhcmRlZCI7YToxOntpOjA7czoxOiIqIjt9czoxNjoiACoAb2xkQXR0cmlidXRlcyI7YTowOnt9czoyNToiZW5hYmxlTG9nZ2luZ01vZGVsc0V2ZW50cyI7YjoxO31zOjg6InRpbWV6b25lIjtzOjE1OiJBbWVyaWNhL0NhcmFjYXMiO3M6ODoiY3VycmVuY3kiO3M6MzoiVkVTIjtzOjE1OiJjdXJyZW5jeV9zeW1ib2wiO3M6MToiJCI7czoxMToiZGF0ZV9mb3JtYXQiO3M6MTA6ImRkL21tL3l5eXkiO3M6MTU6ImN1cnJlbmN5X2Zvcm1hdCI7czoxMjoiQnMuIDEuMjM0LDU2IjtzOjE3OiJkZWNpbWFsX3NlcGFyYXRvciI7czoxOiIsIjtzOjE4OiJ0aG91c2FuZF9zZXBhcmF0b3IiO3M6MToiLiI7czo4OiJkZWNpbWFscyI7aToyO3M6MTE6ImRlZmF1bHRfdGF4IjtzOjU6IjE2LjAwIjtzOjEzOiJkdWFsX2N1cnJlbmN5IjtiOjE7czoxODoic2Vjb25kYXJ5X2N1cnJlbmN5IjtzOjM6IlVTRCI7fXM6OToiX3ByZXZpb3VzIjthOjI6e3M6MzoidXJsIjtzOjQ3OiJodHRwczovL3d3dy5hcHAuYWJhc3RvbG9zdHJpbmlzLmNvbS9mcm9udC9zdG9yZSI7czo1OiJyb3V0ZSI7czoxMToiZnJvbnQuc3RvcmUiO31zOjY6Il9mbGFzaCI7YToyOntzOjM6Im9sZCI7YTowOnt9czozOiJuZXciO2E6MDp7fX19', 1767112505),
('KszogeqYbOzsHlm7DGbkX5JUhmNdOmlaToeEaTPk', NULL, '45.186.209.166', 'Mozilla/5.0 (Linux; Android 16; SM-A556E Build/BP2A.250605.031.A3; wv) AppleWebKit/537.36 (KHTML, like Gecko) Version/4.0 Chrome/143.0.7499.146 Mobile Safari/537.36 median', 'YTo2OntzOjY6Il90b2tlbiI7czo0MDoiSjR3SVpmN3pvS1dqSks5cVBhbGdZUkRDVWFiVUo1ampyZVgzWUdDTSI7czoxODoiY3VycmVudF9lbXByZXNhX2lkIjtpOjE7czoxNToiY3VycmVudF9wYWlzX2lkIjtpOjIwO3M6MjI6InJlZ2lvbmFsX2NvbmZpZ3VyYXRpb24iO2E6MTI6e3M6NDoicGFpcyI7TzoxNToiQXBwXE1vZGVsc1xQYWlzIjozNTp7czoxMzoiACoAY29ubmVjdGlvbiI7czo1OiJteXNxbCI7czo4OiIAKgB0YWJsZSI7czo0OiJwYWlzIjtzOjEzOiIAKgBwcmltYXJ5S2V5IjtzOjI6ImlkIjtzOjEwOiIAKgBrZXlUeXBlIjtzOjM6ImludCI7czoxMjoiaW5jcmVtZW50aW5nIjtiOjE7czo3OiIAKgB3aXRoIjthOjA6e31zOjEyOiIAKgB3aXRoQ291bnQiO2E6MDp7fXM6MTk6InByZXZlbnRzTGF6eUxvYWRpbmciO2I6MDtzOjEwOiIAKgBwZXJQYWdlIjtpOjE1O3M6NjoiZXhpc3RzIjtiOjE7czoxODoid2FzUmVjZW50bHlDcmVhdGVkIjtiOjA7czoyODoiACoAZXNjYXBlV2hlbkNhc3RpbmdUb1N0cmluZyI7YjowO3M6MTM6IgAqAGF0dHJpYnV0ZXMiO2E6MTk6e3M6MjoiaWQiO2k6MjA7czo2OiJub21icmUiO3M6OToiVmVuZXp1ZWxhIjtzOjExOiJjb2RpZ29faXNvMiI7czoyOiJWRSI7czoxMToiY29kaWdvX2lzbzMiO3M6MzoiVkVOIjtzOjE3OiJjb2RpZ29fdGVsZWZvbmljbyI7czozOiIrNTgiO3M6MTY6Im1vbmVkYV9wcmluY2lwYWwiO3M6MzoiVkVTIjtzOjE0OiJzaW1ib2xvX21vbmVkYSI7czoxOiIkIjtzOjE2OiJpZGlvbWFfcHJpbmNpcGFsIjtzOjI6ImVzIjtzOjEwOiJjb250aW5lbnRlIjtzOjE2OiJBbcOpcmljYSBkZWwgU3VyIjtzOjEyOiJ6b25hX2hvcmFyaWEiO3M6MTU6IkFtZXJpY2EvQ2FyYWNhcyI7czoxMzoiZm9ybWF0b19mZWNoYSI7czoxMDoiZGQvbW0veXl5eSI7czoxNDoiZm9ybWF0b19tb25lZGEiO3M6MTI6IkJzLiAxLjIzNCw1NiI7czoyMzoiaW1wdWVzdG9fcHJlZGV0ZXJtaW5hZG8iO3M6NToiMTYuMDAiO3M6MTU6InNlcGFyYWRvcl9taWxlcyI7czoxOiIuIjtzOjE5OiJzZXBhcmFkb3JfZGVjaW1hbGVzIjtzOjE6IiwiO3M6MTY6ImRlY2ltYWxlc19tb25lZGEiO2k6MjtzOjY6ImFjdGl2byI7aToxO3M6MTA6ImNyZWF0ZWRfYXQiO3M6MTk6IjIwMjUtMTEtMjYgMTA6MjA6MDIiO3M6MTA6InVwZGF0ZWRfYXQiO3M6MTk6IjIwMjUtMTEtMjYgMTA6MjA6MDIiO31zOjExOiIAKgBvcmlnaW5hbCI7YToxOTp7czoyOiJpZCI7aToyMDtzOjY6Im5vbWJyZSI7czo5OiJWZW5lenVlbGEiO3M6MTE6ImNvZGlnb19pc28yIjtzOjI6IlZFIjtzOjExOiJjb2RpZ29faXNvMyI7czozOiJWRU4iO3M6MTc6ImNvZGlnb190ZWxlZm9uaWNvIjtzOjM6Iis1OCI7czoxNjoibW9uZWRhX3ByaW5jaXBhbCI7czozOiJWRVMiO3M6MTQ6InNpbWJvbG9fbW9uZWRhIjtzOjE6IiQiO3M6MTY6ImlkaW9tYV9wcmluY2lwYWwiO3M6MjoiZXMiO3M6MTA6ImNvbnRpbmVudGUiO3M6MTY6IkFtw6lyaWNhIGRlbCBTdXIiO3M6MTI6InpvbmFfaG9yYXJpYSI7czoxNToiQW1lcmljYS9DYXJhY2FzIjtzOjEzOiJmb3JtYXRvX2ZlY2hhIjtzOjEwOiJkZC9tbS95eXl5IjtzOjE0OiJmb3JtYXRvX21vbmVkYSI7czoxMjoiQnMuIDEuMjM0LDU2IjtzOjIzOiJpbXB1ZXN0b19wcmVkZXRlcm1pbmFkbyI7czo1OiIxNi4wMCI7czoxNToic2VwYXJhZG9yX21pbGVzIjtzOjE6Ii4iO3M6MTk6InNlcGFyYWRvcl9kZWNpbWFsZXMiO3M6MToiLCI7czoxNjoiZGVjaW1hbGVzX21vbmVkYSI7aToyO3M6NjoiYWN0aXZvIjtpOjE7czoxMDoiY3JlYXRlZF9hdCI7czoxOToiMjAyNS0xMS0yNiAxMDoyMDowMiI7czoxMDoidXBkYXRlZF9hdCI7czoxOToiMjAyNS0xMS0yNiAxMDoyMDowMiI7fXM6MTA6IgAqAGNoYW5nZXMiO2E6MDp7fXM6MTE6IgAqAHByZXZpb3VzIjthOjA6e31zOjg6IgAqAGNhc3RzIjthOjM6e3M6NjoiYWN0aXZvIjtzOjc6ImJvb2xlYW4iO3M6MjM6ImltcHVlc3RvX3ByZWRldGVybWluYWRvIjtzOjk6ImRlY2ltYWw6MiI7czoxNjoiZGVjaW1hbGVzX21vbmVkYSI7czo3OiJpbnRlZ2VyIjt9czoxNzoiACoAY2xhc3NDYXN0Q2FjaGUiO2E6MDp7fXM6MjE6IgAqAGF0dHJpYnV0ZUNhc3RDYWNoZSI7YTowOnt9czoxMzoiACoAZGF0ZUZvcm1hdCI7TjtzOjEwOiIAKgBhcHBlbmRzIjthOjA6e31zOjE5OiIAKgBkaXNwYXRjaGVzRXZlbnRzIjthOjA6e31zOjE0OiIAKgBvYnNlcnZhYmxlcyI7YTowOnt9czoxMjoiACoAcmVsYXRpb25zIjthOjA6e31zOjEwOiIAKgB0b3VjaGVzIjthOjA6e31zOjI3OiIAKgByZWxhdGlvbkF1dG9sb2FkQ2FsbGJhY2siO047czoyNjoiACoAcmVsYXRpb25BdXRvbG9hZENvbnRleHQiO047czoxMDoidGltZXN0YW1wcyI7YjoxO3M6MTM6InVzZXNVbmlxdWVJZHMiO2I6MDtzOjk6IgAqAGhpZGRlbiI7YTowOnt9czoxMDoiACoAdmlzaWJsZSI7YTowOnt9czoxMToiACoAZmlsbGFibGUiO2E6MTY6e2k6MDtzOjY6Im5vbWJyZSI7aToxO3M6MTE6ImNvZGlnb19pc28yIjtpOjI7czoxMToiY29kaWdvX2lzbzMiO2k6MztzOjE3OiJjb2RpZ29fdGVsZWZvbmljbyI7aTo0O3M6MTY6Im1vbmVkYV9wcmluY2lwYWwiO2k6NTtzOjE0OiJzaW1ib2xvX21vbmVkYSI7aTo2O3M6MTY6ImlkaW9tYV9wcmluY2lwYWwiO2k6NztzOjEwOiJjb250aW5lbnRlIjtpOjg7czoxMjoiem9uYV9ob3JhcmlhIjtpOjk7czoxMzoiZm9ybWF0b19mZWNoYSI7aToxMDtzOjE0OiJmb3JtYXRvX21vbmVkYSI7aToxMTtzOjIzOiJpbXB1ZXN0b19wcmVkZXRlcm1pbmFkbyI7aToxMjtzOjE1OiJzZXBhcmFkb3JfbWlsZXMiO2k6MTM7czoxOToic2VwYXJhZG9yX2RlY2ltYWxlcyI7aToxNDtzOjE2OiJkZWNpbWFsZXNfbW9uZWRhIjtpOjE1O3M6NjoiYWN0aXZvIjt9czoxMDoiACoAZ3VhcmRlZCI7YToxOntpOjA7czoxOiIqIjt9czoxNjoiACoAb2xkQXR0cmlidXRlcyI7YTowOnt9czoyNToiZW5hYmxlTG9nZ2luZ01vZGVsc0V2ZW50cyI7YjoxO31zOjg6InRpbWV6b25lIjtzOjE1OiJBbWVyaWNhL0NhcmFjYXMiO3M6ODoiY3VycmVuY3kiO3M6MzoiVkVTIjtzOjE1OiJjdXJyZW5jeV9zeW1ib2wiO3M6MToiJCI7czoxMToiZGF0ZV9mb3JtYXQiO3M6MTA6ImRkL21tL3l5eXkiO3M6MTU6ImN1cnJlbmN5X2Zvcm1hdCI7czoxMjoiQnMuIDEuMjM0LDU2IjtzOjE3OiJkZWNpbWFsX3NlcGFyYXRvciI7czoxOiIsIjtzOjE4OiJ0aG91c2FuZF9zZXBhcmF0b3IiO3M6MToiLiI7czo4OiJkZWNpbWFscyI7aToyO3M6MTE6ImRlZmF1bHRfdGF4IjtzOjU6IjE2LjAwIjtzOjEzOiJkdWFsX2N1cnJlbmN5IjtiOjE7czoxODoic2Vjb25kYXJ5X2N1cnJlbmN5IjtzOjM6IlVTRCI7fXM6OToiX3ByZXZpb3VzIjthOjI6e3M6MzoidXJsIjtzOjQzOiJodHRwczovL2FwcC5hYmFzdG9sb3N0cmluaXMuY29tL2Zyb250L3N0b3JlIjtzOjU6InJvdXRlIjtzOjExOiJmcm9udC5zdG9yZSI7fXM6NjoiX2ZsYXNoIjthOjI6e3M6Mzoib2xkIjthOjA6e31zOjM6Im5ldyI7YTowOnt9fX0=', 1767111349),
('L1J8IIXdQEl9d1BBIevN1r3iccfYMpOMNRpLwNtY', 14, '45.186.209.145', 'Mozilla/5.0 (Windows NT 10.0; Win64; x64) AppleWebKit/537.36 (KHTML, like Gecko) Chrome/143.0.0.0 Safari/537.36', 'YTo4OntzOjY6Il90b2tlbiI7czo0MDoiRlpvMkR5bXhFUEpJNWd0RlZBSmRQYmI3UjF5NWlxUk1ObTZ2cHVIZCI7czo2OiJfZmxhc2giO2E6Mjp7czozOiJvbGQiO2E6MDp7fXM6MzoibmV3IjthOjA6e319czoxODoiY3VycmVudF9lbXByZXNhX2lkIjtpOjE7czoxNToiY3VycmVudF9wYWlzX2lkIjtpOjIwO3M6MjI6InJlZ2lvbmFsX2NvbmZpZ3VyYXRpb24iO2E6MTI6e3M6NDoicGFpcyI7TzoxNToiQXBwXE1vZGVsc1xQYWlzIjozNTp7czoxMzoiACoAY29ubmVjdGlvbiI7czo1OiJteXNxbCI7czo4OiIAKgB0YWJsZSI7czo0OiJwYWlzIjtzOjEzOiIAKgBwcmltYXJ5S2V5IjtzOjI6ImlkIjtzOjEwOiIAKgBrZXlUeXBlIjtzOjM6ImludCI7czoxMjoiaW5jcmVtZW50aW5nIjtiOjE7czo3OiIAKgB3aXRoIjthOjA6e31zOjEyOiIAKgB3aXRoQ291bnQiO2E6MDp7fXM6MTk6InByZXZlbnRzTGF6eUxvYWRpbmciO2I6MDtzOjEwOiIAKgBwZXJQYWdlIjtpOjE1O3M6NjoiZXhpc3RzIjtiOjE7czoxODoid2FzUmVjZW50bHlDcmVhdGVkIjtiOjA7czoyODoiACoAZXNjYXBlV2hlbkNhc3RpbmdUb1N0cmluZyI7YjowO3M6MTM6IgAqAGF0dHJpYnV0ZXMiO2E6MTk6e3M6MjoiaWQiO2k6MjA7czo2OiJub21icmUiO3M6OToiVmVuZXp1ZWxhIjtzOjExOiJjb2RpZ29faXNvMiI7czoyOiJWRSI7czoxMToiY29kaWdvX2lzbzMiO3M6MzoiVkVOIjtzOjE3OiJjb2RpZ29fdGVsZWZvbmljbyI7czozOiIrNTgiO3M6MTY6Im1vbmVkYV9wcmluY2lwYWwiO3M6MzoiVkVTIjtzOjE0OiJzaW1ib2xvX21vbmVkYSI7czoxOiIkIjtzOjE2OiJpZGlvbWFfcHJpbmNpcGFsIjtzOjI6ImVzIjtzOjEwOiJjb250aW5lbnRlIjtzOjE2OiJBbcOpcmljYSBkZWwgU3VyIjtzOjEyOiJ6b25hX2hvcmFyaWEiO3M6MTU6IkFtZXJpY2EvQ2FyYWNhcyI7czoxMzoiZm9ybWF0b19mZWNoYSI7czoxMDoiZGQvbW0veXl5eSI7czoxNDoiZm9ybWF0b19tb25lZGEiO3M6MTI6IkJzLiAxLjIzNCw1NiI7czoyMzoiaW1wdWVzdG9fcHJlZGV0ZXJtaW5hZG8iO3M6NToiMTYuMDAiO3M6MTU6InNlcGFyYWRvcl9taWxlcyI7czoxOiIuIjtzOjE5OiJzZXBhcmFkb3JfZGVjaW1hbGVzIjtzOjE6IiwiO3M6MTY6ImRlY2ltYWxlc19tb25lZGEiO2k6MjtzOjY6ImFjdGl2byI7aToxO3M6MTA6ImNyZWF0ZWRfYXQiO3M6MTk6IjIwMjUtMTEtMjYgMTA6MjA6MDIiO3M6MTA6InVwZGF0ZWRfYXQiO3M6MTk6IjIwMjUtMTEtMjYgMTA6MjA6MDIiO31zOjExOiIAKgBvcmlnaW5hbCI7YToxOTp7czoyOiJpZCI7aToyMDtzOjY6Im5vbWJyZSI7czo5OiJWZW5lenVlbGEiO3M6MTE6ImNvZGlnb19pc28yIjtzOjI6IlZFIjtzOjExOiJjb2RpZ29faXNvMyI7czozOiJWRU4iO3M6MTc6ImNvZGlnb190ZWxlZm9uaWNvIjtzOjM6Iis1OCI7czoxNjoibW9uZWRhX3ByaW5jaXBhbCI7czozOiJWRVMiO3M6MTQ6InNpbWJvbG9fbW9uZWRhIjtzOjE6IiQiO3M6MTY6ImlkaW9tYV9wcmluY2lwYWwiO3M6MjoiZXMiO3M6MTA6ImNvbnRpbmVudGUiO3M6MTY6IkFtw6lyaWNhIGRlbCBTdXIiO3M6MTI6InpvbmFfaG9yYXJpYSI7czoxNToiQW1lcmljYS9DYXJhY2FzIjtzOjEzOiJmb3JtYXRvX2ZlY2hhIjtzOjEwOiJkZC9tbS95eXl5IjtzOjE0OiJmb3JtYXRvX21vbmVkYSI7czoxMjoiQnMuIDEuMjM0LDU2IjtzOjIzOiJpbXB1ZXN0b19wcmVkZXRlcm1pbmFkbyI7czo1OiIxNi4wMCI7czoxNToic2VwYXJhZG9yX21pbGVzIjtzOjE6Ii4iO3M6MTk6InNlcGFyYWRvcl9kZWNpbWFsZXMiO3M6MToiLCI7czoxNjoiZGVjaW1hbGVzX21vbmVkYSI7aToyO3M6NjoiYWN0aXZvIjtpOjE7czoxMDoiY3JlYXRlZF9hdCI7czoxOToiMjAyNS0xMS0yNiAxMDoyMDowMiI7czoxMDoidXBkYXRlZF9hdCI7czoxOToiMjAyNS0xMS0yNiAxMDoyMDowMiI7fXM6MTA6IgAqAGNoYW5nZXMiO2E6MDp7fXM6MTE6IgAqAHByZXZpb3VzIjthOjA6e31zOjg6IgAqAGNhc3RzIjthOjM6e3M6NjoiYWN0aXZvIjtzOjc6ImJvb2xlYW4iO3M6MjM6ImltcHVlc3RvX3ByZWRldGVybWluYWRvIjtzOjk6ImRlY2ltYWw6MiI7czoxNjoiZGVjaW1hbGVzX21vbmVkYSI7czo3OiJpbnRlZ2VyIjt9czoxNzoiACoAY2xhc3NDYXN0Q2FjaGUiO2E6MDp7fXM6MjE6IgAqAGF0dHJpYnV0ZUNhc3RDYWNoZSI7YTowOnt9czoxMzoiACoAZGF0ZUZvcm1hdCI7TjtzOjEwOiIAKgBhcHBlbmRzIjthOjA6e31zOjE5OiIAKgBkaXNwYXRjaGVzRXZlbnRzIjthOjA6e31zOjE0OiIAKgBvYnNlcnZhYmxlcyI7YTowOnt9czoxMjoiACoAcmVsYXRpb25zIjthOjA6e31zOjEwOiIAKgB0b3VjaGVzIjthOjA6e31zOjI3OiIAKgByZWxhdGlvbkF1dG9sb2FkQ2FsbGJhY2siO047czoyNjoiACoAcmVsYXRpb25BdXRvbG9hZENvbnRleHQiO047czoxMDoidGltZXN0YW1wcyI7YjoxO3M6MTM6InVzZXNVbmlxdWVJZHMiO2I6MDtzOjk6IgAqAGhpZGRlbiI7YTowOnt9czoxMDoiACoAdmlzaWJsZSI7YTowOnt9czoxMToiACoAZmlsbGFibGUiO2E6MTY6e2k6MDtzOjY6Im5vbWJyZSI7aToxO3M6MTE6ImNvZGlnb19pc28yIjtpOjI7czoxMToiY29kaWdvX2lzbzMiO2k6MztzOjE3OiJjb2RpZ29fdGVsZWZvbmljbyI7aTo0O3M6MTY6Im1vbmVkYV9wcmluY2lwYWwiO2k6NTtzOjE0OiJzaW1ib2xvX21vbmVkYSI7aTo2O3M6MTY6ImlkaW9tYV9wcmluY2lwYWwiO2k6NztzOjEwOiJjb250aW5lbnRlIjtpOjg7czoxMjoiem9uYV9ob3JhcmlhIjtpOjk7czoxMzoiZm9ybWF0b19mZWNoYSI7aToxMDtzOjE0OiJmb3JtYXRvX21vbmVkYSI7aToxMTtzOjIzOiJpbXB1ZXN0b19wcmVkZXRlcm1pbmFkbyI7aToxMjtzOjE1OiJzZXBhcmFkb3JfbWlsZXMiO2k6MTM7czoxOToic2VwYXJhZG9yX2RlY2ltYWxlcyI7aToxNDtzOjE2OiJkZWNpbWFsZXNfbW9uZWRhIjtpOjE1O3M6NjoiYWN0aXZvIjt9czoxMDoiACoAZ3VhcmRlZCI7YToxOntpOjA7czoxOiIqIjt9czoxNjoiACoAb2xkQXR0cmlidXRlcyI7YTowOnt9czoyNToiZW5hYmxlTG9nZ2luZ01vZGVsc0V2ZW50cyI7YjoxO31zOjg6InRpbWV6b25lIjtzOjE1OiJBbWVyaWNhL0NhcmFjYXMiO3M6ODoiY3VycmVuY3kiO3M6MzoiVkVTIjtzOjE1OiJjdXJyZW5jeV9zeW1ib2wiO3M6MToiJCI7czoxMToiZGF0ZV9mb3JtYXQiO3M6MTA6ImRkL21tL3l5eXkiO3M6MTU6ImN1cnJlbmN5X2Zvcm1hdCI7czoxMjoiQnMuIDEuMjM0LDU2IjtzOjE3OiJkZWNpbWFsX3NlcGFyYXRvciI7czoxOiIsIjtzOjE4OiJ0aG91c2FuZF9zZXBhcmF0b3IiO3M6MToiLiI7czo4OiJkZWNpbWFscyI7aToyO3M6MTE6ImRlZmF1bHRfdGF4IjtzOjU6IjE2LjAwIjtzOjEzOiJkdWFsX2N1cnJlbmN5IjtiOjE7czoxODoic2Vjb25kYXJ5X2N1cnJlbmN5IjtzOjM6IlVTRCI7fXM6OToiX3ByZXZpb3VzIjthOjI6e3M6MzoidXJsIjtzOjU3OiJodHRwczovL2FwcC5hYmFzdG9sb3N0cmluaXMuY29tL2Zyb250L3BlZGlkby9kZXRhbGxlLzAwNTgiO3M6NToicm91dGUiO3M6MjA6ImZyb250LnBlZGlkby5kZXRhbGxlIjt9czo1MDoibG9naW5fd2ViXzU5YmEzNmFkZGMyYjJmOTQwMTU4MGYwMTRjN2Y1OGVhNGUzMDk4OWQiO2k6MTQ7czoxMzoiMTRfY2FydF9pdGVtcyI7YTowOnt9fQ==', 1767127532),
('MxmutnSIZ6v69wbCXfDFr3Fq3pwZidberNRTnMSO', NULL, '168.100.10.224', 'Mozilla/5.0 (Windows NT 6.1; WOW64) AppleWebKit/537.36 (KHTML, like Gecko) Chrome/36.0.1985.67 Safari/537.36', 'YTo2OntzOjY6Il90b2tlbiI7czo0MDoiOW9kYXZ3V01pdjJ1OVVtdFA2SzJGdEdZcExCUTBKVFQ5TTJVc3VzNyI7czoxODoiY3VycmVudF9lbXByZXNhX2lkIjtpOjE7czoxNToiY3VycmVudF9wYWlzX2lkIjtpOjIwO3M6MjI6InJlZ2lvbmFsX2NvbmZpZ3VyYXRpb24iO2E6MTI6e3M6NDoicGFpcyI7TzoxNToiQXBwXE1vZGVsc1xQYWlzIjozNTp7czoxMzoiACoAY29ubmVjdGlvbiI7czo1OiJteXNxbCI7czo4OiIAKgB0YWJsZSI7czo0OiJwYWlzIjtzOjEzOiIAKgBwcmltYXJ5S2V5IjtzOjI6ImlkIjtzOjEwOiIAKgBrZXlUeXBlIjtzOjM6ImludCI7czoxMjoiaW5jcmVtZW50aW5nIjtiOjE7czo3OiIAKgB3aXRoIjthOjA6e31zOjEyOiIAKgB3aXRoQ291bnQiO2E6MDp7fXM6MTk6InByZXZlbnRzTGF6eUxvYWRpbmciO2I6MDtzOjEwOiIAKgBwZXJQYWdlIjtpOjE1O3M6NjoiZXhpc3RzIjtiOjE7czoxODoid2FzUmVjZW50bHlDcmVhdGVkIjtiOjA7czoyODoiACoAZXNjYXBlV2hlbkNhc3RpbmdUb1N0cmluZyI7YjowO3M6MTM6IgAqAGF0dHJpYnV0ZXMiO2E6MTk6e3M6MjoiaWQiO2k6MjA7czo2OiJub21icmUiO3M6OToiVmVuZXp1ZWxhIjtzOjExOiJjb2RpZ29faXNvMiI7czoyOiJWRSI7czoxMToiY29kaWdvX2lzbzMiO3M6MzoiVkVOIjtzOjE3OiJjb2RpZ29fdGVsZWZvbmljbyI7czozOiIrNTgiO3M6MTY6Im1vbmVkYV9wcmluY2lwYWwiO3M6MzoiVkVTIjtzOjE0OiJzaW1ib2xvX21vbmVkYSI7czoxOiIkIjtzOjE2OiJpZGlvbWFfcHJpbmNpcGFsIjtzOjI6ImVzIjtzOjEwOiJjb250aW5lbnRlIjtzOjE2OiJBbcOpcmljYSBkZWwgU3VyIjtzOjEyOiJ6b25hX2hvcmFyaWEiO3M6MTU6IkFtZXJpY2EvQ2FyYWNhcyI7czoxMzoiZm9ybWF0b19mZWNoYSI7czoxMDoiZGQvbW0veXl5eSI7czoxNDoiZm9ybWF0b19tb25lZGEiO3M6MTI6IkJzLiAxLjIzNCw1NiI7czoyMzoiaW1wdWVzdG9fcHJlZGV0ZXJtaW5hZG8iO3M6NToiMTYuMDAiO3M6MTU6InNlcGFyYWRvcl9taWxlcyI7czoxOiIuIjtzOjE5OiJzZXBhcmFkb3JfZGVjaW1hbGVzIjtzOjE6IiwiO3M6MTY6ImRlY2ltYWxlc19tb25lZGEiO2k6MjtzOjY6ImFjdGl2byI7aToxO3M6MTA6ImNyZWF0ZWRfYXQiO3M6MTk6IjIwMjUtMTEtMjYgMTA6MjA6MDIiO3M6MTA6InVwZGF0ZWRfYXQiO3M6MTk6IjIwMjUtMTEtMjYgMTA6MjA6MDIiO31zOjExOiIAKgBvcmlnaW5hbCI7YToxOTp7czoyOiJpZCI7aToyMDtzOjY6Im5vbWJyZSI7czo5OiJWZW5lenVlbGEiO3M6MTE6ImNvZGlnb19pc28yIjtzOjI6IlZFIjtzOjExOiJjb2RpZ29faXNvMyI7czozOiJWRU4iO3M6MTc6ImNvZGlnb190ZWxlZm9uaWNvIjtzOjM6Iis1OCI7czoxNjoibW9uZWRhX3ByaW5jaXBhbCI7czozOiJWRVMiO3M6MTQ6InNpbWJvbG9fbW9uZWRhIjtzOjE6IiQiO3M6MTY6ImlkaW9tYV9wcmluY2lwYWwiO3M6MjoiZXMiO3M6MTA6ImNvbnRpbmVudGUiO3M6MTY6IkFtw6lyaWNhIGRlbCBTdXIiO3M6MTI6InpvbmFfaG9yYXJpYSI7czoxNToiQW1lcmljYS9DYXJhY2FzIjtzOjEzOiJmb3JtYXRvX2ZlY2hhIjtzOjEwOiJkZC9tbS95eXl5IjtzOjE0OiJmb3JtYXRvX21vbmVkYSI7czoxMjoiQnMuIDEuMjM0LDU2IjtzOjIzOiJpbXB1ZXN0b19wcmVkZXRlcm1pbmFkbyI7czo1OiIxNi4wMCI7czoxNToic2VwYXJhZG9yX21pbGVzIjtzOjE6Ii4iO3M6MTk6InNlcGFyYWRvcl9kZWNpbWFsZXMiO3M6MToiLCI7czoxNjoiZGVjaW1hbGVzX21vbmVkYSI7aToyO3M6NjoiYWN0aXZvIjtpOjE7czoxMDoiY3JlYXRlZF9hdCI7czoxOToiMjAyNS0xMS0yNiAxMDoyMDowMiI7czoxMDoidXBkYXRlZF9hdCI7czoxOToiMjAyNS0xMS0yNiAxMDoyMDowMiI7fXM6MTA6IgAqAGNoYW5nZXMiO2E6MDp7fXM6MTE6IgAqAHByZXZpb3VzIjthOjA6e31zOjg6IgAqAGNhc3RzIjthOjM6e3M6NjoiYWN0aXZvIjtzOjc6ImJvb2xlYW4iO3M6MjM6ImltcHVlc3RvX3ByZWRldGVybWluYWRvIjtzOjk6ImRlY2ltYWw6MiI7czoxNjoiZGVjaW1hbGVzX21vbmVkYSI7czo3OiJpbnRlZ2VyIjt9czoxNzoiACoAY2xhc3NDYXN0Q2FjaGUiO2E6MDp7fXM6MjE6IgAqAGF0dHJpYnV0ZUNhc3RDYWNoZSI7YTowOnt9czoxMzoiACoAZGF0ZUZvcm1hdCI7TjtzOjEwOiIAKgBhcHBlbmRzIjthOjA6e31zOjE5OiIAKgBkaXNwYXRjaGVzRXZlbnRzIjthOjA6e31zOjE0OiIAKgBvYnNlcnZhYmxlcyI7YTowOnt9czoxMjoiACoAcmVsYXRpb25zIjthOjA6e31zOjEwOiIAKgB0b3VjaGVzIjthOjA6e31zOjI3OiIAKgByZWxhdGlvbkF1dG9sb2FkQ2FsbGJhY2siO047czoyNjoiACoAcmVsYXRpb25BdXRvbG9hZENvbnRleHQiO047czoxMDoidGltZXN0YW1wcyI7YjoxO3M6MTM6InVzZXNVbmlxdWVJZHMiO2I6MDtzOjk6IgAqAGhpZGRlbiI7YTowOnt9czoxMDoiACoAdmlzaWJsZSI7YTowOnt9czoxMToiACoAZmlsbGFibGUiO2E6MTY6e2k6MDtzOjY6Im5vbWJyZSI7aToxO3M6MTE6ImNvZGlnb19pc28yIjtpOjI7czoxMToiY29kaWdvX2lzbzMiO2k6MztzOjE3OiJjb2RpZ29fdGVsZWZvbmljbyI7aTo0O3M6MTY6Im1vbmVkYV9wcmluY2lwYWwiO2k6NTtzOjE0OiJzaW1ib2xvX21vbmVkYSI7aTo2O3M6MTY6ImlkaW9tYV9wcmluY2lwYWwiO2k6NztzOjEwOiJjb250aW5lbnRlIjtpOjg7czoxMjoiem9uYV9ob3JhcmlhIjtpOjk7czoxMzoiZm9ybWF0b19mZWNoYSI7aToxMDtzOjE0OiJmb3JtYXRvX21vbmVkYSI7aToxMTtzOjIzOiJpbXB1ZXN0b19wcmVkZXRlcm1pbmFkbyI7aToxMjtzOjE1OiJzZXBhcmFkb3JfbWlsZXMiO2k6MTM7czoxOToic2VwYXJhZG9yX2RlY2ltYWxlcyI7aToxNDtzOjE2OiJkZWNpbWFsZXNfbW9uZWRhIjtpOjE1O3M6NjoiYWN0aXZvIjt9czoxMDoiACoAZ3VhcmRlZCI7YToxOntpOjA7czoxOiIqIjt9czoxNjoiACoAb2xkQXR0cmlidXRlcyI7YTowOnt9czoyNToiZW5hYmxlTG9nZ2luZ01vZGVsc0V2ZW50cyI7YjoxO31zOjg6InRpbWV6b25lIjtzOjE1OiJBbWVyaWNhL0NhcmFjYXMiO3M6ODoiY3VycmVuY3kiO3M6MzoiVkVTIjtzOjE1OiJjdXJyZW5jeV9zeW1ib2wiO3M6MToiJCI7czoxMToiZGF0ZV9mb3JtYXQiO3M6MTA6ImRkL21tL3l5eXkiO3M6MTU6ImN1cnJlbmN5X2Zvcm1hdCI7czoxMjoiQnMuIDEuMjM0LDU2IjtzOjE3OiJkZWNpbWFsX3NlcGFyYXRvciI7czoxOiIsIjtzOjE4OiJ0aG91c2FuZF9zZXBhcmF0b3IiO3M6MToiLiI7czo4OiJkZWNpbWFscyI7aToyO3M6MTE6ImRlZmF1bHRfdGF4IjtzOjU6IjE2LjAwIjtzOjEzOiJkdWFsX2N1cnJlbmN5IjtiOjE7czoxODoic2Vjb25kYXJ5X2N1cnJlbmN5IjtzOjM6IlVTRCI7fXM6OToiX3ByZXZpb3VzIjthOjI6e3M6MzoidXJsIjtzOjQ3OiJodHRwczovL3d3dy5hcHAuYWJhc3RvbG9zdHJpbmlzLmNvbS9mcm9udC9zdG9yZSI7czo1OiJyb3V0ZSI7czoxMToiZnJvbnQuc3RvcmUiO31zOjY6Il9mbGFzaCI7YToyOntzOjM6Im9sZCI7YTowOnt9czozOiJuZXciO2E6MDp7fX19', 1767121382),
('nm83CSKGwUgpc0VaDmFgoUaVotRjB3zvieDpKaSy', NULL, '103.84.91.57', 'Mozilla/5.0 (Windows NT 10.0; Win64; x64) AppleWebKit/537.36 (KHTML, like Gecko) Chrome/91.0.4472.124 Safari/537.36', 'YTo2OntzOjY6Il90b2tlbiI7czo0MDoiTEZQZHJrcUduR1M2UGFJUzFhYU9UY3Q4NWNMWmZMTDhzeEw4UllpWiI7czoxODoiY3VycmVudF9lbXByZXNhX2lkIjtpOjE7czoxNToiY3VycmVudF9wYWlzX2lkIjtpOjIwO3M6MjI6InJlZ2lvbmFsX2NvbmZpZ3VyYXRpb24iO2E6MTI6e3M6NDoicGFpcyI7TzoxNToiQXBwXE1vZGVsc1xQYWlzIjozNTp7czoxMzoiACoAY29ubmVjdGlvbiI7czo1OiJteXNxbCI7czo4OiIAKgB0YWJsZSI7czo0OiJwYWlzIjtzOjEzOiIAKgBwcmltYXJ5S2V5IjtzOjI6ImlkIjtzOjEwOiIAKgBrZXlUeXBlIjtzOjM6ImludCI7czoxMjoiaW5jcmVtZW50aW5nIjtiOjE7czo3OiIAKgB3aXRoIjthOjA6e31zOjEyOiIAKgB3aXRoQ291bnQiO2E6MDp7fXM6MTk6InByZXZlbnRzTGF6eUxvYWRpbmciO2I6MDtzOjEwOiIAKgBwZXJQYWdlIjtpOjE1O3M6NjoiZXhpc3RzIjtiOjE7czoxODoid2FzUmVjZW50bHlDcmVhdGVkIjtiOjA7czoyODoiACoAZXNjYXBlV2hlbkNhc3RpbmdUb1N0cmluZyI7YjowO3M6MTM6IgAqAGF0dHJpYnV0ZXMiO2E6MTk6e3M6MjoiaWQiO2k6MjA7czo2OiJub21icmUiO3M6OToiVmVuZXp1ZWxhIjtzOjExOiJjb2RpZ29faXNvMiI7czoyOiJWRSI7czoxMToiY29kaWdvX2lzbzMiO3M6MzoiVkVOIjtzOjE3OiJjb2RpZ29fdGVsZWZvbmljbyI7czozOiIrNTgiO3M6MTY6Im1vbmVkYV9wcmluY2lwYWwiO3M6MzoiVkVTIjtzOjE0OiJzaW1ib2xvX21vbmVkYSI7czoxOiIkIjtzOjE2OiJpZGlvbWFfcHJpbmNpcGFsIjtzOjI6ImVzIjtzOjEwOiJjb250aW5lbnRlIjtzOjE2OiJBbcOpcmljYSBkZWwgU3VyIjtzOjEyOiJ6b25hX2hvcmFyaWEiO3M6MTU6IkFtZXJpY2EvQ2FyYWNhcyI7czoxMzoiZm9ybWF0b19mZWNoYSI7czoxMDoiZGQvbW0veXl5eSI7czoxNDoiZm9ybWF0b19tb25lZGEiO3M6MTI6IkJzLiAxLjIzNCw1NiI7czoyMzoiaW1wdWVzdG9fcHJlZGV0ZXJtaW5hZG8iO3M6NToiMTYuMDAiO3M6MTU6InNlcGFyYWRvcl9taWxlcyI7czoxOiIuIjtzOjE5OiJzZXBhcmFkb3JfZGVjaW1hbGVzIjtzOjE6IiwiO3M6MTY6ImRlY2ltYWxlc19tb25lZGEiO2k6MjtzOjY6ImFjdGl2byI7aToxO3M6MTA6ImNyZWF0ZWRfYXQiO3M6MTk6IjIwMjUtMTEtMjYgMTA6MjA6MDIiO3M6MTA6InVwZGF0ZWRfYXQiO3M6MTk6IjIwMjUtMTEtMjYgMTA6MjA6MDIiO31zOjExOiIAKgBvcmlnaW5hbCI7YToxOTp7czoyOiJpZCI7aToyMDtzOjY6Im5vbWJyZSI7czo5OiJWZW5lenVlbGEiO3M6MTE6ImNvZGlnb19pc28yIjtzOjI6IlZFIjtzOjExOiJjb2RpZ29faXNvMyI7czozOiJWRU4iO3M6MTc6ImNvZGlnb190ZWxlZm9uaWNvIjtzOjM6Iis1OCI7czoxNjoibW9uZWRhX3ByaW5jaXBhbCI7czozOiJWRVMiO3M6MTQ6InNpbWJvbG9fbW9uZWRhIjtzOjE6IiQiO3M6MTY6ImlkaW9tYV9wcmluY2lwYWwiO3M6MjoiZXMiO3M6MTA6ImNvbnRpbmVudGUiO3M6MTY6IkFtw6lyaWNhIGRlbCBTdXIiO3M6MTI6InpvbmFfaG9yYXJpYSI7czoxNToiQW1lcmljYS9DYXJhY2FzIjtzOjEzOiJmb3JtYXRvX2ZlY2hhIjtzOjEwOiJkZC9tbS95eXl5IjtzOjE0OiJmb3JtYXRvX21vbmVkYSI7czoxMjoiQnMuIDEuMjM0LDU2IjtzOjIzOiJpbXB1ZXN0b19wcmVkZXRlcm1pbmFkbyI7czo1OiIxNi4wMCI7czoxNToic2VwYXJhZG9yX21pbGVzIjtzOjE6Ii4iO3M6MTk6InNlcGFyYWRvcl9kZWNpbWFsZXMiO3M6MToiLCI7czoxNjoiZGVjaW1hbGVzX21vbmVkYSI7aToyO3M6NjoiYWN0aXZvIjtpOjE7czoxMDoiY3JlYXRlZF9hdCI7czoxOToiMjAyNS0xMS0yNiAxMDoyMDowMiI7czoxMDoidXBkYXRlZF9hdCI7czoxOToiMjAyNS0xMS0yNiAxMDoyMDowMiI7fXM6MTA6IgAqAGNoYW5nZXMiO2E6MDp7fXM6MTE6IgAqAHByZXZpb3VzIjthOjA6e31zOjg6IgAqAGNhc3RzIjthOjM6e3M6NjoiYWN0aXZvIjtzOjc6ImJvb2xlYW4iO3M6MjM6ImltcHVlc3RvX3ByZWRldGVybWluYWRvIjtzOjk6ImRlY2ltYWw6MiI7czoxNjoiZGVjaW1hbGVzX21vbmVkYSI7czo3OiJpbnRlZ2VyIjt9czoxNzoiACoAY2xhc3NDYXN0Q2FjaGUiO2E6MDp7fXM6MjE6IgAqAGF0dHJpYnV0ZUNhc3RDYWNoZSI7YTowOnt9czoxMzoiACoAZGF0ZUZvcm1hdCI7TjtzOjEwOiIAKgBhcHBlbmRzIjthOjA6e31zOjE5OiIAKgBkaXNwYXRjaGVzRXZlbnRzIjthOjA6e31zOjE0OiIAKgBvYnNlcnZhYmxlcyI7YTowOnt9czoxMjoiACoAcmVsYXRpb25zIjthOjA6e31zOjEwOiIAKgB0b3VjaGVzIjthOjA6e31zOjI3OiIAKgByZWxhdGlvbkF1dG9sb2FkQ2FsbGJhY2siO047czoyNjoiACoAcmVsYXRpb25BdXRvbG9hZENvbnRleHQiO047czoxMDoidGltZXN0YW1wcyI7YjoxO3M6MTM6InVzZXNVbmlxdWVJZHMiO2I6MDtzOjk6IgAqAGhpZGRlbiI7YTowOnt9czoxMDoiACoAdmlzaWJsZSI7YTowOnt9czoxMToiACoAZmlsbGFibGUiO2E6MTY6e2k6MDtzOjY6Im5vbWJyZSI7aToxO3M6MTE6ImNvZGlnb19pc28yIjtpOjI7czoxMToiY29kaWdvX2lzbzMiO2k6MztzOjE3OiJjb2RpZ29fdGVsZWZvbmljbyI7aTo0O3M6MTY6Im1vbmVkYV9wcmluY2lwYWwiO2k6NTtzOjE0OiJzaW1ib2xvX21vbmVkYSI7aTo2O3M6MTY6ImlkaW9tYV9wcmluY2lwYWwiO2k6NztzOjEwOiJjb250aW5lbnRlIjtpOjg7czoxMjoiem9uYV9ob3JhcmlhIjtpOjk7czoxMzoiZm9ybWF0b19mZWNoYSI7aToxMDtzOjE0OiJmb3JtYXRvX21vbmVkYSI7aToxMTtzOjIzOiJpbXB1ZXN0b19wcmVkZXRlcm1pbmFkbyI7aToxMjtzOjE1OiJzZXBhcmFkb3JfbWlsZXMiO2k6MTM7czoxOToic2VwYXJhZG9yX2RlY2ltYWxlcyI7aToxNDtzOjE2OiJkZWNpbWFsZXNfbW9uZWRhIjtpOjE1O3M6NjoiYWN0aXZvIjt9czoxMDoiACoAZ3VhcmRlZCI7YToxOntpOjA7czoxOiIqIjt9czoxNjoiACoAb2xkQXR0cmlidXRlcyI7YTowOnt9czoyNToiZW5hYmxlTG9nZ2luZ01vZGVsc0V2ZW50cyI7YjoxO31zOjg6InRpbWV6b25lIjtzOjE1OiJBbWVyaWNhL0NhcmFjYXMiO3M6ODoiY3VycmVuY3kiO3M6MzoiVkVTIjtzOjE1OiJjdXJyZW5jeV9zeW1ib2wiO3M6MToiJCI7czoxMToiZGF0ZV9mb3JtYXQiO3M6MTA6ImRkL21tL3l5eXkiO3M6MTU6ImN1cnJlbmN5X2Zvcm1hdCI7czoxMjoiQnMuIDEuMjM0LDU2IjtzOjE3OiJkZWNpbWFsX3NlcGFyYXRvciI7czoxOiIsIjtzOjE4OiJ0aG91c2FuZF9zZXBhcmF0b3IiO3M6MToiLiI7czo4OiJkZWNpbWFscyI7aToyO3M6MTE6ImRlZmF1bHRfdGF4IjtzOjU6IjE2LjAwIjtzOjEzOiJkdWFsX2N1cnJlbmN5IjtiOjE7czoxODoic2Vjb25kYXJ5X2N1cnJlbmN5IjtzOjM6IlVTRCI7fXM6OToiX3ByZXZpb3VzIjthOjI6e3M6MzoidXJsIjtzOjQzOiJodHRwczovL2FwcC5hYmFzdG9sb3N0cmluaXMuY29tL2Zyb250L3N0b3JlIjtzOjU6InJvdXRlIjtzOjExOiJmcm9udC5zdG9yZSI7fXM6NjoiX2ZsYXNoIjthOjI6e3M6Mzoib2xkIjthOjA6e31zOjM6Im5ldyI7YTowOnt9fX0=', 1767112505),
('RvyuReaozwHGK0ZmQO4e0CYx2GUxBj0CxxPFqsah', 17, '186.164.49.243', 'Mozilla/5.0 (Linux; Android 15; 24117RN76L Build/AP3A.240905.015.A2; wv) AppleWebKit/537.36 (KHTML, like Gecko) Version/4.0 Chrome/143.0.7499.34 Mobile Safari/537.36', 'YTo4OntzOjY6Il90b2tlbiI7czo0MDoiaEZzcExSN2tjV1RDOUJ6YWluRkl0WHZBV0JXV21CVVVjb095bmdCeiI7czoxODoiY3VycmVudF9lbXByZXNhX2lkIjtpOjE7czoxNToiY3VycmVudF9wYWlzX2lkIjtpOjIwO3M6MjI6InJlZ2lvbmFsX2NvbmZpZ3VyYXRpb24iO2E6MTI6e3M6NDoicGFpcyI7TzoxNToiQXBwXE1vZGVsc1xQYWlzIjozNTp7czoxMzoiACoAY29ubmVjdGlvbiI7czo1OiJteXNxbCI7czo4OiIAKgB0YWJsZSI7czo0OiJwYWlzIjtzOjEzOiIAKgBwcmltYXJ5S2V5IjtzOjI6ImlkIjtzOjEwOiIAKgBrZXlUeXBlIjtzOjM6ImludCI7czoxMjoiaW5jcmVtZW50aW5nIjtiOjE7czo3OiIAKgB3aXRoIjthOjA6e31zOjEyOiIAKgB3aXRoQ291bnQiO2E6MDp7fXM6MTk6InByZXZlbnRzTGF6eUxvYWRpbmciO2I6MDtzOjEwOiIAKgBwZXJQYWdlIjtpOjE1O3M6NjoiZXhpc3RzIjtiOjE7czoxODoid2FzUmVjZW50bHlDcmVhdGVkIjtiOjA7czoyODoiACoAZXNjYXBlV2hlbkNhc3RpbmdUb1N0cmluZyI7YjowO3M6MTM6IgAqAGF0dHJpYnV0ZXMiO2E6MTk6e3M6MjoiaWQiO2k6MjA7czo2OiJub21icmUiO3M6OToiVmVuZXp1ZWxhIjtzOjExOiJjb2RpZ29faXNvMiI7czoyOiJWRSI7czoxMToiY29kaWdvX2lzbzMiO3M6MzoiVkVOIjtzOjE3OiJjb2RpZ29fdGVsZWZvbmljbyI7czozOiIrNTgiO3M6MTY6Im1vbmVkYV9wcmluY2lwYWwiO3M6MzoiVkVTIjtzOjE0OiJzaW1ib2xvX21vbmVkYSI7czoxOiIkIjtzOjE2OiJpZGlvbWFfcHJpbmNpcGFsIjtzOjI6ImVzIjtzOjEwOiJjb250aW5lbnRlIjtzOjE2OiJBbcOpcmljYSBkZWwgU3VyIjtzOjEyOiJ6b25hX2hvcmFyaWEiO3M6MTU6IkFtZXJpY2EvQ2FyYWNhcyI7czoxMzoiZm9ybWF0b19mZWNoYSI7czoxMDoiZGQvbW0veXl5eSI7czoxNDoiZm9ybWF0b19tb25lZGEiO3M6MTI6IkJzLiAxLjIzNCw1NiI7czoyMzoiaW1wdWVzdG9fcHJlZGV0ZXJtaW5hZG8iO3M6NToiMTYuMDAiO3M6MTU6InNlcGFyYWRvcl9taWxlcyI7czoxOiIuIjtzOjE5OiJzZXBhcmFkb3JfZGVjaW1hbGVzIjtzOjE6IiwiO3M6MTY6ImRlY2ltYWxlc19tb25lZGEiO2k6MjtzOjY6ImFjdGl2byI7aToxO3M6MTA6ImNyZWF0ZWRfYXQiO3M6MTk6IjIwMjUtMTEtMjYgMTA6MjA6MDIiO3M6MTA6InVwZGF0ZWRfYXQiO3M6MTk6IjIwMjUtMTEtMjYgMTA6MjA6MDIiO31zOjExOiIAKgBvcmlnaW5hbCI7YToxOTp7czoyOiJpZCI7aToyMDtzOjY6Im5vbWJyZSI7czo5OiJWZW5lenVlbGEiO3M6MTE6ImNvZGlnb19pc28yIjtzOjI6IlZFIjtzOjExOiJjb2RpZ29faXNvMyI7czozOiJWRU4iO3M6MTc6ImNvZGlnb190ZWxlZm9uaWNvIjtzOjM6Iis1OCI7czoxNjoibW9uZWRhX3ByaW5jaXBhbCI7czozOiJWRVMiO3M6MTQ6InNpbWJvbG9fbW9uZWRhIjtzOjE6IiQiO3M6MTY6ImlkaW9tYV9wcmluY2lwYWwiO3M6MjoiZXMiO3M6MTA6ImNvbnRpbmVudGUiO3M6MTY6IkFtw6lyaWNhIGRlbCBTdXIiO3M6MTI6InpvbmFfaG9yYXJpYSI7czoxNToiQW1lcmljYS9DYXJhY2FzIjtzOjEzOiJmb3JtYXRvX2ZlY2hhIjtzOjEwOiJkZC9tbS95eXl5IjtzOjE0OiJmb3JtYXRvX21vbmVkYSI7czoxMjoiQnMuIDEuMjM0LDU2IjtzOjIzOiJpbXB1ZXN0b19wcmVkZXRlcm1pbmFkbyI7czo1OiIxNi4wMCI7czoxNToic2VwYXJhZG9yX21pbGVzIjtzOjE6Ii4iO3M6MTk6InNlcGFyYWRvcl9kZWNpbWFsZXMiO3M6MToiLCI7czoxNjoiZGVjaW1hbGVzX21vbmVkYSI7aToyO3M6NjoiYWN0aXZvIjtpOjE7czoxMDoiY3JlYXRlZF9hdCI7czoxOToiMjAyNS0xMS0yNiAxMDoyMDowMiI7czoxMDoidXBkYXRlZF9hdCI7czoxOToiMjAyNS0xMS0yNiAxMDoyMDowMiI7fXM6MTA6IgAqAGNoYW5nZXMiO2E6MDp7fXM6MTE6IgAqAHByZXZpb3VzIjthOjA6e31zOjg6IgAqAGNhc3RzIjthOjM6e3M6NjoiYWN0aXZvIjtzOjc6ImJvb2xlYW4iO3M6MjM6ImltcHVlc3RvX3ByZWRldGVybWluYWRvIjtzOjk6ImRlY2ltYWw6MiI7czoxNjoiZGVjaW1hbGVzX21vbmVkYSI7czo3OiJpbnRlZ2VyIjt9czoxNzoiACoAY2xhc3NDYXN0Q2FjaGUiO2E6MDp7fXM6MjE6IgAqAGF0dHJpYnV0ZUNhc3RDYWNoZSI7YTowOnt9czoxMzoiACoAZGF0ZUZvcm1hdCI7TjtzOjEwOiIAKgBhcHBlbmRzIjthOjA6e31zOjE5OiIAKgBkaXNwYXRjaGVzRXZlbnRzIjthOjA6e31zOjE0OiIAKgBvYnNlcnZhYmxlcyI7YTowOnt9czoxMjoiACoAcmVsYXRpb25zIjthOjA6e31zOjEwOiIAKgB0b3VjaGVzIjthOjA6e31zOjI3OiIAKgByZWxhdGlvbkF1dG9sb2FkQ2FsbGJhY2siO047czoyNjoiACoAcmVsYXRpb25BdXRvbG9hZENvbnRleHQiO047czoxMDoidGltZXN0YW1wcyI7YjoxO3M6MTM6InVzZXNVbmlxdWVJZHMiO2I6MDtzOjk6IgAqAGhpZGRlbiI7YTowOnt9czoxMDoiACoAdmlzaWJsZSI7YTowOnt9czoxMToiACoAZmlsbGFibGUiO2E6MTY6e2k6MDtzOjY6Im5vbWJyZSI7aToxO3M6MTE6ImNvZGlnb19pc28yIjtpOjI7czoxMToiY29kaWdvX2lzbzMiO2k6MztzOjE3OiJjb2RpZ29fdGVsZWZvbmljbyI7aTo0O3M6MTY6Im1vbmVkYV9wcmluY2lwYWwiO2k6NTtzOjE0OiJzaW1ib2xvX21vbmVkYSI7aTo2O3M6MTY6ImlkaW9tYV9wcmluY2lwYWwiO2k6NztzOjEwOiJjb250aW5lbnRlIjtpOjg7czoxMjoiem9uYV9ob3JhcmlhIjtpOjk7czoxMzoiZm9ybWF0b19mZWNoYSI7aToxMDtzOjE0OiJmb3JtYXRvX21vbmVkYSI7aToxMTtzOjIzOiJpbXB1ZXN0b19wcmVkZXRlcm1pbmFkbyI7aToxMjtzOjE1OiJzZXBhcmFkb3JfbWlsZXMiO2k6MTM7czoxOToic2VwYXJhZG9yX2RlY2ltYWxlcyI7aToxNDtzOjE2OiJkZWNpbWFsZXNfbW9uZWRhIjtpOjE1O3M6NjoiYWN0aXZvIjt9czoxMDoiACoAZ3VhcmRlZCI7YToxOntpOjA7czoxOiIqIjt9czoxNjoiACoAb2xkQXR0cmlidXRlcyI7YTowOnt9czoyNToiZW5hYmxlTG9nZ2luZ01vZGVsc0V2ZW50cyI7YjoxO31zOjg6InRpbWV6b25lIjtzOjE1OiJBbWVyaWNhL0NhcmFjYXMiO3M6ODoiY3VycmVuY3kiO3M6MzoiVkVTIjtzOjE1OiJjdXJyZW5jeV9zeW1ib2wiO3M6MToiJCI7czoxMToiZGF0ZV9mb3JtYXQiO3M6MTA6ImRkL21tL3l5eXkiO3M6MTU6ImN1cnJlbmN5X2Zvcm1hdCI7czoxMjoiQnMuIDEuMjM0LDU2IjtzOjE3OiJkZWNpbWFsX3NlcGFyYXRvciI7czoxOiIsIjtzOjE4OiJ0aG91c2FuZF9zZXBhcmF0b3IiO3M6MToiLiI7czo4OiJkZWNpbWFscyI7aToyO3M6MTE6ImRlZmF1bHRfdGF4IjtzOjU6IjE2LjAwIjtzOjEzOiJkdWFsX2N1cnJlbmN5IjtiOjE7czoxODoic2Vjb25kYXJ5X2N1cnJlbmN5IjtzOjM6IlVTRCI7fXM6OToiX3ByZXZpb3VzIjthOjI6e3M6MzoidXJsIjtzOjU3OiJodHRwczovL2FwcC5hYmFzdG9sb3N0cmluaXMuY29tL2Zyb250L3BlZGlkby9kZXRhbGxlLzAwNTYiO3M6NToicm91dGUiO3M6MjA6ImZyb250LnBlZGlkby5kZXRhbGxlIjt9czo2OiJfZmxhc2giO2E6Mjp7czozOiJvbGQiO2E6MDp7fXM6MzoibmV3IjthOjA6e319czo1MDoibG9naW5fd2ViXzU5YmEzNmFkZGMyYjJmOTQwMTU4MGYwMTRjN2Y1OGVhNGUzMDk4OWQiO2k6MTc7czoxMzoiMTdfY2FydF9pdGVtcyI7YTowOnt9fQ==', 1767118339),
('TtGt7XkbM5fvz87IW2eywfYZd4TgC3tNifecpiKh', NULL, '168.100.10.224', 'Mozilla/5.0 (Macintosh; Intel Mac OS X 10_9_2) AppleWebKit/537.36 (KHTML, like Gecko) Chrome/52.0.2762.73 Safari/537.36', 'YTo2OntzOjY6Il90b2tlbiI7czo0MDoiSEpac2xpOGE3UUJvcmVxOHl1bTNrS0tkZkRndE5RRnhoaW5VZ3IxNCI7czoxODoiY3VycmVudF9lbXByZXNhX2lkIjtpOjE7czoxNToiY3VycmVudF9wYWlzX2lkIjtpOjIwO3M6MjI6InJlZ2lvbmFsX2NvbmZpZ3VyYXRpb24iO2E6MTI6e3M6NDoicGFpcyI7TzoxNToiQXBwXE1vZGVsc1xQYWlzIjozNTp7czoxMzoiACoAY29ubmVjdGlvbiI7czo1OiJteXNxbCI7czo4OiIAKgB0YWJsZSI7czo0OiJwYWlzIjtzOjEzOiIAKgBwcmltYXJ5S2V5IjtzOjI6ImlkIjtzOjEwOiIAKgBrZXlUeXBlIjtzOjM6ImludCI7czoxMjoiaW5jcmVtZW50aW5nIjtiOjE7czo3OiIAKgB3aXRoIjthOjA6e31zOjEyOiIAKgB3aXRoQ291bnQiO2E6MDp7fXM6MTk6InByZXZlbnRzTGF6eUxvYWRpbmciO2I6MDtzOjEwOiIAKgBwZXJQYWdlIjtpOjE1O3M6NjoiZXhpc3RzIjtiOjE7czoxODoid2FzUmVjZW50bHlDcmVhdGVkIjtiOjA7czoyODoiACoAZXNjYXBlV2hlbkNhc3RpbmdUb1N0cmluZyI7YjowO3M6MTM6IgAqAGF0dHJpYnV0ZXMiO2E6MTk6e3M6MjoiaWQiO2k6MjA7czo2OiJub21icmUiO3M6OToiVmVuZXp1ZWxhIjtzOjExOiJjb2RpZ29faXNvMiI7czoyOiJWRSI7czoxMToiY29kaWdvX2lzbzMiO3M6MzoiVkVOIjtzOjE3OiJjb2RpZ29fdGVsZWZvbmljbyI7czozOiIrNTgiO3M6MTY6Im1vbmVkYV9wcmluY2lwYWwiO3M6MzoiVkVTIjtzOjE0OiJzaW1ib2xvX21vbmVkYSI7czoxOiIkIjtzOjE2OiJpZGlvbWFfcHJpbmNpcGFsIjtzOjI6ImVzIjtzOjEwOiJjb250aW5lbnRlIjtzOjE2OiJBbcOpcmljYSBkZWwgU3VyIjtzOjEyOiJ6b25hX2hvcmFyaWEiO3M6MTU6IkFtZXJpY2EvQ2FyYWNhcyI7czoxMzoiZm9ybWF0b19mZWNoYSI7czoxMDoiZGQvbW0veXl5eSI7czoxNDoiZm9ybWF0b19tb25lZGEiO3M6MTI6IkJzLiAxLjIzNCw1NiI7czoyMzoiaW1wdWVzdG9fcHJlZGV0ZXJtaW5hZG8iO3M6NToiMTYuMDAiO3M6MTU6InNlcGFyYWRvcl9taWxlcyI7czoxOiIuIjtzOjE5OiJzZXBhcmFkb3JfZGVjaW1hbGVzIjtzOjE6IiwiO3M6MTY6ImRlY2ltYWxlc19tb25lZGEiO2k6MjtzOjY6ImFjdGl2byI7aToxO3M6MTA6ImNyZWF0ZWRfYXQiO3M6MTk6IjIwMjUtMTEtMjYgMTA6MjA6MDIiO3M6MTA6InVwZGF0ZWRfYXQiO3M6MTk6IjIwMjUtMTEtMjYgMTA6MjA6MDIiO31zOjExOiIAKgBvcmlnaW5hbCI7YToxOTp7czoyOiJpZCI7aToyMDtzOjY6Im5vbWJyZSI7czo5OiJWZW5lenVlbGEiO3M6MTE6ImNvZGlnb19pc28yIjtzOjI6IlZFIjtzOjExOiJjb2RpZ29faXNvMyI7czozOiJWRU4iO3M6MTc6ImNvZGlnb190ZWxlZm9uaWNvIjtzOjM6Iis1OCI7czoxNjoibW9uZWRhX3ByaW5jaXBhbCI7czozOiJWRVMiO3M6MTQ6InNpbWJvbG9fbW9uZWRhIjtzOjE6IiQiO3M6MTY6ImlkaW9tYV9wcmluY2lwYWwiO3M6MjoiZXMiO3M6MTA6ImNvbnRpbmVudGUiO3M6MTY6IkFtw6lyaWNhIGRlbCBTdXIiO3M6MTI6InpvbmFfaG9yYXJpYSI7czoxNToiQW1lcmljYS9DYXJhY2FzIjtzOjEzOiJmb3JtYXRvX2ZlY2hhIjtzOjEwOiJkZC9tbS95eXl5IjtzOjE0OiJmb3JtYXRvX21vbmVkYSI7czoxMjoiQnMuIDEuMjM0LDU2IjtzOjIzOiJpbXB1ZXN0b19wcmVkZXRlcm1pbmFkbyI7czo1OiIxNi4wMCI7czoxNToic2VwYXJhZG9yX21pbGVzIjtzOjE6Ii4iO3M6MTk6InNlcGFyYWRvcl9kZWNpbWFsZXMiO3M6MToiLCI7czoxNjoiZGVjaW1hbGVzX21vbmVkYSI7aToyO3M6NjoiYWN0aXZvIjtpOjE7czoxMDoiY3JlYXRlZF9hdCI7czoxOToiMjAyNS0xMS0yNiAxMDoyMDowMiI7czoxMDoidXBkYXRlZF9hdCI7czoxOToiMjAyNS0xMS0yNiAxMDoyMDowMiI7fXM6MTA6IgAqAGNoYW5nZXMiO2E6MDp7fXM6MTE6IgAqAHByZXZpb3VzIjthOjA6e31zOjg6IgAqAGNhc3RzIjthOjM6e3M6NjoiYWN0aXZvIjtzOjc6ImJvb2xlYW4iO3M6MjM6ImltcHVlc3RvX3ByZWRldGVybWluYWRvIjtzOjk6ImRlY2ltYWw6MiI7czoxNjoiZGVjaW1hbGVzX21vbmVkYSI7czo3OiJpbnRlZ2VyIjt9czoxNzoiACoAY2xhc3NDYXN0Q2FjaGUiO2E6MDp7fXM6MjE6IgAqAGF0dHJpYnV0ZUNhc3RDYWNoZSI7YTowOnt9czoxMzoiACoAZGF0ZUZvcm1hdCI7TjtzOjEwOiIAKgBhcHBlbmRzIjthOjA6e31zOjE5OiIAKgBkaXNwYXRjaGVzRXZlbnRzIjthOjA6e31zOjE0OiIAKgBvYnNlcnZhYmxlcyI7YTowOnt9czoxMjoiACoAcmVsYXRpb25zIjthOjA6e31zOjEwOiIAKgB0b3VjaGVzIjthOjA6e31zOjI3OiIAKgByZWxhdGlvbkF1dG9sb2FkQ2FsbGJhY2siO047czoyNjoiACoAcmVsYXRpb25BdXRvbG9hZENvbnRleHQiO047czoxMDoidGltZXN0YW1wcyI7YjoxO3M6MTM6InVzZXNVbmlxdWVJZHMiO2I6MDtzOjk6IgAqAGhpZGRlbiI7YTowOnt9czoxMDoiACoAdmlzaWJsZSI7YTowOnt9czoxMToiACoAZmlsbGFibGUiO2E6MTY6e2k6MDtzOjY6Im5vbWJyZSI7aToxO3M6MTE6ImNvZGlnb19pc28yIjtpOjI7czoxMToiY29kaWdvX2lzbzMiO2k6MztzOjE3OiJjb2RpZ29fdGVsZWZvbmljbyI7aTo0O3M6MTY6Im1vbmVkYV9wcmluY2lwYWwiO2k6NTtzOjE0OiJzaW1ib2xvX21vbmVkYSI7aTo2O3M6MTY6ImlkaW9tYV9wcmluY2lwYWwiO2k6NztzOjEwOiJjb250aW5lbnRlIjtpOjg7czoxMjoiem9uYV9ob3JhcmlhIjtpOjk7czoxMzoiZm9ybWF0b19mZWNoYSI7aToxMDtzOjE0OiJmb3JtYXRvX21vbmVkYSI7aToxMTtzOjIzOiJpbXB1ZXN0b19wcmVkZXRlcm1pbmFkbyI7aToxMjtzOjE1OiJzZXBhcmFkb3JfbWlsZXMiO2k6MTM7czoxOToic2VwYXJhZG9yX2RlY2ltYWxlcyI7aToxNDtzOjE2OiJkZWNpbWFsZXNfbW9uZWRhIjtpOjE1O3M6NjoiYWN0aXZvIjt9czoxMDoiACoAZ3VhcmRlZCI7YToxOntpOjA7czoxOiIqIjt9czoxNjoiACoAb2xkQXR0cmlidXRlcyI7YTowOnt9czoyNToiZW5hYmxlTG9nZ2luZ01vZGVsc0V2ZW50cyI7YjoxO31zOjg6InRpbWV6b25lIjtzOjE1OiJBbWVyaWNhL0NhcmFjYXMiO3M6ODoiY3VycmVuY3kiO3M6MzoiVkVTIjtzOjE1OiJjdXJyZW5jeV9zeW1ib2wiO3M6MToiJCI7czoxMToiZGF0ZV9mb3JtYXQiO3M6MTA6ImRkL21tL3l5eXkiO3M6MTU6ImN1cnJlbmN5X2Zvcm1hdCI7czoxMjoiQnMuIDEuMjM0LDU2IjtzOjE3OiJkZWNpbWFsX3NlcGFyYXRvciI7czoxOiIsIjtzOjE4OiJ0aG91c2FuZF9zZXBhcmF0b3IiO3M6MToiLiI7czo4OiJkZWNpbWFscyI7aToyO3M6MTE6ImRlZmF1bHRfdGF4IjtzOjU6IjE2LjAwIjtzOjEzOiJkdWFsX2N1cnJlbmN5IjtiOjE7czoxODoic2Vjb25kYXJ5X2N1cnJlbmN5IjtzOjM6IlVTRCI7fXM6OToiX3ByZXZpb3VzIjthOjI6e3M6MzoidXJsIjtzOjQzOiJodHRwczovL2FwcC5hYmFzdG9sb3N0cmluaXMuY29tL2Zyb250L3N0b3JlIjtzOjU6InJvdXRlIjtzOjExOiJmcm9udC5zdG9yZSI7fXM6NjoiX2ZsYXNoIjthOjI6e3M6Mzoib2xkIjthOjA6e31zOjM6Im5ldyI7YTowOnt9fX0=', 1767114094);

-- --------------------------------------------------------

--
-- Estructura de tabla para la tabla `sucursales`
--

CREATE TABLE IF NOT EXISTS `sucursales` (
  `id` bigint(20) UNSIGNED NOT NULL AUTO_INCREMENT,
  `empresa_id` bigint(20) UNSIGNED NOT NULL,
  `nombre` varchar(255) NOT NULL,
  `telefono` varchar(255) DEFAULT NULL,
  `direccion` text DEFAULT NULL,
  `latitud` decimal(10,8) DEFAULT NULL,
  `longitud` decimal(11,8) DEFAULT NULL,
  `status` tinyint(1) NOT NULL DEFAULT 1,
  `created_at` timestamp NULL DEFAULT NULL,
  `updated_at` timestamp NULL DEFAULT NULL,
  PRIMARY KEY (`id`),
  KEY `sucursales_empresa_id_foreign` (`empresa_id`)
) ENGINE=InnoDB AUTO_INCREMENT=2 DEFAULT CHARSET=utf8mb4 COLLATE=utf8mb4_unicode_ci;

--
-- Truncar tablas antes de insertar `sucursales`
--

TRUNCATE TABLE `sucursales`;
--
-- Volcado de datos para la tabla `sucursales`
--

INSERT INTO `sucursales` (`id`, `empresa_id`, `nombre`, `telefono`, `direccion`, `latitud`, `longitud`, `status`, `created_at`, `updated_at`) VALUES
(1, 1, 'Sucursal Devtechvnzla C.A', '1234567890', 'Av. Principal 123', NULL, NULL, 1, '2025-11-26 14:20:02', '2025-11-26 14:20:02');

-- --------------------------------------------------------

--
-- Estructura de tabla para la tabla `template_customizations`
--

CREATE TABLE IF NOT EXISTS `template_customizations` (
  `id` bigint(20) UNSIGNED NOT NULL AUTO_INCREMENT,
  `primary_color` varchar(255) NOT NULL DEFAULT '#7367F0',
  `skin` int(11) NOT NULL DEFAULT 0,
  `theme` varchar(255) NOT NULL DEFAULT 'light',
  `semi_dark` tinyint(1) NOT NULL DEFAULT 0,
  `content_layout` varchar(255) NOT NULL DEFAULT 'compact',
  `header_type` varchar(255) NOT NULL DEFAULT 'static',
  `menu_collapsed` tinyint(1) NOT NULL DEFAULT 0,
  `navbar_type` varchar(255) NOT NULL DEFAULT 'sticky',
  `text_direction` varchar(255) NOT NULL DEFAULT 'ltr',
  `footer_fixed` tinyint(1) NOT NULL DEFAULT 0,
  `dropdown_on_hover` tinyint(1) NOT NULL DEFAULT 0,
  `layout_type` varchar(255) NOT NULL DEFAULT 'vertical',
  `created_at` timestamp NULL DEFAULT NULL,
  `updated_at` timestamp NULL DEFAULT NULL,
  PRIMARY KEY (`id`)
) ENGINE=InnoDB AUTO_INCREMENT=2 DEFAULT CHARSET=utf8mb4 COLLATE=utf8mb4_unicode_ci;

--
-- Truncar tablas antes de insertar `template_customizations`
--

TRUNCATE TABLE `template_customizations`;
--
-- Volcado de datos para la tabla `template_customizations`
--

INSERT INTO `template_customizations` (`id`, `primary_color`, `skin`, `theme`, `semi_dark`, `content_layout`, `header_type`, `menu_collapsed`, `navbar_type`, `text_direction`, `footer_fixed`, `dropdown_on_hover`, `layout_type`, `created_at`, `updated_at`) VALUES
(1, '#7367F0', 0, 'light', 1, 'compact', 'static', 0, 'sticky', 'ltr', 0, 0, 'horizontal', '2025-11-26 14:20:03', '2025-11-27 15:16:35');

-- --------------------------------------------------------

--
-- Estructura de tabla para la tabla `whatsapp_messages`
--

CREATE TABLE IF NOT EXISTS `whatsapp_messages` (
  `id` bigint(20) UNSIGNED NOT NULL AUTO_INCREMENT,
  `message_id` varchar(255) DEFAULT NULL,
  `template_id` bigint(20) UNSIGNED DEFAULT NULL,
  `recipient_phone` varchar(255) NOT NULL,
  `recipient_name` varchar(255) DEFAULT NULL,
  `message_content` text NOT NULL,
  `variables` longtext CHARACTER SET utf8mb4 COLLATE utf8mb4_bin DEFAULT NULL CHECK (json_valid(`variables`)),
  `status` enum('pending','sent','delivered','read','failed') NOT NULL DEFAULT 'pending',
  `sent_at` timestamp NULL DEFAULT NULL,
  `delivered_at` timestamp NULL DEFAULT NULL,
  `read_at` timestamp NULL DEFAULT NULL,
  `error_message` text DEFAULT NULL,
  `direction` enum('inbound','outbound') NOT NULL DEFAULT 'outbound',
  `created_by` bigint(20) UNSIGNED DEFAULT NULL,
  `cost` decimal(8,4) DEFAULT NULL,
  `metadata` longtext CHARACTER SET utf8mb4 COLLATE utf8mb4_bin DEFAULT NULL CHECK (json_valid(`metadata`)),
  `created_at` timestamp NULL DEFAULT NULL,
  `updated_at` timestamp NULL DEFAULT NULL,
  PRIMARY KEY (`id`),
  UNIQUE KEY `whatsapp_messages_message_id_unique` (`message_id`),
  KEY `whatsapp_messages_template_id_foreign` (`template_id`),
  KEY `whatsapp_messages_created_by_foreign` (`created_by`),
  KEY `whatsapp_messages_message_id_index` (`message_id`),
  KEY `whatsapp_messages_recipient_phone_index` (`recipient_phone`),
  KEY `whatsapp_messages_status_index` (`status`),
  KEY `whatsapp_messages_direction_index` (`direction`),
  KEY `whatsapp_messages_sent_at_index` (`sent_at`),
  KEY `whatsapp_messages_status_created_at_index` (`status`,`created_at`),
  KEY `whatsapp_messages_recipient_phone_created_at_index` (`recipient_phone`,`created_at`)
) ENGINE=InnoDB DEFAULT CHARSET=utf8mb4 COLLATE=utf8mb4_unicode_ci;

--
-- Truncar tablas antes de insertar `whatsapp_messages`
--

TRUNCATE TABLE `whatsapp_messages`;
-- --------------------------------------------------------

--
-- Estructura de tabla para la tabla `whatsapp_scheduled_messages`
--

CREATE TABLE IF NOT EXISTS `whatsapp_scheduled_messages` (
  `id` bigint(20) UNSIGNED NOT NULL AUTO_INCREMENT,
  `template_id` bigint(20) UNSIGNED DEFAULT NULL,
  `recipient_phone` varchar(255) NOT NULL,
  `recipient_name` varchar(255) DEFAULT NULL,
  `message_content` text NOT NULL,
  `variables` longtext CHARACTER SET utf8mb4 COLLATE utf8mb4_bin DEFAULT NULL CHECK (json_valid(`variables`)),
  `scheduled_at` timestamp NOT NULL,
  `sent_at` timestamp NULL DEFAULT NULL,
  `status` enum('pending','sent','failed','cancelled') NOT NULL DEFAULT 'pending',
  `error_message` text DEFAULT NULL,
  `attempts` int(10) UNSIGNED NOT NULL DEFAULT 0,
  `max_attempts` int(10) UNSIGNED NOT NULL DEFAULT 3,
  `created_by` bigint(20) UNSIGNED DEFAULT NULL,
  `created_at` timestamp NULL DEFAULT NULL,
  `updated_at` timestamp NULL DEFAULT NULL,
  PRIMARY KEY (`id`),
  KEY `whatsapp_scheduled_messages_template_id_foreign` (`template_id`),
  KEY `whatsapp_scheduled_messages_created_by_foreign` (`created_by`),
  KEY `whatsapp_scheduled_messages_status_index` (`status`),
  KEY `whatsapp_scheduled_messages_scheduled_at_index` (`scheduled_at`),
  KEY `whatsapp_scheduled_messages_recipient_phone_index` (`recipient_phone`),
  KEY `whatsapp_scheduled_messages_status_scheduled_at_index` (`status`,`scheduled_at`)
) ENGINE=InnoDB DEFAULT CHARSET=utf8mb4 COLLATE=utf8mb4_unicode_ci;

--
-- Truncar tablas antes de insertar `whatsapp_scheduled_messages`
--

TRUNCATE TABLE `whatsapp_scheduled_messages`;
-- --------------------------------------------------------

--
-- Estructura de tabla para la tabla `whatsapp_templates`
--

CREATE TABLE IF NOT EXISTS `whatsapp_templates` (
  `id` bigint(20) UNSIGNED NOT NULL AUTO_INCREMENT,
  `name` varchar(255) NOT NULL,
  `description` varchar(255) DEFAULT NULL,
  `content` text NOT NULL,
  `variables` longtext CHARACTER SET utf8mb4 COLLATE utf8mb4_bin DEFAULT NULL CHECK (json_valid(`variables`)),
  `category` enum('notification','reminder','marketing','transactional','other') NOT NULL DEFAULT 'other',
  `is_active` tinyint(1) NOT NULL DEFAULT 1,
  `created_by` bigint(20) UNSIGNED DEFAULT NULL,
  `usage_count` int(10) UNSIGNED NOT NULL DEFAULT 0,
  `last_used_at` timestamp NULL DEFAULT NULL,
  `created_at` timestamp NULL DEFAULT NULL,
  `updated_at` timestamp NULL DEFAULT NULL,
  PRIMARY KEY (`id`),
  UNIQUE KEY `whatsapp_templates_name_unique` (`name`),
  KEY `whatsapp_templates_created_by_foreign` (`created_by`),
  KEY `whatsapp_templates_category_index` (`category`),
  KEY `whatsapp_templates_is_active_index` (`is_active`),
  KEY `whatsapp_templates_usage_count_index` (`usage_count`)
) ENGINE=InnoDB DEFAULT CHARSET=utf8mb4 COLLATE=utf8mb4_unicode_ci;

--
-- Truncar tablas antes de insertar `whatsapp_templates`
--

TRUNCATE TABLE `whatsapp_templates`;
-- --------------------------------------------------------

--
-- Estructura de tabla para la tabla `wishlists`
--

CREATE TABLE IF NOT EXISTS `wishlists` (
  `id` bigint(20) UNSIGNED NOT NULL AUTO_INCREMENT,
  `producto_id` bigint(20) UNSIGNED NOT NULL DEFAULT 1,
  `user_id` bigint(20) UNSIGNED NOT NULL DEFAULT 1,
  `created_at` timestamp NULL DEFAULT NULL,
  `updated_at` timestamp NULL DEFAULT NULL,
  PRIMARY KEY (`id`),
  UNIQUE KEY `wishlists_user_id_producto_id_unique` (`user_id`,`producto_id`),
  KEY `wishlists_producto_id_foreign` (`producto_id`)
) ENGINE=InnoDB DEFAULT CHARSET=utf8mb4 COLLATE=utf8mb4_unicode_ci;

--
-- Truncar tablas antes de insertar `wishlists`
--

TRUNCATE TABLE `wishlists`;

--
-- Filtros para la tabla `cajas`
--
ALTER TABLE `cajas`
  ADD CONSTRAINT `cajas_empresa_id_foreign` FOREIGN KEY (`empresa_id`) REFERENCES `empresas` (`id`) ON DELETE CASCADE,
  ADD CONSTRAINT `cajas_sucursal_id_foreign` FOREIGN KEY (`sucursal_id`) REFERENCES `sucursales` (`id`) ON DELETE CASCADE,
  ADD CONSTRAINT `cajas_user_id_foreign` FOREIGN KEY (`user_id`) REFERENCES `users` (`id`) ON DELETE CASCADE;

--
-- Filtros para la tabla `categorias`
--
ALTER TABLE `categorias`
  ADD CONSTRAINT `categorias_empresa_id_foreign` FOREIGN KEY (`empresa_id`) REFERENCES `empresas` (`id`) ON DELETE CASCADE,
  ADD CONSTRAINT `categorias_sucursal_id_foreign` FOREIGN KEY (`sucursal_id`) REFERENCES `sucursales` (`id`) ON DELETE CASCADE;

--
-- Filtros para la tabla `clientes`
--
ALTER TABLE `clientes`
  ADD CONSTRAINT `clientes_empresa_id_foreign` FOREIGN KEY (`empresa_id`) REFERENCES `empresas` (`id`) ON DELETE CASCADE,
  ADD CONSTRAINT `clientes_sucursal_id_foreign` FOREIGN KEY (`sucursal_id`) REFERENCES `sucursales` (`id`) ON DELETE CASCADE;

--
-- Filtros para la tabla `detalle_pedidos`
--
ALTER TABLE `detalle_pedidos`
  ADD CONSTRAINT `detalle_pedidos_empresaid_foreign` FOREIGN KEY (`empresaId`) REFERENCES `empresas` (`id`) ON DELETE CASCADE,
  ADD CONSTRAINT `detalle_pedidos_pedidoid_foreign` FOREIGN KEY (`pedidoId`) REFERENCES `pedidos` (`id`) ON DELETE CASCADE,
  ADD CONSTRAINT `detalle_pedidos_productoid_foreign` FOREIGN KEY (`productoId`) REFERENCES `productos` (`id`) ON DELETE CASCADE,
  ADD CONSTRAINT `detalle_pedidos_userid_foreign` FOREIGN KEY (`userId`) REFERENCES `users` (`id`) ON DELETE CASCADE,
  ADD CONSTRAINT `detalle_pedidos_variant_id_foreign` FOREIGN KEY (`variant_id`) REFERENCES `producto_variants` (`id`) ON DELETE SET NULL;

--
-- Filtros para la tabla `empleados`
--
ALTER TABLE `empleados`
  ADD CONSTRAINT `empleados_empresa_id_foreign` FOREIGN KEY (`empresa_id`) REFERENCES `empresas` (`id`) ON DELETE CASCADE,
  ADD CONSTRAINT `empleados_sucursal_id_foreign` FOREIGN KEY (`sucursal_id`) REFERENCES `sucursales` (`id`) ON DELETE CASCADE,
  ADD CONSTRAINT `empleados_user_id_foreign` FOREIGN KEY (`user_id`) REFERENCES `users` (`id`) ON DELETE SET NULL;

--
-- Filtros para la tabla `empleado_pedido`
--
ALTER TABLE `empleado_pedido`
  ADD CONSTRAINT `empleado_pedido_empleadoid_foreign` FOREIGN KEY (`empleadoId`) REFERENCES `empleados` (`id`) ON DELETE CASCADE,
  ADD CONSTRAINT `empleado_pedido_pedidoid_foreign` FOREIGN KEY (`pedidoId`) REFERENCES `pedidos` (`id`) ON DELETE CASCADE;

--
-- Filtros para la tabla `historico_pedidos`
--
ALTER TABLE `historico_pedidos`
  ADD CONSTRAINT `historico_pedidos_empresaid_foreign` FOREIGN KEY (`empresaId`) REFERENCES `empresas` (`id`) ON DELETE CASCADE,
  ADD CONSTRAINT `historico_pedidos_pedidoid_foreign` FOREIGN KEY (`pedidoId`) REFERENCES `pedidos` (`id`) ON DELETE CASCADE,
  ADD CONSTRAINT `historico_pedidos_userid_foreign` FOREIGN KEY (`userId`) REFERENCES `users` (`id`) ON DELETE CASCADE;

--
-- Filtros para la tabla `images`
--
ALTER TABLE `images`
  ADD CONSTRAINT `images_empresa_id_foreign` FOREIGN KEY (`empresa_id`) REFERENCES `empresas` (`id`) ON DELETE CASCADE ON UPDATE CASCADE,
  ADD CONSTRAINT `images_producto_id_foreign` FOREIGN KEY (`producto_id`) REFERENCES `productos` (`id`) ON DELETE CASCADE ON UPDATE CASCADE;

--
-- Filtros para la tabla `inventory_movements`
--
ALTER TABLE `inventory_movements`
  ADD CONSTRAINT `inventory_movements_empresa_id_foreign` FOREIGN KEY (`empresa_id`) REFERENCES `empresas` (`id`),
  ADD CONSTRAINT `inventory_movements_producto_id_foreign` FOREIGN KEY (`producto_id`) REFERENCES `productos` (`id`) ON DELETE CASCADE,
  ADD CONSTRAINT `inventory_movements_sucursal_id_foreign` FOREIGN KEY (`sucursal_id`) REFERENCES `sucursales` (`id`),
  ADD CONSTRAINT `inventory_movements_user_id_foreign` FOREIGN KEY (`user_id`) REFERENCES `users` (`id`);

--
-- Filtros para la tabla `marcas`
--
ALTER TABLE `marcas`
  ADD CONSTRAINT `marcas_empresa_id_foreign` FOREIGN KEY (`empresa_id`) REFERENCES `empresas` (`id`) ON DELETE CASCADE,
  ADD CONSTRAINT `marcas_sucursal_id_foreign` FOREIGN KEY (`sucursal_id`) REFERENCES `sucursales` (`id`) ON DELETE CASCADE;

--
-- Filtros para la tabla `mensajes_pendientes`
--
ALTER TABLE `mensajes_pendientes`
  ADD CONSTRAINT `mensajes_pendientes_pedido_id_foreign` FOREIGN KEY (`pedido_id`) REFERENCES `pedidos` (`id`) ON DELETE CASCADE;

--
-- Filtros para la tabla `model_has_permissions`
--
ALTER TABLE `model_has_permissions`
  ADD CONSTRAINT `model_has_permissions_permission_id_foreign` FOREIGN KEY (`permission_id`) REFERENCES `permissions` (`id`) ON DELETE CASCADE;

--
-- Filtros para la tabla `model_has_roles`
--
ALTER TABLE `model_has_roles`
  ADD CONSTRAINT `model_has_roles_role_id_foreign` FOREIGN KEY (`role_id`) REFERENCES `roles` (`id`) ON DELETE CASCADE;

--
-- Filtros para la tabla `notifications`
--
ALTER TABLE `notifications`
  ADD CONSTRAINT `notifications_user_id_foreign` FOREIGN KEY (`user_id`) REFERENCES `users` (`id`) ON DELETE CASCADE;

--
-- Filtros para la tabla `pedidos`
--
ALTER TABLE `pedidos`
  ADD CONSTRAINT `pedidos_empresaid_foreign` FOREIGN KEY (`empresaId`) REFERENCES `empresas` (`id`) ON DELETE CASCADE,
  ADD CONSTRAINT `pedidos_userid_foreign` FOREIGN KEY (`userId`) REFERENCES `users` (`id`) ON DELETE CASCADE;

--
-- Filtros para la tabla `pedido_historial`
--
ALTER TABLE `pedido_historial`
  ADD CONSTRAINT `pedido_historial_pedido_id_foreign` FOREIGN KEY (`pedido_id`) REFERENCES `pedidos` (`id`) ON DELETE CASCADE,
  ADD CONSTRAINT `pedido_historial_usuario_id_foreign` FOREIGN KEY (`usuario_id`) REFERENCES `users` (`id`) ON DELETE SET NULL;

--
-- Filtros para la tabla `pedido_pago`
--
ALTER TABLE `pedido_pago`
  ADD CONSTRAINT `pedido_pago_caja_id_foreign` FOREIGN KEY (`caja_id`) REFERENCES `cajas` (`id`) ON DELETE SET NULL,
  ADD CONSTRAINT `pedido_pago_empresaid_foreign` FOREIGN KEY (`empresaId`) REFERENCES `empresas` (`id`) ON DELETE CASCADE,
  ADD CONSTRAINT `pedido_pago_pedidoid_foreign` FOREIGN KEY (`pedidoId`) REFERENCES `pedidos` (`id`) ON DELETE CASCADE,
  ADD CONSTRAINT `pedido_pago_userid_foreign` FOREIGN KEY (`userId`) REFERENCES `users` (`id`) ON DELETE CASCADE;

--
-- Filtros para la tabla `productos`
--
ALTER TABLE `productos`
  ADD CONSTRAINT `productos_categoria_id_foreign` FOREIGN KEY (`categoria_id`) REFERENCES `categorias` (`id`) ON DELETE CASCADE,
  ADD CONSTRAINT `productos_empresa_id_foreign` FOREIGN KEY (`empresa_id`) REFERENCES `empresas` (`id`) ON DELETE CASCADE,
  ADD CONSTRAINT `productos_marca_id_foreign` FOREIGN KEY (`marca_id`) REFERENCES `marcas` (`id`) ON DELETE CASCADE,
  ADD CONSTRAINT `productos_sucursal_id_foreign` FOREIGN KEY (`sucursal_id`) REFERENCES `sucursales` (`id`) ON DELETE SET NULL;

--
-- Filtros para la tabla `producto_inventory_settings`
--
ALTER TABLE `producto_inventory_settings`
  ADD CONSTRAINT `producto_inventory_settings_empresa_id_foreign` FOREIGN KEY (`empresa_id`) REFERENCES `empresas` (`id`) ON DELETE CASCADE ON UPDATE CASCADE,
  ADD CONSTRAINT `producto_inventory_settings_producto_id_foreign` FOREIGN KEY (`producto_id`) REFERENCES `productos` (`id`) ON DELETE CASCADE ON UPDATE CASCADE;

--
-- Filtros para la tabla `producto_seo`
--
ALTER TABLE `producto_seo`
  ADD CONSTRAINT `producto_seo_empresa_id_foreign` FOREIGN KEY (`empresa_id`) REFERENCES `empresas` (`id`) ON DELETE CASCADE ON UPDATE CASCADE,
  ADD CONSTRAINT `producto_seo_producto_id_foreign` FOREIGN KEY (`producto_id`) REFERENCES `productos` (`id`) ON DELETE CASCADE ON UPDATE CASCADE;

--
-- Filtros para la tabla `producto_variants`
--
ALTER TABLE `producto_variants`
  ADD CONSTRAINT `producto_variants_empresa_id_foreign` FOREIGN KEY (`empresa_id`) REFERENCES `empresas` (`id`) ON DELETE CASCADE ON UPDATE CASCADE,
  ADD CONSTRAINT `producto_variants_producto_id_foreign` FOREIGN KEY (`producto_id`) REFERENCES `productos` (`id`) ON DELETE CASCADE ON UPDATE CASCADE;

--
-- Filtros para la tabla `product_reviews`
--
ALTER TABLE `product_reviews`
  ADD CONSTRAINT `product_reviews_producto_id_foreign` FOREIGN KEY (`producto_id`) REFERENCES `productos` (`id`) ON DELETE CASCADE,
  ADD CONSTRAINT `product_reviews_user_id_foreign` FOREIGN KEY (`user_id`) REFERENCES `users` (`id`) ON DELETE CASCADE;

--
-- Filtros para la tabla `referencias_bancarias`
--
ALTER TABLE `referencias_bancarias`
  ADD CONSTRAINT `referencias_bancarias_banco_id_foreign` FOREIGN KEY (`banco_id`) REFERENCES `bancos` (`id`),
  ADD CONSTRAINT `referencias_bancarias_pedido_id_foreign` FOREIGN KEY (`pedido_id`) REFERENCES `pedidos` (`id`) ON DELETE CASCADE;

--
-- Filtros para la tabla `resenas`
--
ALTER TABLE `resenas`
  ADD CONSTRAINT `resenas_pedido_id_foreign` FOREIGN KEY (`pedido_id`) REFERENCES `pedidos` (`id`) ON DELETE CASCADE,
  ADD CONSTRAINT `resenas_producto_id_foreign` FOREIGN KEY (`producto_id`) REFERENCES `productos` (`id`) ON DELETE CASCADE,
  ADD CONSTRAINT `resenas_user_id_foreign` FOREIGN KEY (`user_id`) REFERENCES `users` (`id`) ON DELETE CASCADE;

--
-- Filtros para la tabla `reunions`
--
ALTER TABLE `reunions`
  ADD CONSTRAINT `reunions_creado_por_foreign` FOREIGN KEY (`creado_por`) REFERENCES `users` (`id`) ON DELETE CASCADE,
  ADD CONSTRAINT `reunions_empresa_id_foreign` FOREIGN KEY (`empresa_id`) REFERENCES `empresas` (`id`) ON DELETE CASCADE,
  ADD CONSTRAINT `reunions_sucursal_id_foreign` FOREIGN KEY (`sucursal_id`) REFERENCES `sucursales` (`id`) ON DELETE CASCADE;

--
-- Filtros para la tabla `reviews`
--
ALTER TABLE `reviews`
  ADD CONSTRAINT `reviews_empresa_id_foreign` FOREIGN KEY (`empresa_id`) REFERENCES `empresas` (`id`) ON DELETE CASCADE,
  ADD CONSTRAINT `reviews_producto_id_foreign` FOREIGN KEY (`producto_id`) REFERENCES `productos` (`id`) ON DELETE CASCADE,
  ADD CONSTRAINT `reviews_user_id_foreign` FOREIGN KEY (`user_id`) REFERENCES `users` (`id`) ON DELETE CASCADE;

--
-- Filtros para la tabla `role_has_permissions`
--
ALTER TABLE `role_has_permissions`
  ADD CONSTRAINT `role_has_permissions_permission_id_foreign` FOREIGN KEY (`permission_id`) REFERENCES `permissions` (`id`) ON DELETE CASCADE,
  ADD CONSTRAINT `role_has_permissions_role_id_foreign` FOREIGN KEY (`role_id`) REFERENCES `roles` (`id`) ON DELETE CASCADE;

--
-- Filtros para la tabla `series`
--
ALTER TABLE `series`
  ADD CONSTRAINT `series_empresa_id_foreign` FOREIGN KEY (`empresa_id`) REFERENCES `empresas` (`id`) ON DELETE CASCADE,
  ADD CONSTRAINT `series_sucursal_id_foreign` FOREIGN KEY (`sucursal_id`) REFERENCES `sucursales` (`id`) ON DELETE CASCADE;

--
-- Filtros para la tabla `sucursales`
--
ALTER TABLE `sucursales`
  ADD CONSTRAINT `sucursales_empresa_id_foreign` FOREIGN KEY (`empresa_id`) REFERENCES `empresas` (`id`) ON DELETE CASCADE;

--
-- Filtros para la tabla `whatsapp_messages`
--
ALTER TABLE `whatsapp_messages`
  ADD CONSTRAINT `whatsapp_messages_created_by_foreign` FOREIGN KEY (`created_by`) REFERENCES `users` (`id`) ON DELETE SET NULL,
  ADD CONSTRAINT `whatsapp_messages_template_id_foreign` FOREIGN KEY (`template_id`) REFERENCES `whatsapp_templates` (`id`) ON DELETE SET NULL;

--
-- Filtros para la tabla `whatsapp_scheduled_messages`
--
ALTER TABLE `whatsapp_scheduled_messages`
  ADD CONSTRAINT `whatsapp_scheduled_messages_created_by_foreign` FOREIGN KEY (`created_by`) REFERENCES `users` (`id`) ON DELETE SET NULL,
  ADD CONSTRAINT `whatsapp_scheduled_messages_template_id_foreign` FOREIGN KEY (`template_id`) REFERENCES `whatsapp_templates` (`id`) ON DELETE SET NULL;

--
-- Filtros para la tabla `whatsapp_templates`
--
ALTER TABLE `whatsapp_templates`
  ADD CONSTRAINT `whatsapp_templates_created_by_foreign` FOREIGN KEY (`created_by`) REFERENCES `users` (`id`) ON DELETE SET NULL;

--
-- Filtros para la tabla `wishlists`
--
ALTER TABLE `wishlists`
  ADD CONSTRAINT `wishlists_producto_id_foreign` FOREIGN KEY (`producto_id`) REFERENCES `productos` (`id`) ON DELETE CASCADE ON UPDATE CASCADE,
  ADD CONSTRAINT `wishlists_user_id_foreign` FOREIGN KEY (`user_id`) REFERENCES `users` (`id`) ON DELETE CASCADE ON UPDATE CASCADE;
COMMIT;

